Results for 2.96 20000505 (experimental) testsuite on powerpc-redhat-linux-gnu
Franz Sirl
fsirl@entropy.crashing.org
Fri May 5 13:25:00 GMT 2000
Environment:
binutils-2.9.5.0.37
glibc-2.1.3
linux-2.2.15pre20
Patches:
http://gcc.gnu.org/ml/gcc-patches/1999-11n/msg00616.html
Native configuration is powerpc-redhat-linux-gnu
=== libio tests ===
Running target unix/-O2
=== libio Summary for unix/-O2 ===
# of expected passes 40
Running target unix/-fpic
=== libio Summary for unix/-fpic ===
# of expected passes 40
Running target unix/-fPIC
=== libio Summary for unix/-fPIC ===
# of expected passes 40
Running target unix
=== libio Summary for unix ===
# of expected passes 40
=== libio Summary ===
# of expected passes 160
=== libstdc++ tests ===
Running target unix/-O2
=== libstdc++ Summary for unix/-O2 ===
# of expected passes 30
Running target unix/-fpic
=== libstdc++ Summary for unix/-fpic ===
# of expected passes 30
Running target unix/-fPIC
=== libstdc++ Summary for unix/-fPIC ===
# of expected passes 30
Running target unix
=== libstdc++ Summary for unix ===
# of expected passes 30
=== libstdc++ Summary ===
# of expected passes 120
=== gcc tests ===
Running target unix/-O2
FAIL: gcc.c-torture/execute/20000225-1.c execution, -O0
FAIL: gcc.c-torture/execute/20000225-1.c execution, -O1
FAIL: gcc.c-torture/execute/20000225-1.c execution, -O2
FAIL: gcc.c-torture/execute/20000225-1.c execution, -O3 -fomit-frame-pointer
FAIL: gcc.c-torture/execute/20000225-1.c execution, -O3 -fomit-frame-pointer -funroll-loops
FAIL: gcc.c-torture/execute/20000225-1.c execution, -O3 -fomit-frame-pointer -funroll-all-loops -finline-functions
FAIL: gcc.c-torture/execute/20000225-1.c execution, -O3 -g
FAIL: gcc.c-torture/execute/20000225-1.c execution, -Os
FAIL: gcc.c-torture/execute/20000412-2.c execution, -O0
FAIL: gcc.c-torture/execute/20000412-2.c execution, -O1
FAIL: gcc.c-torture/execute/20000412-2.c execution, -O2
FAIL: gcc.c-torture/execute/20000412-2.c execution, -O3 -fomit-frame-pointer
FAIL: gcc.c-torture/execute/20000412-2.c execution, -O3 -g
FAIL: gcc.c-torture/execute/20000412-2.c execution, -Os
FAIL: gcc.c-torture/execute/991221-1.c execution, -O0
FAIL: gcc.c-torture/execute/991221-1.c execution, -O1
FAIL: gcc.c-torture/execute/991221-1.c execution, -O2
FAIL: gcc.c-torture/execute/991221-1.c execution, -O3 -fomit-frame-pointer
FAIL: gcc.c-torture/execute/991221-1.c execution, -O3 -g
FAIL: gcc.c-torture/execute/991221-1.c execution, -Os
FAIL: gcc.c-torture/execute/conversion.c compilation, -O0
FAIL: gcc.c-torture/execute/conversion.c compilation, -O1
FAIL: gcc.c-torture/execute/conversion.c compilation, -O2
FAIL: gcc.c-torture/execute/conversion.c compilation, -O3 -fomit-frame-pointer
FAIL: gcc.c-torture/execute/conversion.c compilation, -O3 -g
FAIL: gcc.c-torture/execute/conversion.c compilation, -Os
FAIL: gcc.c-torture/execute/cvt-1.c compilation, -O0
FAIL: gcc.c-torture/execute/cvt-1.c compilation, -O1
FAIL: gcc.c-torture/execute/cvt-1.c compilation, -O2
FAIL: gcc.c-torture/execute/cvt-1.c compilation, -O3 -fomit-frame-pointer
FAIL: gcc.c-torture/execute/cvt-1.c compilation, -O3 -g
FAIL: gcc.c-torture/execute/cvt-1.c compilation, -Os
FAIL: gcc.c-torture/execute/gofast.c compilation, -O0
FAIL: gcc.c-torture/execute/gofast.c compilation, -O1
FAIL: gcc.c-torture/execute/gofast.c compilation, -O2
FAIL: gcc.c-torture/execute/gofast.c compilation, -O3 -fomit-frame-pointer
FAIL: gcc.c-torture/execute/gofast.c compilation, -O3 -g
FAIL: gcc.c-torture/execute/gofast.c compilation, -Os
FAIL: gcc.c-torture/noncompile/920616-2.c
FAIL: gcc.c-torture/noncompile/920616-2.c
FAIL: gcc.c-torture/noncompile/920616-2.c
FAIL: gcc.c-torture/noncompile/920616-2.c
FAIL: gcc.c-torture/noncompile/920616-2.c
FAIL: gcc.c-torture/noncompile/920616-2.c
FAIL: gcc.c-torture/noncompile/920616-2.c
FAIL: gcc.c-torture/noncompile/920616-2.c
FAIL: gcc.c-torture/noncompile/921116-1.c
FAIL: gcc.c-torture/noncompile/921116-1.c
FAIL: gcc.c-torture/noncompile/921116-1.c
FAIL: gcc.c-torture/noncompile/921116-1.c
FAIL: gcc.c-torture/noncompile/921116-1.c
FAIL: gcc.c-torture/noncompile/921116-1.c
FAIL: gcc.c-torture/noncompile/921116-1.c
FAIL: gcc.c-torture/noncompile/921116-1.c
FAIL: gcc.c-torture/unsorted/conv.c, -O0
FAIL: gcc.c-torture/unsorted/conv.c, -O1
FAIL: gcc.c-torture/unsorted/conv.c, -O2
FAIL: gcc.c-torture/unsorted/conv.c, -O3 -fomit-frame-pointer
FAIL: gcc.c-torture/unsorted/conv.c, -O3 -g
FAIL: gcc.c-torture/unsorted/conv.c, -Os
FAIL: gcc.c-torture/unsorted/conv_tst.c, -O0
FAIL: gcc.c-torture/unsorted/conv_tst.c, -O1
FAIL: gcc.c-torture/unsorted/conv_tst.c, -O2
FAIL: gcc.c-torture/unsorted/conv_tst.c, -O3 -fomit-frame-pointer
FAIL: gcc.c-torture/unsorted/conv_tst.c, -O3 -g
FAIL: gcc.c-torture/unsorted/conv_tst.c, -Os
FAIL: gcc.c-torture/unsorted/udconvert.c, -O0
FAIL: gcc.c-torture/unsorted/udconvert.c, -O1
FAIL: gcc.c-torture/unsorted/udconvert.c, -O2
FAIL: gcc.c-torture/unsorted/udconvert.c, -O3 -fomit-frame-pointer
FAIL: gcc.c-torture/unsorted/udconvert.c, -O3 -g
FAIL: gcc.c-torture/unsorted/udconvert.c, -Os
FAIL: gcc.dg/compare2.c case 10 (test for bogus messages, line 29)
FAIL: gcc.dg/compare2.c case 12 (test for bogus messages, line 33)
FAIL: gcc.dg/conv-1.c (test for excess errors)
=== gcc Summary for unix/-O2 ===
# of expected passes 9760
# of unexpected failures 75
# of expected failures 31
# of unresolved testcases 18
# of unsupported tests 29
Running target unix/-fpic
FAIL: gcc.c-torture/execute/20000225-1.c execution, -O2
FAIL: gcc.c-torture/execute/20000225-1.c execution, -O3 -fomit-frame-pointer
FAIL: gcc.c-torture/execute/20000225-1.c execution, -O3 -fomit-frame-pointer -funroll-loops
FAIL: gcc.c-torture/execute/20000225-1.c execution, -O3 -fomit-frame-pointer -funroll-all-loops -finline-functions
FAIL: gcc.c-torture/execute/20000225-1.c execution, -O3 -g
FAIL: gcc.c-torture/execute/20000225-1.c execution, -Os
FAIL: gcc.c-torture/execute/20000412-2.c execution, -O2
FAIL: gcc.c-torture/execute/20000412-2.c execution, -O3 -fomit-frame-pointer
FAIL: gcc.c-torture/execute/20000412-2.c execution, -O3 -g
FAIL: gcc.c-torture/execute/20000412-2.c execution, -Os
FAIL: gcc.c-torture/execute/991221-1.c execution, -O1
FAIL: gcc.c-torture/execute/991221-1.c execution, -O2
FAIL: gcc.c-torture/execute/991221-1.c execution, -O3 -fomit-frame-pointer
FAIL: gcc.c-torture/execute/991221-1.c execution, -O3 -g
FAIL: gcc.c-torture/execute/991221-1.c execution, -Os
FAIL: gcc.c-torture/execute/conversion.c compilation, -O1
FAIL: gcc.c-torture/execute/conversion.c compilation, -O2
FAIL: gcc.c-torture/execute/conversion.c compilation, -O3 -fomit-frame-pointer
FAIL: gcc.c-torture/execute/conversion.c compilation, -O3 -g
FAIL: gcc.c-torture/execute/conversion.c compilation, -Os
FAIL: gcc.c-torture/execute/cvt-1.c compilation, -O1
FAIL: gcc.c-torture/execute/cvt-1.c compilation, -O2
FAIL: gcc.c-torture/execute/cvt-1.c compilation, -Os
FAIL: gcc.c-torture/execute/gofast.c compilation, -O1
FAIL: gcc.c-torture/execute/gofast.c compilation, -O2
FAIL: gcc.c-torture/execute/gofast.c compilation, -O3 -fomit-frame-pointer
FAIL: gcc.c-torture/execute/gofast.c compilation, -O3 -g
FAIL: gcc.c-torture/execute/gofast.c compilation, -Os
FAIL: gcc.c-torture/noncompile/920616-2.c
FAIL: gcc.c-torture/noncompile/920616-2.c
FAIL: gcc.c-torture/noncompile/920616-2.c
FAIL: gcc.c-torture/noncompile/920616-2.c
FAIL: gcc.c-torture/noncompile/920616-2.c
FAIL: gcc.c-torture/noncompile/920616-2.c
FAIL: gcc.c-torture/noncompile/920616-2.c
FAIL: gcc.c-torture/noncompile/920616-2.c
FAIL: gcc.c-torture/noncompile/921116-1.c
FAIL: gcc.c-torture/noncompile/921116-1.c
FAIL: gcc.c-torture/noncompile/921116-1.c
FAIL: gcc.c-torture/noncompile/921116-1.c
FAIL: gcc.c-torture/noncompile/921116-1.c
FAIL: gcc.c-torture/noncompile/921116-1.c
FAIL: gcc.c-torture/noncompile/921116-1.c
FAIL: gcc.c-torture/noncompile/921116-1.c
FAIL: gcc.c-torture/unsorted/conv.c, -O1
FAIL: gcc.c-torture/unsorted/conv.c, -O2
FAIL: gcc.c-torture/unsorted/conv.c, -O3 -fomit-frame-pointer
FAIL: gcc.c-torture/unsorted/conv.c, -O3 -g
FAIL: gcc.c-torture/unsorted/conv.c, -Os
FAIL: gcc.c-torture/unsorted/conv_tst.c, -O1
FAIL: gcc.c-torture/unsorted/conv_tst.c, -O2
FAIL: gcc.c-torture/unsorted/conv_tst.c, -O3 -fomit-frame-pointer
FAIL: gcc.c-torture/unsorted/conv_tst.c, -O3 -g
FAIL: gcc.c-torture/unsorted/conv_tst.c, -Os
FAIL: gcc.c-torture/unsorted/udconvert.c, -O1
FAIL: gcc.c-torture/unsorted/udconvert.c, -O2
FAIL: gcc.c-torture/unsorted/udconvert.c, -O3 -fomit-frame-pointer
FAIL: gcc.c-torture/unsorted/udconvert.c, -O3 -g
FAIL: gcc.c-torture/unsorted/udconvert.c, -Os
FAIL: gcc.dg/compare2.c case 10 (test for bogus messages, line 29)
FAIL: gcc.dg/compare2.c case 12 (test for bogus messages, line 33)
=== gcc Summary for unix/-fpic ===
# of expected passes 9779
# of unexpected failures 61
# of expected failures 31
# of unresolved testcases 13
# of unsupported tests 29
Running target unix/-fPIC
FAIL: gcc.c-torture/compile/20000105-2.c, -O0
FAIL: gcc.c-torture/compile/20000105-2.c, -O1
FAIL: gcc.c-torture/compile/20000105-2.c, -O2
FAIL: gcc.c-torture/compile/20000105-2.c, -O3 -fomit-frame-pointer
FAIL: gcc.c-torture/compile/20000105-2.c, -O3 -g
FAIL: gcc.c-torture/compile/20000105-2.c, -Os
FAIL: gcc.c-torture/execute/20000225-1.c execution, -O2
FAIL: gcc.c-torture/execute/20000225-1.c execution, -O3 -fomit-frame-pointer
FAIL: gcc.c-torture/execute/20000225-1.c execution, -O3 -fomit-frame-pointer -funroll-loops
FAIL: gcc.c-torture/execute/20000225-1.c execution, -O3 -fomit-frame-pointer -funroll-all-loops -finline-functions
FAIL: gcc.c-torture/execute/20000225-1.c execution, -O3 -g
FAIL: gcc.c-torture/execute/20000225-1.c execution, -Os
FAIL: gcc.c-torture/execute/20000412-2.c execution, -O2
FAIL: gcc.c-torture/execute/20000412-2.c execution, -O3 -fomit-frame-pointer
FAIL: gcc.c-torture/execute/20000412-2.c execution, -O3 -g
FAIL: gcc.c-torture/execute/20000412-2.c execution, -Os
FAIL: gcc.c-torture/execute/991221-1.c execution, -O1
FAIL: gcc.c-torture/execute/991221-1.c execution, -O2
FAIL: gcc.c-torture/execute/991221-1.c execution, -O3 -fomit-frame-pointer
FAIL: gcc.c-torture/execute/991221-1.c execution, -O3 -g
FAIL: gcc.c-torture/execute/991221-1.c execution, -Os
FAIL: gcc.c-torture/execute/conversion.c compilation, -O1
FAIL: gcc.c-torture/execute/conversion.c compilation, -O2
FAIL: gcc.c-torture/execute/conversion.c compilation, -O3 -fomit-frame-pointer
FAIL: gcc.c-torture/execute/conversion.c compilation, -O3 -g
FAIL: gcc.c-torture/execute/conversion.c compilation, -Os
FAIL: gcc.c-torture/execute/cvt-1.c compilation, -O1
FAIL: gcc.c-torture/execute/cvt-1.c compilation, -O2
FAIL: gcc.c-torture/execute/cvt-1.c compilation, -Os
FAIL: gcc.c-torture/execute/gofast.c compilation, -O1
FAIL: gcc.c-torture/execute/gofast.c compilation, -O2
FAIL: gcc.c-torture/execute/gofast.c compilation, -O3 -fomit-frame-pointer
FAIL: gcc.c-torture/execute/gofast.c compilation, -O3 -g
FAIL: gcc.c-torture/execute/gofast.c compilation, -Os
FAIL: gcc.c-torture/noncompile/920616-2.c
FAIL: gcc.c-torture/noncompile/920616-2.c
FAIL: gcc.c-torture/noncompile/920616-2.c
FAIL: gcc.c-torture/noncompile/920616-2.c
FAIL: gcc.c-torture/noncompile/920616-2.c
FAIL: gcc.c-torture/noncompile/920616-2.c
FAIL: gcc.c-torture/noncompile/920616-2.c
FAIL: gcc.c-torture/noncompile/920616-2.c
FAIL: gcc.c-torture/noncompile/921116-1.c
FAIL: gcc.c-torture/noncompile/921116-1.c
FAIL: gcc.c-torture/noncompile/921116-1.c
FAIL: gcc.c-torture/noncompile/921116-1.c
FAIL: gcc.c-torture/noncompile/921116-1.c
FAIL: gcc.c-torture/noncompile/921116-1.c
FAIL: gcc.c-torture/noncompile/921116-1.c
FAIL: gcc.c-torture/noncompile/921116-1.c
FAIL: gcc.c-torture/unsorted/conv.c, -O1
FAIL: gcc.c-torture/unsorted/conv.c, -O2
FAIL: gcc.c-torture/unsorted/conv.c, -O3 -fomit-frame-pointer
FAIL: gcc.c-torture/unsorted/conv.c, -O3 -g
FAIL: gcc.c-torture/unsorted/conv.c, -Os
FAIL: gcc.c-torture/unsorted/conv_tst.c, -O1
FAIL: gcc.c-torture/unsorted/conv_tst.c, -O2
FAIL: gcc.c-torture/unsorted/conv_tst.c, -O3 -fomit-frame-pointer
FAIL: gcc.c-torture/unsorted/conv_tst.c, -O3 -g
FAIL: gcc.c-torture/unsorted/conv_tst.c, -Os
FAIL: gcc.c-torture/unsorted/udconvert.c, -O1
FAIL: gcc.c-torture/unsorted/udconvert.c, -O2
FAIL: gcc.c-torture/unsorted/udconvert.c, -O3 -fomit-frame-pointer
FAIL: gcc.c-torture/unsorted/udconvert.c, -O3 -g
FAIL: gcc.c-torture/unsorted/udconvert.c, -Os
FAIL: gcc.dg/compare2.c case 10 (test for bogus messages, line 29)
FAIL: gcc.dg/compare2.c case 12 (test for bogus messages, line 33)
=== gcc Summary for unix/-fPIC ===
# of expected passes 9773
# of unexpected failures 67
# of expected failures 31
# of unresolved testcases 13
# of unsupported tests 29
Running target unix
FAIL: gcc.c-torture/execute/20000225-1.c execution, -O2
FAIL: gcc.c-torture/execute/20000225-1.c execution, -O3 -fomit-frame-pointer
FAIL: gcc.c-torture/execute/20000225-1.c execution, -O3 -fomit-frame-pointer -funroll-loops
FAIL: gcc.c-torture/execute/20000225-1.c execution, -O3 -fomit-frame-pointer -funroll-all-loops -finline-functions
FAIL: gcc.c-torture/execute/20000225-1.c execution, -O3 -g
FAIL: gcc.c-torture/execute/20000225-1.c execution, -Os
FAIL: gcc.c-torture/execute/20000412-2.c execution, -O2
FAIL: gcc.c-torture/execute/20000412-2.c execution, -O3 -fomit-frame-pointer
FAIL: gcc.c-torture/execute/20000412-2.c execution, -O3 -g
FAIL: gcc.c-torture/execute/20000412-2.c execution, -Os
FAIL: gcc.c-torture/execute/991221-1.c execution, -O1
FAIL: gcc.c-torture/execute/991221-1.c execution, -O2
FAIL: gcc.c-torture/execute/991221-1.c execution, -O3 -fomit-frame-pointer
FAIL: gcc.c-torture/execute/991221-1.c execution, -O3 -g
FAIL: gcc.c-torture/execute/991221-1.c execution, -Os
FAIL: gcc.c-torture/execute/conversion.c compilation, -O1
FAIL: gcc.c-torture/execute/conversion.c compilation, -O2
FAIL: gcc.c-torture/execute/conversion.c compilation, -O3 -fomit-frame-pointer
FAIL: gcc.c-torture/execute/conversion.c compilation, -O3 -g
FAIL: gcc.c-torture/execute/conversion.c compilation, -Os
FAIL: gcc.c-torture/execute/cvt-1.c compilation, -O1
FAIL: gcc.c-torture/execute/cvt-1.c compilation, -O2
FAIL: gcc.c-torture/execute/cvt-1.c compilation, -Os
FAIL: gcc.c-torture/execute/gofast.c compilation, -O1
FAIL: gcc.c-torture/execute/gofast.c compilation, -O2
FAIL: gcc.c-torture/execute/gofast.c compilation, -O3 -fomit-frame-pointer
FAIL: gcc.c-torture/execute/gofast.c compilation, -O3 -g
FAIL: gcc.c-torture/execute/gofast.c compilation, -Os
FAIL: gcc.c-torture/noncompile/920616-2.c
FAIL: gcc.c-torture/noncompile/920616-2.c
FAIL: gcc.c-torture/noncompile/920616-2.c
FAIL: gcc.c-torture/noncompile/920616-2.c
FAIL: gcc.c-torture/noncompile/920616-2.c
FAIL: gcc.c-torture/noncompile/920616-2.c
FAIL: gcc.c-torture/noncompile/920616-2.c
FAIL: gcc.c-torture/noncompile/920616-2.c
FAIL: gcc.c-torture/noncompile/921116-1.c
FAIL: gcc.c-torture/noncompile/921116-1.c
FAIL: gcc.c-torture/noncompile/921116-1.c
FAIL: gcc.c-torture/noncompile/921116-1.c
FAIL: gcc.c-torture/noncompile/921116-1.c
FAIL: gcc.c-torture/noncompile/921116-1.c
FAIL: gcc.c-torture/noncompile/921116-1.c
FAIL: gcc.c-torture/noncompile/921116-1.c
FAIL: gcc.c-torture/unsorted/conv.c, -O1
FAIL: gcc.c-torture/unsorted/conv.c, -O2
FAIL: gcc.c-torture/unsorted/conv.c, -O3 -fomit-frame-pointer
FAIL: gcc.c-torture/unsorted/conv.c, -O3 -g
FAIL: gcc.c-torture/unsorted/conv.c, -Os
FAIL: gcc.c-torture/unsorted/conv_tst.c, -O1
FAIL: gcc.c-torture/unsorted/conv_tst.c, -O2
FAIL: gcc.c-torture/unsorted/conv_tst.c, -O3 -fomit-frame-pointer
FAIL: gcc.c-torture/unsorted/conv_tst.c, -O3 -g
FAIL: gcc.c-torture/unsorted/conv_tst.c, -Os
FAIL: gcc.c-torture/unsorted/udconvert.c, -O1
FAIL: gcc.c-torture/unsorted/udconvert.c, -O2
FAIL: gcc.c-torture/unsorted/udconvert.c, -O3 -fomit-frame-pointer
FAIL: gcc.c-torture/unsorted/udconvert.c, -O3 -g
FAIL: gcc.c-torture/unsorted/udconvert.c, -Os
FAIL: gcc.dg/compare2.c case 10 (test for bogus messages, line 29)
FAIL: gcc.dg/compare2.c case 12 (test for bogus messages, line 33)
=== gcc Summary for unix ===
# of expected passes 9779
# of unexpected failures 61
# of expected failures 31
# of unresolved testcases 13
# of unsupported tests 29
=== gcc Summary ===
# of expected passes 39091
# of unexpected failures 264
# of expected failures 124
# of unresolved testcases 57
# of unsupported tests 116
/scratch/fsirl/obj/gccm/gcc/xgcc version 2.96 20000505 (experimental)
=== g++ tests ===
Running target unix/-O2
XPASS: g++.jason/template18.C (test for excess errors)
XPASS: g++.jason/template18.C Execution test
FAIL: g++.mike/warn5.C caused compiler crash
FAIL: g++.oliva/template7.C caused compiler crash
=== g++ Summary for unix/-O2 ===
# of expected passes 5827
# of unexpected failures 2
# of unexpected successes 2
# of expected failures 90
# of untested testcases 18
Running target unix/-fpic
FAIL: g++.oliva/template7.C caused compiler crash
=== g++ Summary for unix/-fpic ===
# of expected passes 5831
# of unexpected failures 1
# of expected failures 92
# of untested testcases 18
Running target unix/-fPIC
FAIL: g++.oliva/template7.C caused compiler crash
=== g++ Summary for unix/-fPIC ===
# of expected passes 5831
# of unexpected failures 1
# of expected failures 92
# of untested testcases 18
Running target unix
FAIL: g++.oliva/template7.C caused compiler crash
=== g++ Summary for unix ===
# of expected passes 5831
# of unexpected failures 1
# of expected failures 92
# of untested testcases 18
=== g++ Summary ===
# of expected passes 23320
# of unexpected failures 5
# of unexpected successes 2
# of expected failures 366
# of untested testcases 72
/scratch/fsirl/obj/gccm/gcc/testsuite/../g++ version 2.96 20000505 (experimental)
=== g77 tests ===
Running target unix/-O2
FAIL: g77.f-torture/execute/19990325-0.f compilation, -O0
FAIL: g77.f-torture/execute/19990325-0.f compilation, -O1
FAIL: g77.f-torture/execute/19990325-0.f compilation, -O2
FAIL: g77.f-torture/execute/19990325-0.f compilation, -O2 -fomit-frame-pointer -finline-functions
FAIL: g77.f-torture/execute/19990325-0.f compilation, -Os
FAIL: g77.f-torture/execute/19990325-1.f compilation, -O0
FAIL: g77.f-torture/execute/19990325-1.f compilation, -O1
FAIL: g77.f-torture/execute/19990325-1.f compilation, -O2
FAIL: g77.f-torture/execute/19990325-1.f compilation, -O2 -fomit-frame-pointer -finline-functions
FAIL: g77.f-torture/execute/19990325-1.f compilation, -Os
FAIL: g77.f-torture/execute/u77-test.f execution, -O0
FAIL: g77.f-torture/execute/u77-test.f execution, -O1
FAIL: g77.f-torture/execute/u77-test.f execution, -O2
FAIL: g77.f-torture/execute/u77-test.f execution, -O2 -fomit-frame-pointer -finline-functions
FAIL: g77.f-torture/execute/u77-test.f execution, -O2 -fomit-frame-pointer -finline-functions -funroll-loops
FAIL: g77.f-torture/execute/u77-test.f execution, -O2 -fomit-frame-pointer -finline-functions -funroll-all-loops
FAIL: g77.f-torture/execute/u77-test.f execution, -Os
=== g77 Summary for unix/-O2 ===
# of expected passes 642
# of unexpected failures 17
# of untested testcases 10
Running target unix/-fpic
FAIL: g77.f-torture/execute/19990325-0.f compilation, -O0
FAIL: g77.f-torture/execute/19990325-0.f compilation, -O1
FAIL: g77.f-torture/execute/19990325-0.f compilation, -O2
FAIL: g77.f-torture/execute/19990325-0.f compilation, -O2 -fomit-frame-pointer -finline-functions
FAIL: g77.f-torture/execute/19990325-0.f compilation, -Os
FAIL: g77.f-torture/execute/19990325-1.f compilation, -O0
FAIL: g77.f-torture/execute/19990325-1.f compilation, -O1
FAIL: g77.f-torture/execute/19990325-1.f compilation, -O2
FAIL: g77.f-torture/execute/19990325-1.f compilation, -O2 -fomit-frame-pointer -finline-functions
FAIL: g77.f-torture/execute/19990325-1.f compilation, -Os
FAIL: g77.f-torture/execute/u77-test.f execution, -O0
FAIL: g77.f-torture/execute/u77-test.f execution, -O1
FAIL: g77.f-torture/execute/u77-test.f execution, -O2
FAIL: g77.f-torture/execute/u77-test.f execution, -O2 -fomit-frame-pointer -finline-functions
FAIL: g77.f-torture/execute/u77-test.f execution, -O2 -fomit-frame-pointer -finline-functions -funroll-loops
FAIL: g77.f-torture/execute/u77-test.f execution, -O2 -fomit-frame-pointer -finline-functions -funroll-all-loops
FAIL: g77.f-torture/execute/u77-test.f execution, -Os
=== g77 Summary for unix/-fpic ===
# of expected passes 642
# of unexpected failures 17
# of untested testcases 10
Running target unix/-fPIC
FAIL: g77.f-torture/execute/19990325-0.f compilation, -O0
FAIL: g77.f-torture/execute/19990325-0.f compilation, -O1
FAIL: g77.f-torture/execute/19990325-0.f compilation, -O2
FAIL: g77.f-torture/execute/19990325-0.f compilation, -O2 -fomit-frame-pointer -finline-functions
FAIL: g77.f-torture/execute/19990325-0.f compilation, -Os
FAIL: g77.f-torture/execute/19990325-1.f compilation, -O0
FAIL: g77.f-torture/execute/19990325-1.f compilation, -O1
FAIL: g77.f-torture/execute/19990325-1.f compilation, -O2
FAIL: g77.f-torture/execute/19990325-1.f compilation, -O2 -fomit-frame-pointer -finline-functions
FAIL: g77.f-torture/execute/19990325-1.f compilation, -Os
FAIL: g77.f-torture/execute/u77-test.f execution, -O0
FAIL: g77.f-torture/execute/u77-test.f execution, -O1
FAIL: g77.f-torture/execute/u77-test.f execution, -O2
FAIL: g77.f-torture/execute/u77-test.f execution, -O2 -fomit-frame-pointer -finline-functions
FAIL: g77.f-torture/execute/u77-test.f execution, -O2 -fomit-frame-pointer -finline-functions -funroll-loops
FAIL: g77.f-torture/execute/u77-test.f execution, -O2 -fomit-frame-pointer -finline-functions -funroll-all-loops
FAIL: g77.f-torture/execute/u77-test.f execution, -Os
=== g77 Summary for unix/-fPIC ===
# of expected passes 642
# of unexpected failures 17
# of untested testcases 10
Running target unix
FAIL: g77.f-torture/execute/19990325-0.f compilation, -O0
FAIL: g77.f-torture/execute/19990325-0.f compilation, -O1
FAIL: g77.f-torture/execute/19990325-0.f compilation, -O2
FAIL: g77.f-torture/execute/19990325-0.f compilation, -O2 -fomit-frame-pointer -finline-functions
FAIL: g77.f-torture/execute/19990325-0.f compilation, -Os
FAIL: g77.f-torture/execute/19990325-1.f compilation, -O0
FAIL: g77.f-torture/execute/19990325-1.f compilation, -O1
FAIL: g77.f-torture/execute/19990325-1.f compilation, -O2
FAIL: g77.f-torture/execute/19990325-1.f compilation, -O2 -fomit-frame-pointer -finline-functions
FAIL: g77.f-torture/execute/19990325-1.f compilation, -Os
FAIL: g77.f-torture/execute/u77-test.f execution, -O0
FAIL: g77.f-torture/execute/u77-test.f execution, -O1
FAIL: g77.f-torture/execute/u77-test.f execution, -O2
FAIL: g77.f-torture/execute/u77-test.f execution, -O2 -fomit-frame-pointer -finline-functions
FAIL: g77.f-torture/execute/u77-test.f execution, -O2 -fomit-frame-pointer -finline-functions -funroll-loops
FAIL: g77.f-torture/execute/u77-test.f execution, -O2 -fomit-frame-pointer -finline-functions -funroll-all-loops
FAIL: g77.f-torture/execute/u77-test.f execution, -Os
=== g77 Summary for unix ===
# of expected passes 642
# of unexpected failures 17
# of untested testcases 10
=== g77 Summary ===
# of expected passes 2568
# of unexpected failures 68
# of untested testcases 40
=== objc tests ===
Running target unix/-O2
=== objc Summary for unix/-O2 ===
# of expected passes 40
Running target unix/-fpic
=== objc Summary for unix/-fpic ===
# of expected passes 40
Running target unix/-fPIC
=== objc Summary for unix/-fPIC ===
# of expected passes 40
Running target unix
=== objc Summary for unix ===
# of expected passes 40
=== objc Summary ===
# of expected passes 160
/scratch/fsirl/obj/gccm/gcc/xgcc version 2.96 20000505 (experimental)
Compiler version: 2.96 20000505 (experimental)
Platform: powerpc-redhat-linux-gnu
configure flags: --with-gcc-version-trigger=/home/fsirl/cvsx/gccm/gcc/version.c --host=ppc-redhat-linux --prefix=/home/fsirl/gnubin --enable-shared --enable-threads --disable-subdir-texinfo --enable-checking=gc,misc,tree,rtl --norecursion
More information about the Gcc-testresults
mailing list