Results for 2.96 20000501 (experimental) testsuite on i586-sco-sysv5uw7.1.0
Rodney Brown
rdb@localhost
Wed May 3 07:04:00 GMT 2000
Native configuration is i586-sco-sysv5uw7.1.0
=== libio tests ===
Running target unix
=== libio Summary for unix ===
# of expected passes 40
Running target unix/-march=i486
=== libio Summary for unix/-march=i486 ===
# of expected passes 40
Running target unix/-march=i386
=== libio Summary for unix/-march=i386 ===
# of expected passes 40
=== libio Summary ===
# of expected passes 120
=== libstdc++ tests ===
Running target unix
=== libstdc++ Summary for unix ===
# of expected passes 30
Running target unix/-march=i486
=== libstdc++ Summary for unix/-march=i486 ===
# of expected passes 30
Running target unix/-march=i386
=== libstdc++ Summary for unix/-march=i386 ===
# of expected passes 30
=== libstdc++ Summary ===
# of expected passes 90
=== gcc tests ===
Running target unix
FAIL: gcc.c-torture/compile/920415-1.c, -O3 -g
FAIL: gcc.c-torture/compile/951116-1.c, -O3 -g
FAIL: gcc.c-torture/execute/20000225-1.c execution, -O2
FAIL: gcc.c-torture/execute/20000225-1.c execution, -O3 -fomit-frame-pointer
FAIL: gcc.c-torture/execute/20000225-1.c execution, -O3 -fomit-frame-pointer -funroll-loops
FAIL: gcc.c-torture/execute/20000225-1.c execution, -O3 -fomit-frame-pointer -funroll-all-loops -finline-functions
FAIL: gcc.c-torture/execute/20000225-1.c execution, -O3 -g
FAIL: gcc.c-torture/execute/20000225-1.c execution, -Os
FAIL: gcc.c-torture/execute/20000412-2.c execution, -O2
FAIL: gcc.c-torture/execute/20000412-2.c execution, -O3 -fomit-frame-pointer
FAIL: gcc.c-torture/execute/20000412-2.c execution, -O3 -g
FAIL: gcc.c-torture/execute/20000412-2.c execution, -Os
FAIL: gcc.c-torture/execute/20000419-1.c execution, -O2
FAIL: gcc.c-torture/execute/20000419-1.c execution, -Os
FAIL: gcc.c-torture/execute/920415-1.c compilation, -O3 -g
FAIL: gcc.c-torture/execute/920612-2.c compilation, -O3 -g
FAIL: gcc.c-torture/execute/920721-4.c compilation, -O3 -g
FAIL: gcc.c-torture/execute/921017-1.c compilation, -O3 -g
FAIL: gcc.c-torture/execute/931002-1.c compilation, -O3 -g
FAIL: gcc.c-torture/execute/991221-1.c execution, -O1
FAIL: gcc.c-torture/execute/991221-1.c execution, -O2
FAIL: gcc.c-torture/execute/991221-1.c execution, -O3 -fomit-frame-pointer
FAIL: gcc.c-torture/execute/991221-1.c execution, -O3 -g
FAIL: gcc.c-torture/execute/991221-1.c execution, -Os
FAIL: gcc.c-torture/special/eeprof-1.c compilation, -O0
FAIL: gcc.c-torture/special/eeprof-1.c compilation, -O1
FAIL: gcc.c-torture/special/eeprof-1.c compilation, -O2
FAIL: gcc.c-torture/special/eeprof-1.c compilation, -O3 -fomit-frame-pointer
FAIL: gcc.c-torture/special/eeprof-1.c compilation, -O3 -g
FAIL: gcc.c-torture/special/eeprof-1.c compilation, -Os
FAIL: gcc.dg/991214-1.c (test for excess errors)
FAIL: gcc.dg/compare2.c case 10 (test for bogus messages, line 29)
FAIL: gcc.dg/compare2.c case 12 (test for bogus messages, line 33)
FAIL: gcc.dg/noreturn-1.c this function should not get any warnings (test for bogus messages, line 50)
FAIL: gcc.dg/noreturn-1.c detect return from tail call (test for warnings, line 57)
=== gcc Summary ===
# of expected passes 9788
# of unexpected failures 35
# of expected failures 25
# of unresolved testcases 14
# of unsupported tests 14
/devel/src/egcs-20000501.obj/gcc/xgcc version 2.96 20000501 (experimental)
=== g++ tests ===
Running target unix
FAIL: g++.dg/special/conpr-1.C execution test
FAIL: g++.dg/special/conpr-2.C execution test
FAIL: g++.dg/special/conpr-3.C execution test
FAIL: g++.dg/special/conpr-3.C execution test
FAIL: g++.brendan/code-gen5.C (test for excess errors)
FAIL: g++.bugs/900407_02.C (test for excess errors)
FAIL: g++.eh/spec2.C Execution test
FAIL: g++.eh/spec3.C Execution test
FAIL: g++.ext/initp1.C Execution test
FAIL: g++.law/profile1.C (test for excess errors)
FAIL: g++.mike/dyncast1.C Execution test
FAIL: g++.mike/dyncast2.C Execution test
FAIL: g++.mike/eh33.C Execution test
FAIL: g++.mike/eh50.C Execution test
FAIL: g++.mike/eh51.C Execution test
FAIL: g++.oliva/template7.C caused compiler crash
FAIL: g++.other/ptrmem6.C (test for excess errors)
FAIL: g++.pt/crash44.C (test for excess errors)
XPASS: g++.pt/decl2.C ICE - (test for errors, line 8)
=== g++ Summary for unix ===
# of expected passes 5822
# of unexpected failures 18
# of unexpected successes 1
# of expected failures 91
# of untested testcases 14
Running target unix/-march=i486
FAIL: g++.dg/special/conpr-1.C execution test
FAIL: g++.dg/special/conpr-2.C execution test
FAIL: g++.dg/special/conpr-3.C execution test
FAIL: g++.dg/special/conpr-3.C execution test
FAIL: g++.brendan/code-gen5.C (test for excess errors)
FAIL: g++.bugs/900407_02.C (test for excess errors)
FAIL: g++.eh/spec2.C Execution test
FAIL: g++.eh/spec3.C Execution test
FAIL: g++.ext/initp1.C Execution test
FAIL: g++.law/profile1.C (test for excess errors)
FAIL: g++.mike/dyncast1.C Execution test
FAIL: g++.mike/dyncast2.C Execution test
FAIL: g++.mike/eh33.C Execution test
FAIL: g++.mike/eh50.C Execution test
FAIL: g++.mike/eh51.C Execution test
FAIL: g++.oliva/template7.C caused compiler crash
FAIL: g++.other/ptrmem6.C (test for excess errors)
FAIL: g++.pt/crash44.C (test for excess errors)
XPASS: g++.pt/decl2.C ICE - (test for errors, line 8)
=== g++ Summary for unix/-march=i486 ===
# of expected passes 5822
# of unexpected failures 18
# of unexpected successes 1
# of expected failures 91
# of untested testcases 14
Running target unix/-march=i386
FAIL: g++.dg/special/conpr-1.C execution test
FAIL: g++.dg/special/conpr-2.C execution test
FAIL: g++.dg/special/conpr-3.C execution test
FAIL: g++.dg/special/conpr-3.C execution test
FAIL: g++.brendan/code-gen5.C (test for excess errors)
FAIL: g++.bugs/900407_02.C (test for excess errors)
FAIL: g++.eh/spec2.C Execution test
FAIL: g++.eh/spec3.C Execution test
FAIL: g++.ext/initp1.C Execution test
FAIL: g++.law/profile1.C (test for excess errors)
FAIL: g++.mike/dyncast1.C Execution test
FAIL: g++.mike/dyncast2.C Execution test
FAIL: g++.mike/eh33.C Execution test
FAIL: g++.mike/eh50.C Execution test
FAIL: g++.mike/eh51.C Execution test
FAIL: g++.oliva/template7.C caused compiler crash
FAIL: g++.other/ptrmem6.C (test for excess errors)
FAIL: g++.pt/crash44.C (test for excess errors)
XPASS: g++.pt/decl2.C ICE - (test for errors, line 8)
=== g++ Summary for unix/-march=i386 ===
# of expected passes 5822
# of unexpected failures 18
# of unexpected successes 1
# of expected failures 91
# of untested testcases 14
=== g++ Summary ===
# of expected passes 17466
# of unexpected failures 54
# of unexpected successes 3
# of expected failures 273
# of untested testcases 42
/devel/src/egcs-20000501.obj/gcc/testsuite/../g++ version 2.96 20000501 (experimental)
=== g77 tests ===
Running target unix
FAIL: g77.f-torture/execute/19990325-0.f compilation, -O0
FAIL: g77.f-torture/execute/19990325-0.f compilation, -O1
FAIL: g77.f-torture/execute/19990325-0.f compilation, -O2
FAIL: g77.f-torture/execute/19990325-0.f compilation, -O2 -fomit-frame-pointer -finline-functions
FAIL: g77.f-torture/execute/19990325-0.f compilation, -Os
FAIL: g77.f-torture/execute/19990325-1.f compilation, -O0
FAIL: g77.f-torture/execute/19990325-1.f compilation, -O1
FAIL: g77.f-torture/execute/19990325-1.f compilation, -O2
FAIL: g77.f-torture/execute/19990325-1.f compilation, -O2 -fomit-frame-pointer -finline-functions
FAIL: g77.f-torture/execute/19990325-1.f compilation, -Os
FAIL: g77.f-torture/execute/short.f execution, -Os
=== g77 Summary for unix ===
# of expected passes 648
# of unexpected failures 11
# of untested testcases 10
Running target unix/-march=i486
FAIL: g77.f-torture/execute/19990325-0.f compilation, -O0
FAIL: g77.f-torture/execute/19990325-0.f compilation, -O1
FAIL: g77.f-torture/execute/19990325-0.f compilation, -O2
FAIL: g77.f-torture/execute/19990325-0.f compilation, -O2 -fomit-frame-pointer -finline-functions
FAIL: g77.f-torture/execute/19990325-0.f compilation, -Os
FAIL: g77.f-torture/execute/19990325-1.f compilation, -O0
FAIL: g77.f-torture/execute/19990325-1.f compilation, -O1
FAIL: g77.f-torture/execute/19990325-1.f compilation, -O2
FAIL: g77.f-torture/execute/19990325-1.f compilation, -O2 -fomit-frame-pointer -finline-functions
FAIL: g77.f-torture/execute/19990325-1.f compilation, -Os
FAIL: g77.f-torture/execute/short.f execution, -Os
=== g77 Summary for unix/-march=i486 ===
# of expected passes 648
# of unexpected failures 11
# of untested testcases 10
Running target unix/-march=i386
FAIL: g77.f-torture/execute/19990325-0.f compilation, -O0
FAIL: g77.f-torture/execute/19990325-0.f compilation, -O1
FAIL: g77.f-torture/execute/19990325-0.f compilation, -O2
FAIL: g77.f-torture/execute/19990325-0.f compilation, -O2 -fomit-frame-pointer -finline-functions
FAIL: g77.f-torture/execute/19990325-0.f compilation, -Os
FAIL: g77.f-torture/execute/19990325-1.f compilation, -O0
FAIL: g77.f-torture/execute/19990325-1.f compilation, -O1
FAIL: g77.f-torture/execute/19990325-1.f compilation, -O2
FAIL: g77.f-torture/execute/19990325-1.f compilation, -O2 -fomit-frame-pointer -finline-functions
FAIL: g77.f-torture/execute/19990325-1.f compilation, -Os
FAIL: g77.f-torture/execute/short.f execution, -Os
=== g77 Summary for unix/-march=i386 ===
# of expected passes 648
# of unexpected failures 11
# of untested testcases 10
=== g77 Summary ===
# of expected passes 1944
# of unexpected failures 33
# of untested testcases 30
=== objc tests ===
Running target unix
=== objc Summary for unix ===
# of expected passes 40
Running target unix/-march=i486
=== objc Summary for unix/-march=i486 ===
# of expected passes 40
Running target unix/-march=i386
=== objc Summary for unix/-march=i386 ===
# of expected passes 40
=== objc Summary ===
# of expected passes 120
/devel/src/egcs-20000501.obj/gcc/xgcc version 2.96 20000501 (experimental)
Compiler version: 2.96 20000501 (experimental)
Platform: i586-sco-sysv5uw7.1.0
configure flags: --with-gcc-version-trigger=/devel/src/egcs-20000501/gcc/version.c --host=i586-sco-sysv5uw7.1.0 --norecursion
Counting all warnings,
there are 331 warnings in stage3 of this bootstrap.
Number of warnings per file:
90 ../../egcs-20000501/gcc/regclass.c
33 ../../egcs-20000501/gcc/reload1.c
27 ../../egcs-20000501/gcc/combine.c
18 ../../egcs-20000501/gcc/dwarfout.c
14 ../../../egcs-20000501/gcc/f/global.c
10 ../../egcs-20000501/gcc/reg-stack.c
10 ../../../egcs-20000501/gcc/f/storag.c
8 ../../egcs-20000501/gcc/expr.c
8 ../../../egcs-20000501/gcc/f/lex.c
8 ../../../egcs-20000501/gcc/f/equiv.c
7 ../../egcs-20000501/gcc/varasm.c
6 ../../egcs-20000501/gcc/reload.c
6 ../../../egcs-20000501/gcc/f/expr.c
5 ../../egcs-20000501/gcc/cse.c
5 ../../../egcs-20000501/libiberty/pexecute.c
4 cxxmain.c
4 ../../egcs-20000501/gcc/dwarf2out.c
4 ../../../egcs-20000501/libiberty/cplus-dem.c
4 ../../../egcs-20000501/gcc/f/ste.c
3 ../../egcs-20000501/gcc/cpplex.c
3 ../../../egcs-20000501/gcc/cp/pt.c
2 str-ot.j
2 str-1t.j
2 ../../egcs-20000501/gcc/simplify-rtx.c
2 ../../egcs-20000501/gcc/regrename.c
2 ../../egcs-20000501/gcc/regmove.c
2 ../../egcs-20000501/gcc/predict.c
2 ../../egcs-20000501/gcc/ifcvt.c
2 ../../egcs-20000501/gcc/gcc.c
2 ../../egcs-20000501/gcc/function.c
2 ../../egcs-20000501/gcc/fold-const.c
2 ../../egcs-20000501/gcc/config/i386/i386.c
2 ../../egcs-20000501/gcc/calls.c
2 ../../egcs-20000501/gcc/alias.c
2 ../../../egcs-20000501/libiberty/setenv.c
2 ../../../egcs-20000501/libiberty/getopt.c
2 ../../../egcs-20000501/gcc/f/symbol.c
2 ../../../egcs-20000501/gcc/f/std.c
2 ../../../egcs-20000501/gcc/f/com.c
2 ../../../egcs-20000501/gcc/f/bad.c
1 str-op.j
1 str-nq.j
1 str-io.j
1 str-fo.j
1 str-2t.j
1 ./parse.y
1 ../../egcs-20000501/gcc/rtlanal.c
1 ../../egcs-20000501/gcc/loop.c
1 ../../egcs-20000501/gcc/gcse.c
1 ../../egcs-20000501/gcc/expmed.c
1 ../../egcs-20000501/gcc/bb-reorder.c
1 ../../../egcs-20000501/gcc/java/jcf-write.c
1 ../../../egcs-20000501/gcc/java/javaop.def
1 ../../../egcs-20000501/gcc/cp/class.c
1 ../../../egcs-20000501/gcc/cp/cfns.h
1 ../../../egcs-20000501/gcc/ch/grant.c
Number of warning types:
136 signed and unsigned type in conditional expression
84 comparison between signed and unsigned
52 Use of ANSI string concatenation
15 `???' might be used uninitialized in this function
14 `long' switch expression not converted to `int' in ANSI C
8 subscript has type `char'
7 ??? format, ??? arg (arg ???)
4 variable `???' might be clobbered by `longjmp' or `vfork'
2 unused parameter `???'
2 trigraph ??/ ignored
1 unused variable `???'
1 trigraph ??= ignored
1 suggest explicit braces to avoid ambiguous `else'
1 passing arg ??? of `???' from incompatible pointer type
1 control reaches end of non-void function
1 assignment discards qualifiers from pointer target type
1 `???' declared `static' but never defined
More information about the Gcc-testresults
mailing list