Results for haifa-enabled 2.96 20000501 (experimental) testsuite on mips-sgi-irix6.5
Billinghurst, David (CRTS)
David.Billinghurst@riotinto.com.au
Tue May 2 20:45:00 GMT 2000
Native configuration is mips-sgi-irix6.5
=== objc tests ===
Running target unix
FAIL: objc/execute/bf-10.m compilation, -O
FAIL: objc/execute/bf-11.m compilation, -O
FAIL: objc/execute/bf-12.m compilation, -O
FAIL: objc/execute/bf-2.m compilation, -O
FAIL: objc/execute/bf-20.m compilation, -O
FAIL: objc/execute/bf-3.m compilation, -O
FAIL: objc/execute/bf-6.m compilation, -O
FAIL: objc/execute/bf-8.m compilation, -O
FAIL: objc/execute/bf-9.m compilation, -O
=== objc Summary ===
# of expected passes 22
# of unexpected failures 9
# of untested testcases 9
=== gcc tests ===
Running target unix
FAIL: gcc.c-torture/compile/cpp-2.c, -Os
FAIL: gcc.c-torture/compile/cpp-1.c, -O0
FAIL: gcc.c-torture/compile/cpp-1.c, -O1
FAIL: gcc.c-torture/compile/cpp-1.c, -O2
FAIL: gcc.c-torture/compile/cpp-1.c, -O3 -fomit-frame-pointer
FAIL: gcc.c-torture/compile/cpp-1.c, -O3 -g
FAIL: gcc.c-torture/compile/cpp-1.c, -Os
FAIL: gcc.c-torture/compile/20000403-2.c, -O0
FAIL: gcc.c-torture/compile/20000403-2.c, -O1
FAIL: gcc.c-torture/compile/20000403-2.c, -O2
FAIL: gcc.c-torture/compile/20000403-2.c, -O3 -fomit-frame-pointer
FAIL: gcc.c-torture/compile/20000403-2.c, -O3 -g
FAIL: gcc.c-torture/compile/20000403-2.c, -Os
FAIL: gcc.c-torture/compile/20000403-1.c, -O0
FAIL: gcc.c-torture/compile/20000403-1.c, -O3 -fomit-frame-pointer
FAIL: gcc.c-torture/compile/20000403-1.c, -O3 -fomit-frame-pointer
-funroll-loops
FAIL: gcc.c-torture/compile/20000403-1.c, -O3 -fomit-frame-pointer
-funroll-all-loops -finline-functions
FAIL: gcc.c-torture/compile/20000403-1.c, -O3 -g
FAIL: gcc.c-torture/compile/20000403-1.c, -Os
FAIL: gcc.c-torture/compile/20000412-2.c, -O2
FAIL: gcc.c-torture/compile/20000412-2.c, -O3 -fomit-frame-pointer
FAIL: gcc.c-torture/compile/20000412-2.c, -O3 -g
FAIL: gcc.c-torture/compile/20000412-2.c, -Os
FAIL: gcc.c-torture/compile/20000412-1.c, -O0
FAIL: gcc.c-torture/compile/20000412-1.c, -O1
FAIL: gcc.c-torture/compile/20000412-1.c, -O3 -fomit-frame-pointer
FAIL: gcc.c-torture/compile/20000412-1.c, -O3 -g
FAIL: gcc.c-torture/compile/20000412-1.c, -Os
FAIL: gcc.c-torture/compile/950729-1.c, -O0
FAIL: gcc.c-torture/compile/950729-1.c, -O1
FAIL: gcc.c-torture/compile/950729-1.c, -O2
FAIL: gcc.c-torture/compile/950729-1.c, -O3 -fomit-frame-pointer
FAIL: gcc.c-torture/compile/950729-1.c, -O3 -fomit-frame-pointer
-funroll-loops
FAIL: gcc.c-torture/compile/950729-1.c, -O3 -fomit-frame-pointer
-funroll-all-loops -finline-functions
FAIL: gcc.c-torture/compile/950729-1.c, -O3 -g
FAIL: gcc.c-torture/compile/950729-1.c, -Os
FAIL: gcc.c-torture/compile/950719-1.c, -O3 -fomit-frame-pointer
FAIL: gcc.c-torture/compile/950719-1.c, -O3 -g
FAIL: gcc.c-torture/compile/950719-1.c, -Os
FAIL: gcc.c-torture/compile/950329-1.c, -O0
FAIL: gcc.c-torture/compile/950329-1.c, -O3 -fomit-frame-pointer
FAIL: gcc.c-torture/compile/951116-1.c, -O3 -g
FAIL: gcc.c-torture/compile/920415-1.c, -O3 -g
FAIL: gcc.c-torture/execute/20000225-1.c execution, -O2
FAIL: gcc.c-torture/execute/20000225-1.c execution, -O3
-fomit-frame-pointer
FAIL: gcc.c-torture/execute/20000225-1.c execution, -O3
-fomit-frame-pointer -funroll-loops
FAIL: gcc.c-torture/execute/20000225-1.c execution, -O3
-fomit-frame-pointer -funroll-all-loops -finline-functions
FAIL: gcc.c-torture/execute/20000225-1.c execution, -O3 -g
FAIL: gcc.c-torture/execute/20000225-1.c execution, -Os
FAIL: gcc.c-torture/execute/20000412-2.c execution, -O2
FAIL: gcc.c-torture/execute/20000412-2.c execution, -O3
-fomit-frame-pointer
FAIL: gcc.c-torture/execute/20000412-2.c execution, -O3 -g
FAIL: gcc.c-torture/execute/20000412-2.c execution, -Os
FAIL: gcc.c-torture/execute/920415-1.c compilation, -O3 -g
FAIL: gcc.c-torture/execute/920612-2.c compilation, -O3 -g
FAIL: gcc.c-torture/execute/920721-4.c compilation, -O3 -g
FAIL: gcc.c-torture/execute/921017-1.c compilation, -O3 -g
FAIL: gcc.c-torture/execute/931002-1.c compilation, -O3 -g
FAIL: gcc.c-torture/execute/991221-1.c execution, -O1
FAIL: gcc.c-torture/execute/991221-1.c execution, -O2
FAIL: gcc.c-torture/execute/991221-1.c execution, -O3 -fomit-frame-pointer
FAIL: gcc.c-torture/execute/991221-1.c execution, -O3 -g
FAIL: gcc.c-torture/execute/991221-1.c execution, -Os
FAIL: gcc.c-torture/execute/va-arg-15.c execution, -O0
FAIL: gcc.c-torture/execute/va-arg-15.c execution, -O1
FAIL: gcc.c-torture/execute/va-arg-15.c execution, -O2
FAIL: gcc.c-torture/execute/va-arg-15.c execution, -O3 -fomit-frame-pointer
FAIL: gcc.c-torture/execute/va-arg-15.c execution, -O3 -fomit-frame-pointer
-funroll-loops
FAIL: gcc.c-torture/execute/va-arg-15.c execution, -O3 -fomit-frame-pointer
-funroll-all-loops -finline-functions
FAIL: gcc.c-torture/execute/va-arg-15.c execution, -O3 -g
FAIL: gcc.c-torture/execute/va-arg-15.c execution, -Os
FAIL: gcc.c-torture/execute/va-arg-16.c execution, -O0
FAIL: gcc.c-torture/execute/va-arg-16.c execution, -O1
FAIL: gcc.c-torture/execute/va-arg-16.c execution, -O2
FAIL: gcc.c-torture/execute/va-arg-16.c execution, -O3 -fomit-frame-pointer
FAIL: gcc.c-torture/execute/va-arg-16.c execution, -O3 -g
FAIL: gcc.c-torture/execute/va-arg-16.c execution, -Os
FAIL: gcc.c-torture/execute/va-arg-17.c execution, -O0
FAIL: gcc.c-torture/execute/va-arg-17.c execution, -O1
FAIL: gcc.c-torture/execute/va-arg-17.c execution, -O2
FAIL: gcc.c-torture/execute/va-arg-17.c execution, -O3 -fomit-frame-pointer
FAIL: gcc.c-torture/execute/va-arg-17.c execution, -O3 -g
FAIL: gcc.c-torture/execute/va-arg-17.c execution, -Os
FAIL: gcc.c-torture/execute/ieee/20000320-1.c execution, -O0
FAIL: gcc.c-torture/execute/ieee/20000320-1.c execution, -O1
FAIL: gcc.c-torture/execute/ieee/20000320-1.c execution, -O2
FAIL: gcc.c-torture/execute/ieee/20000320-1.c execution, -O3
-fomit-frame-pointer
FAIL: gcc.c-torture/execute/ieee/20000320-1.c execution, -O3 -g
FAIL: gcc.c-torture/execute/ieee/20000320-1.c execution, -Os
FAIL: gcc.c-torture/execute/ieee/fp-cmp-4.c compilation, -O0
FAIL: gcc.c-torture/execute/ieee/fp-cmp-4.c compilation, -O1
FAIL: gcc.c-torture/execute/ieee/fp-cmp-4.c compilation, -O2
FAIL: gcc.c-torture/execute/ieee/fp-cmp-4.c compilation, -O3
-fomit-frame-pointer
FAIL: gcc.c-torture/execute/ieee/fp-cmp-4.c compilation, -O3
-fomit-frame-pointer -funroll-loops
FAIL: gcc.c-torture/execute/ieee/fp-cmp-4.c compilation, -O3
-fomit-frame-pointer -funroll-all-loops -finline-functions
FAIL: gcc.c-torture/execute/ieee/fp-cmp-4.c compilation, -O3 -g
FAIL: gcc.c-torture/execute/ieee/fp-cmp-4.c compilation, -Os
XPASS: gcc.c-torture/execute/memcheck/blkarg.c execution, -O0
XPASS: gcc.c-torture/execute/memcheck/blkarg.c execution, -O1
XPASS: gcc.c-torture/execute/memcheck/blkarg.c execution, -O2
XPASS: gcc.c-torture/execute/memcheck/blkarg.c execution, -Os
FAIL: gcc.dg/20000419-2.c (test for excess errors)
FAIL: gcc.dg/compare2.c case 10 (test for bogus messages, line 29)
FAIL: gcc.dg/compare2.c case 12 (test for bogus messages, line 33)
FAIL: alias-1.c
FAIL: wkali-1.c
FAIL: wkali-2b.o
=== gcc Summary ===
# of expected passes 9700
# of unexpected failures 103
# of unexpected successes 4
# of expected failures 27
# of unresolved testcases 13
# of unsupported tests 33
/exd4/billingd/obj/egcs-20000501-parallel/gcc/xgcc version 2.96 20000501
(experimental)
=== g77 tests ===
Running target unix
FAIL: g77.f-torture/compile/20000412-1.f, -O2 -fomit-frame-pointer
-finline-functions
FAIL: g77.f-torture/compile/20000412-1.f, -Os
FAIL: g77.f-torture/compile/19990419-0.f, -O0
FAIL: g77.f-torture/compile/19990419-0.f, -O1
FAIL: g77.f-torture/compile/19990419-0.f, -O2
FAIL: g77.f-torture/compile/19990419-0.f, -O2 -fomit-frame-pointer
-finline-functions
FAIL: g77.f-torture/compile/19990419-0.f, -Os
FAIL: g77.f-torture/compile/980729-0.f, -O2
FAIL: g77.f-torture/compile/980729-0.f, -O2 -fomit-frame-pointer
-finline-functions
FAIL: g77.f-torture/compile/980729-0.f, -Os
FAIL: g77.f-torture/compile/19990218-0.f, -O2
FAIL: g77.f-torture/compile/19990218-0.f, -O2 -fomit-frame-pointer
-finline-functions
FAIL: g77.f-torture/compile/19990502-1.f, -O0
FAIL: g77.f-torture/compile/19990502-1.f, -O1
FAIL: g77.f-torture/compile/19990502-1.f, -O2 -fomit-frame-pointer
-finline-functions -funroll-loops
FAIL: g77.f-torture/compile/19990502-1.f, -O2 -fomit-frame-pointer
-finline-functions -funroll-all-loops
FAIL: g77.f-torture/compile/19990502-1.f, -Os
FAIL: g77.f-torture/compile/19990502-0.f, -O0
FAIL: g77.f-torture/compile/19990502-0.f, -O2 -fomit-frame-pointer
-finline-functions
FAIL: g77.f-torture/compile/19990502-0.f, -Os
FAIL: g77.f-torture/compile/980310-3.f, -O0
FAIL: g77.f-torture/execute/19990325-0.f compilation, -O0
FAIL: g77.f-torture/execute/19990325-0.f compilation, -O1
FAIL: g77.f-torture/execute/19990325-0.f compilation, -O2
FAIL: g77.f-torture/execute/19990325-0.f compilation, -O2
-fomit-frame-pointer -finline-functions
FAIL: g77.f-torture/execute/19990325-0.f compilation, -Os
FAIL: g77.f-torture/execute/19990325-1.f compilation, -O0
FAIL: g77.f-torture/execute/19990325-1.f compilation, -O1
FAIL: g77.f-torture/execute/19990325-1.f compilation, -O2
FAIL: g77.f-torture/execute/19990325-1.f compilation, -O2
-fomit-frame-pointer -finline-functions
FAIL: g77.f-torture/execute/19990325-1.f compilation, -Os
FAIL: g77.f-torture/execute/short.f execution, -Os
=== g77 Summary ===
# of expected passes 627
# of unexpected failures 32
# of untested testcases 10
=== g++ tests ===
Running target unix
FAIL: g++.dg/special/conpr-1.C execution test
FAIL: conpr-2a.o
FAIL: conpr-3a.o
FAIL: g++.abi/arraynew.C (test for excess errors)
FAIL: g++.abi/empty.C (test for excess errors)
FAIL: g++.abi/layout1.C (test for excess errors)
FAIL: g++.benjamin/13523.C (test for excess errors)
FAIL: g++.benjamin/14139.C (test for excess errors)
FAIL: g++.benjamin/14664-1.C // ERROR - (test for errors, line 12)
FAIL: g++.benjamin/14664-1.C (test for excess errors)
FAIL: g++.benjamin/14664-2.C (test for excess errors)
FAIL: g++.ext/initp1.C Execution test
FAIL: g++.oliva/template7.C caused compiler crash
FAIL: g++.other/mangle2.C name clash (test for errors, line 26)
FAIL: g++.other/mangle2.C name clash (test for errors, line 29)
FAIL: g++.other/mangle2.C name clash (test for errors, line 30)
FAIL: g++.other/mangle2.C name clash (test for errors, line 33)
FAIL: g++.other/mangle2.C name clash (test for errors, line 34)
FAIL: g++.other/mangle2.C name clash (test for errors, line 37)
FAIL: g++.other/mangle2.C name clash (test for errors, line 38)
FAIL: g++.other/mangle2.C name clash (test for errors, line 41)
FAIL: g++.other/mangle2.C name clash (test for errors, line 42)
FAIL: g++.other/new3.C Execution test
=== g++ Summary ===
# of expected passes 5796
# of unexpected failures 23
# of expected failures 98
# of untested testcases 18
/exd4/billingd/obj/egcs-20000501-parallel/gcc/testsuite/../g++ version 2.96
20000501 (experimental)
=== libstdc++ tests ===
Running target unix
=== libstdc++ Summary ===
# of expected passes 30
=== libio tests ===
Running target unix
=== libio Summary ===
# of expected passes 40
Compiler version: haifa-enabled 2.96 20000501 (experimental)
Platform: mips-sgi-irix6.5
configure flags:
--with-gcc-version-trigger=/exd4/billingd/src/egcs-20000501/gcc/version.c
--host=mips-sgi-irix6.5 --enable-shared --enable-haifa --enable-pthreads
--prefix=/exd4/billingd/tmp/egcs-20000501 --norecursion
More information about the Gcc-testresults
mailing list