Results for 2.96 20000501 (experimental) testsuite on i386-pc-solaris2.7
Alexandre Oliva
oliva@lsd.ic.unicamp.br
Tue May 2 16:01:00 GMT 2000
Native configuration is i386-pc-solaris2.7
=== binutils tests ===
Running target unix
=== binutils Summary ===
# of expected passes 22
# of untested testcases 4
=== g++ tests ===
Running target unix
FAIL: g++.dg/special/conpr-1.C execution test
FAIL: g++.dg/special/conpr-2.C execution test
FAIL: g++.dg/special/conpr-3.C execution test
FAIL: g++.dg/special/conpr-3.C execution test
FAIL: g++.ext/initp1.C Execution test
FAIL: g++.oliva/template7.C caused compiler crash
FAIL: g++.other/new3.C Execution test
FAIL: g++.other/vaarg3.C promote (test for errors, line 26)
=== g++ Summary ===
# of expected passes 5827
# of unexpected failures 8
# of expected failures 92
# of untested testcases 14
/tmp/egcs/gcc/testsuite/../g++ version 2.96 20000501 (experimental)
=== g77 tests ===
Running target unix
FAIL: g77.f-torture/execute/19990325-0.f compilation, -O0
FAIL: g77.f-torture/execute/19990325-0.f compilation, -O1
FAIL: g77.f-torture/execute/19990325-0.f compilation, -O2
FAIL: g77.f-torture/execute/19990325-0.f compilation, -O2 -fomit-frame-pointer -finline-functions
FAIL: g77.f-torture/execute/19990325-0.f compilation, -Os
FAIL: g77.f-torture/execute/19990325-1.f compilation, -O0
FAIL: g77.f-torture/execute/19990325-1.f compilation, -O1
FAIL: g77.f-torture/execute/19990325-1.f compilation, -O2
FAIL: g77.f-torture/execute/19990325-1.f compilation, -O2 -fomit-frame-pointer -finline-functions
FAIL: g77.f-torture/execute/19990325-1.f compilation, -Os
FAIL: g77.f-torture/execute/short.f execution, -Os
=== g77 Summary ===
# of expected passes 648
# of unexpected failures 11
# of untested testcases 10
=== gas tests ===
Running target unix
=== gas Summary ===
# of expected passes 69
=== gcc tests ===
Running target unix
FAIL: gcc.c-torture/execute/20000225-1.c execution, -O2
FAIL: gcc.c-torture/execute/20000225-1.c execution, -O3 -fomit-frame-pointer
FAIL: gcc.c-torture/execute/20000225-1.c execution, -O3 -fomit-frame-pointer -funroll-loops
FAIL: gcc.c-torture/execute/20000225-1.c execution, -O3 -fomit-frame-pointer -funroll-all-loops -finline-functions
FAIL: gcc.c-torture/execute/20000225-1.c execution, -O3 -g
FAIL: gcc.c-torture/execute/20000225-1.c execution, -Os
FAIL: gcc.c-torture/execute/20000412-2.c execution, -O2
FAIL: gcc.c-torture/execute/20000412-2.c execution, -O3 -fomit-frame-pointer
FAIL: gcc.c-torture/execute/20000412-2.c execution, -O3 -g
FAIL: gcc.c-torture/execute/20000412-2.c execution, -Os
FAIL: gcc.c-torture/execute/20000419-1.c execution, -O2
FAIL: gcc.c-torture/execute/20000419-1.c execution, -Os
FAIL: gcc.c-torture/execute/991221-1.c execution, -O1
FAIL: gcc.c-torture/execute/991221-1.c execution, -O2
FAIL: gcc.c-torture/execute/991221-1.c execution, -O3 -fomit-frame-pointer
FAIL: gcc.c-torture/execute/991221-1.c execution, -O3 -g
FAIL: gcc.c-torture/execute/991221-1.c execution, -Os
FAIL: gcc.dg/991209-1.c (test for excess errors)
FAIL: gcc.dg/991214-1.c (test for excess errors)
FAIL: gcc.dg/compare2.c case 10 (test for bogus messages, line 29)
FAIL: gcc.dg/compare2.c case 12 (test for bogus messages, line 33)
FAIL: gcc.dg/noreturn-1.c this function should not get any warnings (test for bogus messages, line 50)
FAIL: gcc.dg/noreturn-1.c detect return from tail call (test for warnings, line 57)
FAIL: gcc.dg/special/gcsec-1.c (test for excess errors)
=== gcc Summary ===
# of expected passes 9831
# of unexpected failures 24
# of expected failures 31
# of unsupported tests 13
/tmp/egcs/gcc/xgcc version 2.96 20000501 (experimental)
=== libg++ tests ===
Running target unix
=== libg++ Summary ===
# of expected passes 72
=== libio tests ===
Running target unix
=== libio Summary ===
# of expected passes 40
=== libstdc++ tests ===
Running target unix
=== libstdc++ Summary ===
# of expected passes 30
=== objc tests ===
Running target unix
FAIL: objc/execute/bf-1.m compilation, -O
FAIL: objc/execute/bf-10.m compilation, -O
FAIL: objc/execute/bf-11.m compilation, -O
FAIL: objc/execute/bf-12.m compilation, -O
FAIL: objc/execute/bf-13.m compilation, -O
FAIL: objc/execute/bf-14.m compilation, -O
FAIL: objc/execute/bf-15.m compilation, -O
FAIL: objc/execute/bf-16.m compilation, -O
FAIL: objc/execute/bf-17.m compilation, -O
FAIL: objc/execute/bf-18.m compilation, -O
FAIL: objc/execute/bf-19.m compilation, -O
FAIL: objc/execute/bf-2.m compilation, -O
FAIL: objc/execute/bf-20.m compilation, -O
FAIL: objc/execute/bf-3.m compilation, -O
FAIL: objc/execute/bf-4.m compilation, -O
FAIL: objc/execute/bf-5.m compilation, -O
FAIL: objc/execute/bf-6.m compilation, -O
FAIL: objc/execute/bf-7.m compilation, -O
FAIL: objc/execute/bf-8.m compilation, -O
FAIL: objc/execute/bf-9.m compilation, -O
=== objc Summary ===
# of unexpected failures 20
# of untested testcases 20
/tmp/egcs/gcc/xgcc version 2.96 20000501 (experimental)
Compiler version: 2.96 20000501 (experimental)
Platform: i386-pc-solaris2.7
BOOT_CFLAGS: -g -O9 -W -Wall
Counting all warnings,
there are 422 warnings in stage3 of this bootstrap.
Number of warnings per file:
90 /home/phd/oliva/src/egcs/gcc/regclass.c
33 /home/phd/oliva/src/egcs/gcc/reload1.c
29 /home/phd/oliva/src/egcs/gcc/config/i386/gmon-sol2.c
27 /home/phd/oliva/src/egcs/gcc/combine.c
18 /home/phd/oliva/src/egcs/gcc/dwarfout.c
14 /home/phd/oliva/src/egcs/gcc/f/global.c
10 /home/phd/oliva/src/egcs/libiberty/pexecute.c
10 /home/phd/oliva/src/egcs/gcc/reg-stack.c
10 /home/phd/oliva/src/egcs/gcc/f/storag.c
8 /usr/include/limits.h
8 /tmp/egcs/gcc/include/float.h
8 /home/phd/oliva/src/egcs/libiberty/cplus-dem.c
8 /home/phd/oliva/src/egcs/gcc/f/lex.c
8 /home/phd/oliva/src/egcs/gcc/f/equiv.c
8 /home/phd/oliva/src/egcs/gcc/expr.c
7 cxxmain.c
7 /home/phd/oliva/src/egcs/gcc/varasm.c
6 /home/phd/oliva/src/egcs/gcc/reload.c
6 /home/phd/oliva/src/egcs/gcc/f/expr.c
5 /home/phd/oliva/src/egcs/gcc/diagnostic.c
5 /home/phd/oliva/src/egcs/gcc/cse.c
4 /home/phd/oliva/src/egcs/librx/rx.c
4 /home/phd/oliva/src/egcs/libiberty/setenv.c
4 /home/phd/oliva/src/egcs/libiberty/getopt.c
4 /home/phd/oliva/src/egcs/libg++/src/AllocRing.cc
4 /home/phd/oliva/src/egcs/gcc/f/ste.c
4 /home/phd/oliva/src/egcs/gcc/dwarf2out.c
3 /home/phd/oliva/src/egcs/gcc/crtstuff.c
3 /home/phd/oliva/src/egcs/gcc/cpplex.c
3 /home/phd/oliva/src/egcs/gcc/cp/pt.c
2 str-ot.j
2 str-1t.j
2 /home/phd/oliva/src/egcs/gcc/simplify-rtx.c
2 /home/phd/oliva/src/egcs/gcc/regrename.c
2 /home/phd/oliva/src/egcs/gcc/regmove.c
2 /home/phd/oliva/src/egcs/gcc/predict.c
2 /home/phd/oliva/src/egcs/gcc/java/jcf-parse.c
2 /home/phd/oliva/src/egcs/gcc/java/expr.c
2 /home/phd/oliva/src/egcs/gcc/ifcvt.c
2 /home/phd/oliva/src/egcs/gcc/gengenrtl.c
2 /home/phd/oliva/src/egcs/gcc/function.c
2 /home/phd/oliva/src/egcs/gcc/fold-const.c
2 /home/phd/oliva/src/egcs/gcc/f/symbol.c
2 /home/phd/oliva/src/egcs/gcc/f/std.c
2 /home/phd/oliva/src/egcs/gcc/f/com.c
2 /home/phd/oliva/src/egcs/gcc/f/bad.c
2 /home/phd/oliva/src/egcs/gcc/cp/decl.c
2 /home/phd/oliva/src/egcs/gcc/config/i386/i386.c
2 /home/phd/oliva/src/egcs/gcc/calls.c
2 /home/phd/oliva/src/egcs/gcc/alias.c
1 str-op.j
1 str-nq.j
1 str-io.j
1 str-fo.j
1 str-2t.j
1 /home/phd/oliva/src/egcs/gcc/toplev.c
1 /home/phd/oliva/src/egcs/gcc/rtlanal.c
1 /home/phd/oliva/src/egcs/gcc/loop.c
1 /home/phd/oliva/src/egcs/gcc/java/jvgenmain.c
1 /home/phd/oliva/src/egcs/gcc/java/jcf-write.c
1 /home/phd/oliva/src/egcs/gcc/java/jcf-io.c
1 /home/phd/oliva/src/egcs/gcc/java/javaop.def
1 /home/phd/oliva/src/egcs/gcc/gcse.c
1 /home/phd/oliva/src/egcs/gcc/gcc.c
1 /home/phd/oliva/src/egcs/gcc/fix-header.c
1 /home/phd/oliva/src/egcs/gcc/expmed.c
1 /home/phd/oliva/src/egcs/gcc/emit-rtl.c
1 /home/phd/oliva/src/egcs/gcc/cp/class.c
1 /home/phd/oliva/src/egcs/gcc/cp/cfns.h
1 /home/phd/oliva/src/egcs/gcc/collect2.c
1 /home/phd/oliva/src/egcs/gcc/ch/grant.c
1 /home/phd/oliva/src/egcs/gcc/ch/decl.c
1 /home/phd/oliva/src/egcs/gcc/bb-reorder.c
1 ./parse.y
Number of warning types:
136 signed and unsigned type in conditional expression
84 comparison between signed and unsigned
55 Use of ANSI string concatenation
17 `???' might be used uninitialized in this function
14 control reaches end of non-void function
14 `long' switch expression not converted to `int' in ANSI C
13 `noreturn' function does return
12 subscript has type `char'
8 variable `???' might be clobbered by `longjmp' or `vfork'
8 this is the location of the previous definition
8 implicit declaration of function `???'
7 ??? format, ??? arg (arg ???)
6 function `???' was previously declared within a block
6 `return' with no value, in function returning non-void
4 unused parameter `???'
4 return-type defaults to `int'
4 comparison of distinct pointer types lacks a cast
4 `???' is not a pointer-to-object type
2 trigraph ??/ ignored
2 suggest explicit braces to avoid ambiguous `else'
2 `FLT_MIN' redefined
2 `FLT_MAX' redefined
2 `DBL_MIN' redefined
2 `DBL_MAX' redefined
1 unused variable `???'
1 type defaults to `int' in declaration of `???'
1 trigraph ??= ignored
1 assignment discards qualifiers from pointer target type
1 `???' defined but not used
1 `???' declared `static' but never defined
More information about the Gcc-testresults
mailing list