Results for 2.96 20000327 (experimental) testsuite on alpha-dec-osf4.0e

Rodney Brown rdb@localhost
Thu Mar 30 06:07:00 GMT 2000


Native configuration is alpha-dec-osf4.0e

		=== libio tests ===


Running target unix
FAIL: hounddog.cc compilation 
FAIL: hounddog.cc compilation -b0
FAIL: hounddog.cc compilation -b2
FAIL: putbackdog.cc compilation 
FAIL: putbackdog.cc compilation -b0
FAIL: putbackdog.cc compilation -b2
FAIL: tFile.cc compilation 
FAIL: tFile.cc compilation -b0
FAIL: tFile.cc compilation -b3
FAIL: tiomanip.cc compilation 

		=== libio Summary ===

# of expected passes		10
# of unexpected failures	10
# of expected failures		20
		=== libstdc++ tests ===


Running target unix
FAIL: tcomplex.cc compilation
FAIL: tcomplex.cc -O compilation
FAIL: tlist.cc compilation
FAIL: tlist.cc -O compilation
FAIL: tmap.cc compilation
FAIL: tmap.cc -O compilation
FAIL: tstring.cc compilation
FAIL: tstring.cc -O compilation
FAIL: tvector.cc compilation
FAIL: tvector.cc -O compilation

		=== libstdc++ Summary ===

# of unexpected failures	10
# of expected failures		20
		=== gcc tests ===


Running target unix
FAIL: gcc.c-torture/compile/labels-2.c,  -O0  
FAIL: gcc.c-torture/compile/labels-2.c,  -O1  
FAIL: gcc.c-torture/compile/labels-2.c,  -O2  
FAIL: gcc.c-torture/compile/labels-2.c,  -O3 -fomit-frame-pointer  
FAIL: gcc.c-torture/compile/labels-2.c,  -O3 -g  
FAIL: gcc.c-torture/compile/labels-2.c,  -Os  
FAIL: gcc.c-torture/execute/920501-5.c compilation,  -O0 
FAIL: gcc.c-torture/execute/920501-5.c compilation,  -O1 
FAIL: gcc.c-torture/execute/920501-5.c compilation,  -O2 
FAIL: gcc.c-torture/execute/920501-5.c compilation,  -O3 -fomit-frame-pointer 
FAIL: gcc.c-torture/execute/920501-5.c compilation,  -O3 -g 
FAIL: gcc.c-torture/execute/920501-5.c compilation,  -Os 
FAIL: gcc.c-torture/execute/930529-1.c execution,  -O3 -fomit-frame-pointer 
FAIL: gcc.c-torture/execute/930529-1.c execution,  -O3 -fomit-frame-pointer -funroll-loops 
FAIL: gcc.c-torture/execute/930529-1.c execution,  -O3 -fomit-frame-pointer -funroll-all-loops -finline-functions 
FAIL: gcc.c-torture/execute/930529-1.c execution,  -O3 -g 
FAIL: gcc.c-torture/execute/931004-10.c compilation,  -O1 
FAIL: gcc.c-torture/execute/931004-10.c compilation,  -O2 
FAIL: gcc.c-torture/execute/931004-10.c compilation,  -O3 -fomit-frame-pointer 
FAIL: gcc.c-torture/execute/931004-10.c compilation,  -O3 -fomit-frame-pointer -funroll-loops 
FAIL: gcc.c-torture/execute/931004-10.c compilation,  -O3 -fomit-frame-pointer -funroll-all-loops -finline-functions 
FAIL: gcc.c-torture/execute/931004-10.c compilation,  -O3 -g 
FAIL: gcc.c-torture/execute/931004-10.c compilation,  -Os 
FAIL: gcc.c-torture/execute/931004-12.c compilation,  -O1 
FAIL: gcc.c-torture/execute/931004-12.c compilation,  -O2 
FAIL: gcc.c-torture/execute/931004-12.c compilation,  -O3 -fomit-frame-pointer 
FAIL: gcc.c-torture/execute/931004-12.c compilation,  -O3 -fomit-frame-pointer -funroll-loops 
FAIL: gcc.c-torture/execute/931004-12.c compilation,  -O3 -fomit-frame-pointer -funroll-all-loops -finline-functions 
FAIL: gcc.c-torture/execute/931004-12.c compilation,  -O3 -g 
FAIL: gcc.c-torture/execute/931004-12.c compilation,  -Os 
FAIL: gcc.c-torture/execute/990811-1.c compilation,  -O3 -fomit-frame-pointer 
FAIL: gcc.c-torture/execute/990811-1.c compilation,  -O3 -fomit-frame-pointer -funroll-loops 
FAIL: gcc.c-torture/execute/990811-1.c compilation,  -O3 -fomit-frame-pointer -funroll-all-loops -finline-functions 
FAIL: gcc.c-torture/execute/990811-1.c compilation,  -O3 -g 
FAIL: gcc.c-torture/execute/strct-stdarg-1.c compilation,  -O2 
FAIL: gcc.c-torture/execute/strct-stdarg-1.c compilation,  -O3 -fomit-frame-pointer 
FAIL: gcc.c-torture/execute/strct-stdarg-1.c compilation,  -O3 -fomit-frame-pointer -funroll-loops 
FAIL: gcc.c-torture/execute/strct-stdarg-1.c compilation,  -O3 -fomit-frame-pointer -funroll-all-loops -finline-functions 
FAIL: gcc.c-torture/execute/strct-stdarg-1.c compilation,  -O3 -g 
FAIL: gcc.c-torture/execute/strct-stdarg-1.c compilation,  -Os 
FAIL: gcc.c-torture/execute/ieee/20000320-1.c execution,  -O0 
FAIL: gcc.c-torture/execute/ieee/20000320-1.c execution,  -O1 
FAIL: gcc.c-torture/execute/ieee/20000320-1.c execution,  -O2 
FAIL: gcc.c-torture/execute/ieee/20000320-1.c execution,  -O3 -fomit-frame-pointer 
FAIL: gcc.c-torture/execute/ieee/20000320-1.c execution,  -O3 -g 
FAIL: gcc.c-torture/execute/ieee/20000320-1.c execution,  -Os 
FAIL: gcc.c-torture/execute/ieee/fp-cmp-2.c execution,  -O0 
FAIL: gcc.c-torture/execute/ieee/fp-cmp-2.c execution,  -O1 
FAIL: gcc.c-torture/execute/ieee/fp-cmp-2.c execution,  -O2 
FAIL: gcc.c-torture/execute/ieee/fp-cmp-2.c execution,  -O3 -fomit-frame-pointer 
FAIL: gcc.c-torture/execute/ieee/fp-cmp-2.c execution,  -O3 -fomit-frame-pointer -funroll-loops 
FAIL: gcc.c-torture/execute/ieee/fp-cmp-2.c execution,  -O3 -fomit-frame-pointer -funroll-all-loops -finline-functions 
FAIL: gcc.c-torture/execute/ieee/fp-cmp-2.c execution,  -O3 -g 
FAIL: gcc.c-torture/execute/ieee/fp-cmp-2.c execution,  -Os 
FAIL: gcc.c-torture/execute/ieee/fp-cmp-4.c execution,  -O0 
FAIL: gcc.c-torture/execute/ieee/fp-cmp-4.c execution,  -O1 
FAIL: gcc.c-torture/execute/ieee/fp-cmp-4.c execution,  -O2 
FAIL: gcc.c-torture/execute/ieee/fp-cmp-4.c execution,  -O3 -fomit-frame-pointer 
FAIL: gcc.c-torture/execute/ieee/fp-cmp-4.c execution,  -O3 -fomit-frame-pointer -funroll-loops 
FAIL: gcc.c-torture/execute/ieee/fp-cmp-4.c execution,  -O3 -fomit-frame-pointer -funroll-all-loops -finline-functions 
FAIL: gcc.c-torture/execute/ieee/fp-cmp-4.c execution,  -O3 -g 
FAIL: gcc.c-torture/execute/ieee/fp-cmp-4.c execution,  -Os 
FAIL: gcc.c-torture/execute/ieee/mzero2.c execution,  -O0 
FAIL: gcc.c-torture/execute/ieee/mzero2.c execution,  -O1 
FAIL: gcc.c-torture/execute/ieee/mzero2.c execution,  -O2 
FAIL: gcc.c-torture/execute/ieee/mzero2.c execution,  -O3 -fomit-frame-pointer 
FAIL: gcc.c-torture/execute/ieee/mzero2.c execution,  -O3 -g 
FAIL: gcc.c-torture/execute/ieee/mzero2.c execution,  -Os 
XPASS: gcc.c-torture/execute/memcheck/blkarg.c execution,  -O0 
XPASS: gcc.c-torture/execute/memcheck/blkarg.c execution,  -O1 
XPASS: gcc.c-torture/execute/memcheck/blkarg.c execution,  -O2 
XPASS: gcc.c-torture/execute/memcheck/blkarg.c execution,  -Os 
FAIL: gcc.c-torture/noncompile/920616-2.c
FAIL: gcc.c-torture/noncompile/920616-2.c
FAIL: gcc.c-torture/noncompile/920616-2.c
FAIL: gcc.c-torture/noncompile/920616-2.c
FAIL: gcc.c-torture/noncompile/920616-2.c
FAIL: gcc.c-torture/noncompile/920616-2.c
FAIL: gcc.c-torture/noncompile/920616-2.c
FAIL: gcc.c-torture/noncompile/920616-2.c
FAIL: gcc.c-torture/noncompile/921116-1.c
FAIL: gcc.c-torture/noncompile/921116-1.c
FAIL: gcc.c-torture/noncompile/921116-1.c
FAIL: gcc.c-torture/noncompile/921116-1.c
FAIL: gcc.c-torture/noncompile/921116-1.c
FAIL: gcc.c-torture/noncompile/921116-1.c
FAIL: gcc.c-torture/noncompile/921116-1.c
FAIL: gcc.c-torture/noncompile/921116-1.c
FAIL: gcc.c-torture/noncompile/951025-1.c
FAIL: gcc.c-torture/noncompile/951025-1.c
FAIL: gcc.c-torture/noncompile/951025-1.c
FAIL: gcc.c-torture/noncompile/951025-1.c
FAIL: gcc.c-torture/noncompile/951025-1.c
FAIL: gcc.c-torture/noncompile/951025-1.c
FAIL: gcc.c-torture/noncompile/951025-1.c
FAIL: gcc.c-torture/noncompile/951025-1.c
FAIL: cpp-mi.c: redundant include check
FAIL: gcc.dg/cpp-redef-2.c anon varargs (test for warnings, line 15)
FAIL: gcc.dg/cpp-wi1.c wide string in #pragma implementation (test for errors, line 9)
FAIL: gcc.dg/cpp-wi1.c (test for excess errors)
FAIL: gcc.dg/noreturn-1.c this function should not get any warnings (test for bogus messages, line 50)
FAIL: gcc.dg/noreturn-1.c detect return from tail call (test for warnings, line 57)
FAIL: gcc.dg/pr-impl.c stdio.h (test for warnings, line 7)

		=== gcc Summary ===

# of expected passes		9278
# of unexpected failures	99
# of unexpected successes	4
# of expected failures		27
# of unresolved testcases	33
# of unsupported tests		34
/user/rand/rdb/src/egcs-20000327.chk/gcc/xgcc version 2.96 20000327 (experimental)

		=== g++ tests ===


Running target unix
FAIL: g++.brendan/crash68.C caused compiler crash
FAIL: g++.jason/2371.C (test for excess errors)
FAIL: g++.law/profile1.C (test for excess errors)
FAIL: g++.law/temps4.C (test for excess errors)
FAIL: g++.mike/dyncast7.C (test for excess errors)
FAIL: g++.mike/eh13.C (test for excess errors)
FAIL: g++.mike/eh2.C (test for excess errors)
FAIL: g++.mike/eh47.C (test for excess errors)
FAIL: g++.mike/p9706.C (test for excess errors)
FAIL: g++.oliva/template7.C caused compiler crash
FAIL: g++.oliva/thunk1.C (test for excess errors)
FAIL: g++.other/inline2.C (test for excess errors)
FAIL: g++.other/inline7.C (test for excess errors)
FAIL: g++.other/inline8.C (test for excess errors)
FAIL: g++.other/stmtexpr1.C (test for excess errors)
FAIL: g++.pt/memtemp89.C caused compiler crash
FAIL: g++.pt/static6.C (test for excess errors)
FAIL: g++.robertl/eb123.C (test for excess errors)
FAIL: g++.robertl/eb130.C (test for excess errors)
FAIL: g++.robertl/eb132.C (test for excess errors)
FAIL: g++.robertl/eb63.C (test for excess errors)
FAIL: g++.robertl/eb73.C (test for excess errors)

		=== g++ Summary ===

# of expected passes		5773
# of unexpected failures	22
# of expected failures		93
# of untested testcases		18
/user/rand/rdb/src/egcs-20000327.chk/gcc/testsuite/../g++ version 2.96 20000327 (experimental)

		=== g77 tests ===


Running target unix
FAIL: g77.f-torture/compile/19990218-0.f,  -O0  
FAIL: g77.f-torture/compile/19990218-0.f,  -O1  
FAIL: g77.f-torture/compile/19990218-0.f,  -O2  
FAIL: g77.f-torture/compile/19990218-0.f,  -O2 -fomit-frame-pointer -finline-functions  
FAIL: g77.f-torture/compile/19990218-0.f,  -Os  
FAIL: g77.f-torture/compile/19990305-0.f,  -O0  
FAIL: g77.f-torture/compile/19990305-0.f,  -O1  
FAIL: g77.f-torture/compile/19990305-0.f,  -O2  
FAIL: g77.f-torture/compile/19990305-0.f,  -O2 -fomit-frame-pointer -finline-functions  
FAIL: g77.f-torture/compile/19990305-0.f,  -Os  
FAIL: g77.f-torture/compile/19990419-0.f,  -O0  
FAIL: g77.f-torture/compile/19990419-0.f,  -O1  
FAIL: g77.f-torture/compile/19990419-0.f,  -O2  
FAIL: g77.f-torture/compile/19990419-0.f,  -O2 -fomit-frame-pointer -finline-functions  
FAIL: g77.f-torture/compile/19990419-0.f,  -Os  
FAIL: g77.f-torture/compile/19990502-0.f,  -O0  
FAIL: g77.f-torture/compile/19990502-0.f,  -O1  
FAIL: g77.f-torture/compile/19990502-0.f,  -O2  
FAIL: g77.f-torture/compile/19990502-0.f,  -O2 -fomit-frame-pointer -finline-functions  
FAIL: g77.f-torture/compile/19990502-0.f,  -Os  
FAIL: g77.f-torture/compile/19990502-1.f,  -O0  
FAIL: g77.f-torture/compile/19990502-1.f,  -O1  
FAIL: g77.f-torture/compile/19990502-1.f,  -O2  
FAIL: g77.f-torture/compile/19990502-1.f,  -O2 -fomit-frame-pointer -finline-functions  
FAIL: g77.f-torture/compile/19990502-1.f,  -O2 -fomit-frame-pointer -finline-functions -funroll-loops  
FAIL: g77.f-torture/compile/19990502-1.f,  -O2 -fomit-frame-pointer -finline-functions -funroll-all-loops  
FAIL: g77.f-torture/compile/19990502-1.f,  -Os  
FAIL: g77.f-torture/compile/19990525-0.f,  -O0  
FAIL: g77.f-torture/compile/19990525-0.f,  -O1  
FAIL: g77.f-torture/compile/19990525-0.f,  -O2  
FAIL: g77.f-torture/compile/19990525-0.f,  -O2 -fomit-frame-pointer -finline-functions  
FAIL: g77.f-torture/compile/19990525-0.f,  -Os  
FAIL: g77.f-torture/compile/960317-1.f,  -O0  
FAIL: g77.f-torture/compile/960317-1.f,  -O1  
FAIL: g77.f-torture/compile/960317-1.f,  -O2  
FAIL: g77.f-torture/compile/960317-1.f,  -O2 -fomit-frame-pointer -finline-functions  
FAIL: g77.f-torture/compile/960317-1.f,  -Os  
FAIL: g77.f-torture/compile/970125-0.f,  -O0  
FAIL: g77.f-torture/compile/970125-0.f,  -O1  
FAIL: g77.f-torture/compile/970125-0.f,  -O2  
FAIL: g77.f-torture/compile/970125-0.f,  -O2 -fomit-frame-pointer -finline-functions  
FAIL: g77.f-torture/compile/970125-0.f,  -Os  
FAIL: g77.f-torture/compile/970915-0.f,  -O0  
FAIL: g77.f-torture/compile/970915-0.f,  -O1  
FAIL: g77.f-torture/compile/970915-0.f,  -O2  
FAIL: g77.f-torture/compile/970915-0.f,  -O2 -fomit-frame-pointer -finline-functions  
FAIL: g77.f-torture/compile/970915-0.f,  -Os  
FAIL: g77.f-torture/compile/980310-1.f,  -O0  
FAIL: g77.f-torture/compile/980310-1.f,  -O1  
FAIL: g77.f-torture/compile/980310-1.f,  -O2  
FAIL: g77.f-torture/compile/980310-1.f,  -O2 -fomit-frame-pointer -finline-functions  
FAIL: g77.f-torture/compile/980310-1.f,  -Os  
FAIL: g77.f-torture/compile/980310-2.f,  -O0  
FAIL: g77.f-torture/compile/980310-2.f,  -O1  
FAIL: g77.f-torture/compile/980310-2.f,  -O2  
FAIL: g77.f-torture/compile/980310-2.f,  -O2 -fomit-frame-pointer -finline-functions  
FAIL: g77.f-torture/compile/980310-2.f,  -Os  
FAIL: g77.f-torture/compile/980310-3.f,  -O0  
FAIL: g77.f-torture/compile/980310-3.f,  -O1  
FAIL: g77.f-torture/compile/980310-3.f,  -O2  
FAIL: g77.f-torture/compile/980310-3.f,  -O2 -fomit-frame-pointer -finline-functions  
FAIL: g77.f-torture/compile/980310-3.f,  -O2 -fomit-frame-pointer -finline-functions -funroll-loops  
FAIL: g77.f-torture/compile/980310-3.f,  -O2 -fomit-frame-pointer -finline-functions -funroll-all-loops  
FAIL: g77.f-torture/compile/980310-3.f,  -Os  
FAIL: g77.f-torture/compile/980310-4.f,  -O0  
FAIL: g77.f-torture/compile/980310-4.f,  -O1  
FAIL: g77.f-torture/compile/980310-4.f,  -O2  
FAIL: g77.f-torture/compile/980310-4.f,  -O2 -fomit-frame-pointer -finline-functions  
FAIL: g77.f-torture/compile/980310-4.f,  -O2 -fomit-frame-pointer -finline-functions -funroll-loops  
FAIL: g77.f-torture/compile/980310-4.f,  -O2 -fomit-frame-pointer -finline-functions -funroll-all-loops  
FAIL: g77.f-torture/compile/980310-4.f,  -Os  
FAIL: g77.f-torture/compile/980310-6.f,  -O0  
FAIL: g77.f-torture/compile/980310-6.f,  -O1  
FAIL: g77.f-torture/compile/980310-6.f,  -O2  
FAIL: g77.f-torture/compile/980310-6.f,  -O2 -fomit-frame-pointer -finline-functions  
FAIL: g77.f-torture/compile/980310-6.f,  -Os  
FAIL: g77.f-torture/compile/980310-7.f,  -O0  
FAIL: g77.f-torture/compile/980310-7.f,  -O1  
FAIL: g77.f-torture/compile/980310-7.f,  -O2  
FAIL: g77.f-torture/compile/980310-7.f,  -O2 -fomit-frame-pointer -finline-functions  
FAIL: g77.f-torture/compile/980310-7.f,  -O2 -fomit-frame-pointer -finline-functions -funroll-loops  
FAIL: g77.f-torture/compile/980310-7.f,  -O2 -fomit-frame-pointer -finline-functions -funroll-all-loops  
FAIL: g77.f-torture/compile/980310-7.f,  -Os  
FAIL: g77.f-torture/compile/980310-8.f,  -O0  
FAIL: g77.f-torture/compile/980310-8.f,  -O1  
FAIL: g77.f-torture/compile/980310-8.f,  -O2  
FAIL: g77.f-torture/compile/980310-8.f,  -O2 -fomit-frame-pointer -finline-functions  
FAIL: g77.f-torture/compile/980310-8.f,  -O2 -fomit-frame-pointer -finline-functions -funroll-loops  
FAIL: g77.f-torture/compile/980310-8.f,  -O2 -fomit-frame-pointer -finline-functions -funroll-all-loops  
FAIL: g77.f-torture/compile/980310-8.f,  -Os  
FAIL: g77.f-torture/compile/980419-2.f,  -O0  
FAIL: g77.f-torture/compile/980419-2.f,  -O1  
FAIL: g77.f-torture/compile/980419-2.f,  -O2  
FAIL: g77.f-torture/compile/980419-2.f,  -O2 -fomit-frame-pointer -finline-functions  
FAIL: g77.f-torture/compile/980419-2.f,  -O2 -fomit-frame-pointer -finline-functions -funroll-loops  
FAIL: g77.f-torture/compile/980419-2.f,  -O2 -fomit-frame-pointer -finline-functions -funroll-all-loops  
FAIL: g77.f-torture/compile/980419-2.f,  -Os  
FAIL: g77.f-torture/compile/980424-0.f,  -O0  
FAIL: g77.f-torture/compile/980424-0.f,  -O1  
FAIL: g77.f-torture/compile/980424-0.f,  -O2  
FAIL: g77.f-torture/compile/980424-0.f,  -O2 -fomit-frame-pointer -finline-functions  
FAIL: g77.f-torture/compile/980424-0.f,  -Os  
FAIL: g77.f-torture/compile/980427-0.f,  -O0  
FAIL: g77.f-torture/compile/980427-0.f,  -O1  
FAIL: g77.f-torture/compile/980427-0.f,  -O2  
FAIL: g77.f-torture/compile/980427-0.f,  -O2 -fomit-frame-pointer -finline-functions  
FAIL: g77.f-torture/compile/980427-0.f,  -Os  
FAIL: g77.f-torture/compile/980729-0.f,  -O0  
FAIL: g77.f-torture/compile/980729-0.f,  -O1  
FAIL: g77.f-torture/compile/980729-0.f,  -O2  
FAIL: g77.f-torture/compile/980729-0.f,  -O2 -fomit-frame-pointer -finline-functions  
FAIL: g77.f-torture/compile/980729-0.f,  -Os  
FAIL: g77.f-torture/compile/981117-1.f,  -O0  
FAIL: g77.f-torture/compile/981117-1.f,  -O1  
FAIL: g77.f-torture/compile/981117-1.f,  -O2  
FAIL: g77.f-torture/compile/981117-1.f,  -O2 -fomit-frame-pointer -finline-functions  
FAIL: g77.f-torture/compile/981117-1.f,  -O2 -fomit-frame-pointer -finline-functions -funroll-loops  
FAIL: g77.f-torture/compile/981117-1.f,  -O2 -fomit-frame-pointer -finline-functions -funroll-all-loops  
FAIL: g77.f-torture/compile/981117-1.f,  -Os  
FAIL: g77.f-torture/compile/990115-1.f,  -O0  
FAIL: g77.f-torture/compile/990115-1.f,  -O1  
FAIL: g77.f-torture/compile/990115-1.f,  -O2  
FAIL: g77.f-torture/compile/990115-1.f,  -O2 -fomit-frame-pointer -finline-functions  
FAIL: g77.f-torture/compile/990115-1.f,  -O2 -fomit-frame-pointer -finline-functions -funroll-loops  
FAIL: g77.f-torture/compile/990115-1.f,  -O2 -fomit-frame-pointer -finline-functions -funroll-all-loops  
FAIL: g77.f-torture/compile/990115-1.f,  -Os  
FAIL: g77.f-torture/compile/alpha1.f,  -O0  
FAIL: g77.f-torture/compile/alpha1.f,  -O1  
FAIL: g77.f-torture/compile/alpha1.f,  -O2  
FAIL: g77.f-torture/compile/alpha1.f,  -O2 -fomit-frame-pointer -finline-functions  
FAIL: g77.f-torture/compile/alpha1.f,  -Os  
FAIL: g77.f-torture/compile/toon_1.f,  -O0  
FAIL: g77.f-torture/compile/toon_1.f,  -O1  
FAIL: g77.f-torture/compile/toon_1.f,  -O2  
FAIL: g77.f-torture/compile/toon_1.f,  -O2 -fomit-frame-pointer -finline-functions  
FAIL: g77.f-torture/compile/toon_1.f,  -Os  
FAIL: g77.f-torture/compile/19990826-1.f,  -O0  
FAIL: g77.f-torture/compile/19990826-1.f,  -O1  
FAIL: g77.f-torture/compile/19990826-1.f,  -O2  
FAIL: g77.f-torture/compile/19990826-1.f,  -O2 -fomit-frame-pointer -finline-functions  
FAIL: g77.f-torture/compile/19990826-1.f,  -Os  
FAIL: g77.f-torture/compile/19990826-3.f,  -O0  
FAIL: g77.f-torture/compile/19990826-3.f,  -O1  
FAIL: g77.f-torture/compile/19990826-3.f,  -O2  
FAIL: g77.f-torture/compile/19990826-3.f,  -O2 -fomit-frame-pointer -finline-functions  
FAIL: g77.f-torture/compile/19990826-3.f,  -O2 -fomit-frame-pointer -finline-functions -funroll-loops  
FAIL: g77.f-torture/compile/19990826-3.f,  -O2 -fomit-frame-pointer -finline-functions -funroll-all-loops  
FAIL: g77.f-torture/compile/19990826-3.f,  -Os  
FAIL: g77.f-torture/compile/19990905-0.f,  -O0  
FAIL: g77.f-torture/compile/19990905-0.f,  -O1  
FAIL: g77.f-torture/compile/19990905-0.f,  -O2  
FAIL: g77.f-torture/compile/19990905-0.f,  -O2 -fomit-frame-pointer -finline-functions  
FAIL: g77.f-torture/compile/19990905-0.f,  -Os  
FAIL: g77.f-torture/compile/19990905-2.f,  -O0  
FAIL: g77.f-torture/compile/19990905-2.f,  -O1  
FAIL: g77.f-torture/compile/19990905-2.f,  -O2  
FAIL: g77.f-torture/compile/19990905-2.f,  -O2 -fomit-frame-pointer -finline-functions  
FAIL: g77.f-torture/compile/19990905-2.f,  -Os  
FAIL: g77.f-torture/compile/980519-2.f,  -O0  
FAIL: g77.f-torture/compile/980519-2.f,  -O1  
FAIL: g77.f-torture/compile/980519-2.f,  -O2  
FAIL: g77.f-torture/compile/980519-2.f,  -O2 -fomit-frame-pointer -finline-functions  
FAIL: g77.f-torture/compile/980519-2.f,  -Os  
FAIL: g77.f-torture/execute/19981119-0.f compilation,  -O0 
FAIL: g77.f-torture/execute/19981119-0.f compilation,  -O1 
FAIL: g77.f-torture/execute/19981119-0.f compilation,  -O2 
FAIL: g77.f-torture/execute/19981119-0.f compilation,  -O2 -fomit-frame-pointer -finline-functions 
FAIL: g77.f-torture/execute/19981119-0.f compilation,  -Os 
FAIL: g77.f-torture/execute/19990313-0.f compilation,  -O0 
FAIL: g77.f-torture/execute/19990313-0.f compilation,  -O1 
FAIL: g77.f-torture/execute/19990313-0.f compilation,  -O2 
FAIL: g77.f-torture/execute/19990313-0.f compilation,  -O2 -fomit-frame-pointer -finline-functions 
FAIL: g77.f-torture/execute/19990313-0.f compilation,  -Os 
FAIL: g77.f-torture/execute/19990313-1.f compilation,  -O0 
FAIL: g77.f-torture/execute/19990313-1.f compilation,  -O1 
FAIL: g77.f-torture/execute/19990313-1.f compilation,  -O2 
FAIL: g77.f-torture/execute/19990313-1.f compilation,  -O2 -fomit-frame-pointer -finline-functions 
FAIL: g77.f-torture/execute/19990313-1.f compilation,  -Os 
FAIL: g77.f-torture/execute/19990313-2.f compilation,  -O0 
FAIL: g77.f-torture/execute/19990313-2.f compilation,  -O1 
FAIL: g77.f-torture/execute/19990313-2.f compilation,  -O2 
FAIL: g77.f-torture/execute/19990313-2.f compilation,  -O2 -fomit-frame-pointer -finline-functions 
FAIL: g77.f-torture/execute/19990313-2.f compilation,  -Os 
FAIL: g77.f-torture/execute/19990313-3.f compilation,  -O0 
FAIL: g77.f-torture/execute/19990313-3.f compilation,  -O1 
FAIL: g77.f-torture/execute/19990313-3.f compilation,  -O2 
FAIL: g77.f-torture/execute/19990313-3.f compilation,  -O2 -fomit-frame-pointer -finline-functions 
FAIL: g77.f-torture/execute/19990313-3.f compilation,  -Os 
FAIL: g77.f-torture/execute/19990325-0.f compilation,  -O0 
FAIL: g77.f-torture/execute/19990325-0.f compilation,  -O1 
FAIL: g77.f-torture/execute/19990325-0.f compilation,  -O2 
FAIL: g77.f-torture/execute/19990325-0.f compilation,  -O2 -fomit-frame-pointer -finline-functions 
FAIL: g77.f-torture/execute/19990325-0.f compilation,  -Os 
FAIL: g77.f-torture/execute/19990325-1.f compilation,  -O0 
FAIL: g77.f-torture/execute/19990325-1.f compilation,  -O1 
FAIL: g77.f-torture/execute/19990325-1.f compilation,  -O2 
FAIL: g77.f-torture/execute/19990325-1.f compilation,  -O2 -fomit-frame-pointer -finline-functions 
FAIL: g77.f-torture/execute/19990325-1.f compilation,  -Os 
FAIL: g77.f-torture/execute/19990419-1.f compilation,  -O0 
FAIL: g77.f-torture/execute/19990419-1.f compilation,  -O1 
FAIL: g77.f-torture/execute/19990419-1.f compilation,  -O2 
FAIL: g77.f-torture/execute/19990419-1.f compilation,  -O2 -fomit-frame-pointer -finline-functions 
FAIL: g77.f-torture/execute/19990419-1.f compilation,  -O2 -fomit-frame-pointer -finline-functions -funroll-loops 
FAIL: g77.f-torture/execute/19990419-1.f compilation,  -O2 -fomit-frame-pointer -finline-functions -funroll-all-loops 
FAIL: g77.f-torture/execute/19990419-1.f compilation,  -Os 
FAIL: g77.f-torture/execute/19990826-0.f compilation,  -O0 
FAIL: g77.f-torture/execute/19990826-0.f compilation,  -O1 
FAIL: g77.f-torture/execute/19990826-0.f compilation,  -O2 
FAIL: g77.f-torture/execute/19990826-0.f compilation,  -O2 -fomit-frame-pointer -finline-functions 
FAIL: g77.f-torture/execute/19990826-0.f compilation,  -Os 
FAIL: g77.f-torture/execute/19990826-2.f compilation,  -O0 
FAIL: g77.f-torture/execute/19990826-2.f compilation,  -O1 
FAIL: g77.f-torture/execute/19990826-2.f compilation,  -O2 
FAIL: g77.f-torture/execute/19990826-2.f compilation,  -O2 -fomit-frame-pointer -finline-functions 
FAIL: g77.f-torture/execute/19990826-2.f compilation,  -Os 
FAIL: g77.f-torture/execute/970625-2.f compilation,  -O0 
FAIL: g77.f-torture/execute/970625-2.f compilation,  -O1 
FAIL: g77.f-torture/execute/970625-2.f compilation,  -O2 
FAIL: g77.f-torture/execute/970625-2.f compilation,  -O2 -fomit-frame-pointer -finline-functions 
FAIL: g77.f-torture/execute/970625-2.f compilation,  -O2 -fomit-frame-pointer -finline-functions -funroll-loops 
FAIL: g77.f-torture/execute/970625-2.f compilation,  -O2 -fomit-frame-pointer -finline-functions -funroll-all-loops 
FAIL: g77.f-torture/execute/970625-2.f compilation,  -Os 
FAIL: g77.f-torture/execute/970816-3.f compilation,  -O0 
FAIL: g77.f-torture/execute/970816-3.f compilation,  -O1 
FAIL: g77.f-torture/execute/970816-3.f compilation,  -O2 
FAIL: g77.f-torture/execute/970816-3.f compilation,  -O2 -fomit-frame-pointer -finline-functions 
FAIL: g77.f-torture/execute/970816-3.f compilation,  -Os 
FAIL: g77.f-torture/execute/971102-1.f compilation,  -O0 
FAIL: g77.f-torture/execute/971102-1.f compilation,  -O1 
FAIL: g77.f-torture/execute/971102-1.f compilation,  -O2 
FAIL: g77.f-torture/execute/971102-1.f compilation,  -O2 -fomit-frame-pointer -finline-functions 
FAIL: g77.f-torture/execute/971102-1.f compilation,  -O2 -fomit-frame-pointer -finline-functions -funroll-loops 
FAIL: g77.f-torture/execute/971102-1.f compilation,  -O2 -fomit-frame-pointer -finline-functions -funroll-all-loops 
FAIL: g77.f-torture/execute/971102-1.f compilation,  -Os 
FAIL: g77.f-torture/execute/980520-1.f compilation,  -O0 
FAIL: g77.f-torture/execute/980520-1.f compilation,  -O1 
FAIL: g77.f-torture/execute/980520-1.f compilation,  -O2 
FAIL: g77.f-torture/execute/980520-1.f compilation,  -O2 -fomit-frame-pointer -finline-functions 
FAIL: g77.f-torture/execute/980520-1.f compilation,  -Os 
FAIL: g77.f-torture/execute/980628-0.f compilation,  -O0 
FAIL: g77.f-torture/execute/980628-0.f compilation,  -O1 
FAIL: g77.f-torture/execute/980628-0.f compilation,  -O2 
FAIL: g77.f-torture/execute/980628-0.f compilation,  -O2 -fomit-frame-pointer -finline-functions 
FAIL: g77.f-torture/execute/980628-0.f compilation,  -Os 
FAIL: g77.f-torture/execute/980628-1.f compilation,  -O0 
FAIL: g77.f-torture/execute/980628-1.f compilation,  -O1 
FAIL: g77.f-torture/execute/980628-1.f compilation,  -O2 
FAIL: g77.f-torture/execute/980628-1.f compilation,  -O2 -fomit-frame-pointer -finline-functions 
FAIL: g77.f-torture/execute/980628-1.f compilation,  -Os 
FAIL: g77.f-torture/execute/980628-10.f compilation,  -O0 
FAIL: g77.f-torture/execute/980628-10.f compilation,  -O1 
FAIL: g77.f-torture/execute/980628-10.f compilation,  -O2 
FAIL: g77.f-torture/execute/980628-10.f compilation,  -O2 -fomit-frame-pointer -finline-functions 
FAIL: g77.f-torture/execute/980628-10.f compilation,  -Os 
FAIL: g77.f-torture/execute/980628-2.f compilation,  -O0 
FAIL: g77.f-torture/execute/980628-2.f compilation,  -O1 
FAIL: g77.f-torture/execute/980628-2.f compilation,  -O2 
FAIL: g77.f-torture/execute/980628-2.f compilation,  -O2 -fomit-frame-pointer -finline-functions 
FAIL: g77.f-torture/execute/980628-2.f compilation,  -Os 
FAIL: g77.f-torture/execute/980628-3.f compilation,  -O0 
FAIL: g77.f-torture/execute/980628-3.f compilation,  -O1 
FAIL: g77.f-torture/execute/980628-3.f compilation,  -O2 
FAIL: g77.f-torture/execute/980628-3.f compilation,  -O2 -fomit-frame-pointer -finline-functions 
FAIL: g77.f-torture/execute/980628-3.f compilation,  -Os 
FAIL: g77.f-torture/execute/980628-4.f compilation,  -O0 
FAIL: g77.f-torture/execute/980628-4.f compilation,  -O1 
FAIL: g77.f-torture/execute/980628-4.f compilation,  -O2 
FAIL: g77.f-torture/execute/980628-4.f compilation,  -O2 -fomit-frame-pointer -finline-functions 
FAIL: g77.f-torture/execute/980628-4.f compilation,  -Os 
FAIL: g77.f-torture/execute/980628-5.f compilation,  -O0 
FAIL: g77.f-torture/execute/980628-5.f compilation,  -O1 
FAIL: g77.f-torture/execute/980628-5.f compilation,  -O2 
FAIL: g77.f-torture/execute/980628-5.f compilation,  -O2 -fomit-frame-pointer -finline-functions 
FAIL: g77.f-torture/execute/980628-5.f compilation,  -Os 
FAIL: g77.f-torture/execute/980628-6.f compilation,  -O0 
FAIL: g77.f-torture/execute/980628-6.f compilation,  -O1 
FAIL: g77.f-torture/execute/980628-6.f compilation,  -O2 
FAIL: g77.f-torture/execute/980628-6.f compilation,  -O2 -fomit-frame-pointer -finline-functions 
FAIL: g77.f-torture/execute/980628-6.f compilation,  -Os 
FAIL: g77.f-torture/execute/980628-7.f compilation,  -O0 
FAIL: g77.f-torture/execute/980628-7.f compilation,  -O1 
FAIL: g77.f-torture/execute/980628-7.f compilation,  -O2 
FAIL: g77.f-torture/execute/980628-7.f compilation,  -O2 -fomit-frame-pointer -finline-functions 
FAIL: g77.f-torture/execute/980628-7.f compilation,  -Os 
FAIL: g77.f-torture/execute/980628-8.f compilation,  -O0 
FAIL: g77.f-torture/execute/980628-8.f compilation,  -O1 
FAIL: g77.f-torture/execute/980628-8.f compilation,  -O2 
FAIL: g77.f-torture/execute/980628-8.f compilation,  -O2 -fomit-frame-pointer -finline-functions 
FAIL: g77.f-torture/execute/980628-8.f compilation,  -Os 
FAIL: g77.f-torture/execute/980628-9.f compilation,  -O0 
FAIL: g77.f-torture/execute/980628-9.f compilation,  -O1 
FAIL: g77.f-torture/execute/980628-9.f compilation,  -O2 
FAIL: g77.f-torture/execute/980628-9.f compilation,  -O2 -fomit-frame-pointer -finline-functions 
FAIL: g77.f-torture/execute/980628-9.f compilation,  -Os 
FAIL: g77.f-torture/execute/980701-0.f compilation,  -O0 
FAIL: g77.f-torture/execute/980701-0.f compilation,  -O1 
FAIL: g77.f-torture/execute/980701-0.f compilation,  -O2 
FAIL: g77.f-torture/execute/980701-0.f compilation,  -O2 -fomit-frame-pointer -finline-functions 
FAIL: g77.f-torture/execute/980701-0.f compilation,  -Os 
FAIL: g77.f-torture/execute/980701-1.f compilation,  -O0 
FAIL: g77.f-torture/execute/980701-1.f compilation,  -O1 
FAIL: g77.f-torture/execute/980701-1.f compilation,  -O2 
FAIL: g77.f-torture/execute/980701-1.f compilation,  -O2 -fomit-frame-pointer -finline-functions 
FAIL: g77.f-torture/execute/980701-1.f compilation,  -Os 
FAIL: g77.f-torture/execute/alpha2.f compilation,  -O0 
FAIL: g77.f-torture/execute/alpha2.f compilation,  -O1 
FAIL: g77.f-torture/execute/alpha2.f compilation,  -O2 
FAIL: g77.f-torture/execute/alpha2.f compilation,  -O2 -fomit-frame-pointer -finline-functions 
FAIL: g77.f-torture/execute/alpha2.f compilation,  -Os 
FAIL: g77.f-torture/execute/auto0.f compilation,  -O0 
FAIL: g77.f-torture/execute/auto0.f compilation,  -O1 
FAIL: g77.f-torture/execute/auto0.f compilation,  -O2 
FAIL: g77.f-torture/execute/auto0.f compilation,  -O2 -fomit-frame-pointer -finline-functions 
FAIL: g77.f-torture/execute/auto0.f compilation,  -O2 -fomit-frame-pointer -finline-functions -funroll-loops 
FAIL: g77.f-torture/execute/auto0.f compilation,  -O2 -fomit-frame-pointer -finline-functions -funroll-all-loops 
FAIL: g77.f-torture/execute/auto0.f compilation,  -Os 
FAIL: g77.f-torture/execute/auto1.f compilation,  -O0 
FAIL: g77.f-torture/execute/auto1.f compilation,  -O1 
FAIL: g77.f-torture/execute/auto1.f compilation,  -O2 
FAIL: g77.f-torture/execute/auto1.f compilation,  -O2 -fomit-frame-pointer -finline-functions 
FAIL: g77.f-torture/execute/auto1.f compilation,  -O2 -fomit-frame-pointer -finline-functions -funroll-loops 
FAIL: g77.f-torture/execute/auto1.f compilation,  -O2 -fomit-frame-pointer -finline-functions -funroll-all-loops 
FAIL: g77.f-torture/execute/auto1.f compilation,  -Os 
FAIL: g77.f-torture/execute/cabs.f compilation,  -O0 
FAIL: g77.f-torture/execute/cabs.f compilation,  -O1 
FAIL: g77.f-torture/execute/cabs.f compilation,  -O2 
FAIL: g77.f-torture/execute/cabs.f compilation,  -O2 -fomit-frame-pointer -finline-functions 
FAIL: g77.f-torture/execute/cabs.f compilation,  -Os 
FAIL: g77.f-torture/execute/claus.f compilation,  -O0 
FAIL: g77.f-torture/execute/claus.f compilation,  -O1 
FAIL: g77.f-torture/execute/claus.f compilation,  -O2 
FAIL: g77.f-torture/execute/claus.f compilation,  -O2 -fomit-frame-pointer -finline-functions 
FAIL: g77.f-torture/execute/claus.f compilation,  -O2 -fomit-frame-pointer -finline-functions -funroll-loops 
FAIL: g77.f-torture/execute/claus.f compilation,  -O2 -fomit-frame-pointer -finline-functions -funroll-all-loops 
FAIL: g77.f-torture/execute/claus.f compilation,  -Os 
FAIL: g77.f-torture/execute/complex_1.f compilation,  -O0 
FAIL: g77.f-torture/execute/complex_1.f compilation,  -O1 
FAIL: g77.f-torture/execute/complex_1.f compilation,  -O2 
FAIL: g77.f-torture/execute/complex_1.f compilation,  -O2 -fomit-frame-pointer -finline-functions 
FAIL: g77.f-torture/execute/complex_1.f compilation,  -Os 
FAIL: g77.f-torture/execute/dcomplex.f compilation,  -O0 
FAIL: g77.f-torture/execute/dcomplex.f compilation,  -O1 
FAIL: g77.f-torture/execute/dcomplex.f compilation,  -O2 
FAIL: g77.f-torture/execute/dcomplex.f compilation,  -O2 -fomit-frame-pointer -finline-functions 
FAIL: g77.f-torture/execute/dcomplex.f compilation,  -Os 
FAIL: g77.f-torture/execute/dnrm2.f compilation,  -O0 
FAIL: g77.f-torture/execute/dnrm2.f compilation,  -O1 
FAIL: g77.f-torture/execute/dnrm2.f compilation,  -O2 
FAIL: g77.f-torture/execute/dnrm2.f compilation,  -O2 -fomit-frame-pointer -finline-functions 
FAIL: g77.f-torture/execute/dnrm2.f compilation,  -O2 -fomit-frame-pointer -finline-functions -funroll-loops 
FAIL: g77.f-torture/execute/dnrm2.f compilation,  -O2 -fomit-frame-pointer -finline-functions -funroll-all-loops 
FAIL: g77.f-torture/execute/dnrm2.f compilation,  -Os 
FAIL: g77.f-torture/execute/erfc.f compilation,  -O0 
FAIL: g77.f-torture/execute/erfc.f compilation,  -O1 
FAIL: g77.f-torture/execute/erfc.f compilation,  -O2 
FAIL: g77.f-torture/execute/erfc.f compilation,  -O2 -fomit-frame-pointer -finline-functions 
FAIL: g77.f-torture/execute/erfc.f compilation,  -Os 
FAIL: g77.f-torture/execute/exp.f compilation,  -O0 
FAIL: g77.f-torture/execute/exp.f compilation,  -O1 
FAIL: g77.f-torture/execute/exp.f compilation,  -O2 
FAIL: g77.f-torture/execute/exp.f compilation,  -O2 -fomit-frame-pointer -finline-functions 
FAIL: g77.f-torture/execute/exp.f compilation,  -Os 
FAIL: g77.f-torture/execute/io0.f compilation,  -O0 
FAIL: g77.f-torture/execute/io0.f compilation,  -O1 
FAIL: g77.f-torture/execute/io0.f compilation,  -O2 
FAIL: g77.f-torture/execute/io0.f compilation,  -O2 -fomit-frame-pointer -finline-functions 
FAIL: g77.f-torture/execute/io0.f compilation,  -Os 
FAIL: g77.f-torture/execute/io1.f compilation,  -O0 
FAIL: g77.f-torture/execute/io1.f compilation,  -O1 
FAIL: g77.f-torture/execute/io1.f compilation,  -O2 
FAIL: g77.f-torture/execute/io1.f compilation,  -O2 -fomit-frame-pointer -finline-functions 
FAIL: g77.f-torture/execute/io1.f compilation,  -Os 
FAIL: g77.f-torture/execute/labug1.f compilation,  -O0 
FAIL: g77.f-torture/execute/labug1.f compilation,  -O1 
FAIL: g77.f-torture/execute/labug1.f compilation,  -O2 
FAIL: g77.f-torture/execute/labug1.f compilation,  -O2 -fomit-frame-pointer -finline-functions 
FAIL: g77.f-torture/execute/labug1.f compilation,  -O2 -fomit-frame-pointer -finline-functions -funroll-loops 
FAIL: g77.f-torture/execute/labug1.f compilation,  -O2 -fomit-frame-pointer -finline-functions -funroll-all-loops 
FAIL: g77.f-torture/execute/labug1.f compilation,  -Os 
FAIL: g77.f-torture/execute/large_vec.f compilation,  -O0 
FAIL: g77.f-torture/execute/large_vec.f compilation,  -O1 
FAIL: g77.f-torture/execute/large_vec.f compilation,  -O2 
FAIL: g77.f-torture/execute/large_vec.f compilation,  -O2 -fomit-frame-pointer -finline-functions 
FAIL: g77.f-torture/execute/large_vec.f compilation,  -Os 
FAIL: g77.f-torture/execute/le.f compilation,  -O0 
FAIL: g77.f-torture/execute/le.f compilation,  -O1 
FAIL: g77.f-torture/execute/le.f compilation,  -O2 
FAIL: g77.f-torture/execute/le.f compilation,  -O2 -fomit-frame-pointer -finline-functions 
FAIL: g77.f-torture/execute/le.f compilation,  -Os 
FAIL: g77.f-torture/execute/short.f compilation,  -O0 
FAIL: g77.f-torture/execute/short.f compilation,  -O1 
FAIL: g77.f-torture/execute/short.f compilation,  -O2 
FAIL: g77.f-torture/execute/short.f compilation,  -O2 -fomit-frame-pointer -finline-functions 
FAIL: g77.f-torture/execute/short.f compilation,  -O2 -fomit-frame-pointer -finline-functions -funroll-loops 
FAIL: g77.f-torture/execute/short.f compilation,  -O2 -fomit-frame-pointer -finline-functions -funroll-all-loops 
FAIL: g77.f-torture/execute/short.f compilation,  -Os 
FAIL: g77.f-torture/execute/u77-test.f compilation,  -O0 
FAIL: g77.f-torture/execute/u77-test.f compilation,  -O1 
FAIL: g77.f-torture/execute/u77-test.f compilation,  -O2 
FAIL: g77.f-torture/execute/u77-test.f compilation,  -O2 -fomit-frame-pointer -finline-functions 
FAIL: g77.f-torture/execute/u77-test.f compilation,  -O2 -fomit-frame-pointer -finline-functions -funroll-loops 
FAIL: g77.f-torture/execute/u77-test.f compilation,  -O2 -fomit-frame-pointer -finline-functions -funroll-all-loops 
FAIL: g77.f-torture/execute/u77-test.f compilation,  -Os 
FAIL: g77.f-torture/execute/cpp.F compilation,  -O0 
FAIL: g77.f-torture/execute/cpp.F compilation,  -O1 
FAIL: g77.f-torture/execute/cpp.F compilation,  -O2 
FAIL: g77.f-torture/execute/cpp.F compilation,  -O2 -fomit-frame-pointer -finline-functions 
FAIL: g77.f-torture/execute/cpp.F compilation,  -Os 
FAIL: g77.f-torture/execute/cpp2.F compilation,  -O0 
FAIL: g77.f-torture/execute/cpp2.F compilation,  -O1 
FAIL: g77.f-torture/execute/cpp2.F compilation,  -O2 
FAIL: g77.f-torture/execute/cpp2.F compilation,  -O2 -fomit-frame-pointer -finline-functions 
FAIL: g77.f-torture/execute/cpp2.F compilation,  -Os 
FAIL: g77.f-torture/noncompile/check0.f

		=== g77 Summary ===

# of unexpected failures	414
# of untested testcases		250
		=== objc tests ===


Running target unix
FAIL: objc/execute/bf-10.m execution,  -O 
FAIL: objc/execute/bf-16.m execution,  -O 
FAIL: objc/execute/bf-17.m execution,  -O 

		=== objc Summary ===

# of expected passes		35
# of unexpected failures	3
/user/rand/rdb/src/egcs-20000327.chk/gcc/xgcc version 2.96 20000327 (experimental)


Compiler version: 2.96 20000327 (experimental) 
Platform: alpha-dec-osf4.0e
configure flags: --with-gcc-version-trigger=/user/rand/rdb/src/egcs-20000327/gcc/version.c --host=alpha-dec-osf4.0e --enable-checking --norecursion
Counting all warnings,
there are 362 warnings in stage3 of this bootstrap.

Number of warnings per file:
 150 /usr/include/sys/select.h
  70 /usr/include/strings.h
  14 ../../../egcs-20000327/gcc/f/global.c
  10 ../../../egcs-20000327/gcc/f/storag.c
   8 ../../../egcs-20000327/gcc/f/lex.c
   8 ../../../egcs-20000327/gcc/f/equiv.c
   6 ../../../egcs-20000327/gcc/f/expr.c
   5 ../../egcs-20000327/gcc/mips-tfile.c
   5 ../../../egcs-20000327/libiberty/pexecute.c
   5 ../../../../egcs-20000327/libiberty/pexecute.c
   4 ../../../egcs-20000327/gcc/f/ste.c
   2 str-ot.j
   2 str-1t.j
   2 ../../egcs-20000327/gcc/calls.c
   2 ../../../egcs-20000327/libobjc/selector.c
   2 ../../../egcs-20000327/libobjc/objects.c
   2 ../../../egcs-20000327/libobjc/archive.c
   2 ../../../egcs-20000327/libiberty/getopt.c
   2 ../../../egcs-20000327/libchill/waitbuffer.c
   2 ../../../egcs-20000327/libchill/sendbuffer.c
   2 ../../../egcs-20000327/libchill/delaycase.c
   2 ../../../egcs-20000327/libchill/concatstr.c
   2 ../../../egcs-20000327/gcc/java/jcf-write.c
   2 ../../../egcs-20000327/gcc/f/symbol.c
   2 ../../../egcs-20000327/gcc/f/std.c
   2 ../../../egcs-20000327/gcc/f/com.c
   2 ../../../egcs-20000327/gcc/f/bad.c
   2 ../../../../egcs-20000327/libobjc/selector.c
   2 ../../../../egcs-20000327/libobjc/objects.c
   2 ../../../../egcs-20000327/libobjc/archive.c
   2 ../../../../egcs-20000327/libiberty/getopt.c
   2 ../../../../egcs-20000327/libchill/waitbuffer.c
   2 ../../../../egcs-20000327/libchill/sendbuffer.c
   2 ../../../../egcs-20000327/libchill/delaycase.c
   2 ../../../../egcs-20000327/libchill/concatstr.c
   1 str-op.j
   1 str-nq.j
   1 str-io.j
   1 str-fo.j
   1 str-2t.j
   1 /usr/local/lib/gcc-lib/alpha-dec-osf4.0e/2.95.2/include/va_list.h
   1 /usr/local/lib/gcc-lib/alpha-dec-osf4.0e/2.95.2/include/va-alpha.h
   1 ./parse.y
   1 ../../egcs-20000327/gcc/varasm.c
   1 ../../egcs-20000327/gcc/loop.c
   1 ../../egcs-20000327/gcc/gcc.c
   1 ../../egcs-20000327/gcc/fold-const.c
   1 ../../egcs-20000327/gcc/dwarf2out.c
   1 ../../egcs-20000327/gcc/bb-reorder.c
   1 ../../../egcs-20000327/libiberty/xmemdup.c
   1 ../../../egcs-20000327/libiberty/partition.c
   1 ../../../egcs-20000327/libiberty/hashtab.c
   1 ../../../egcs-20000327/libchill/printevent.c
   1 ../../../egcs-20000327/libchill/printbuffer.c
   1 ../../../egcs-20000327/libchill/memmove.c
   1 ../../../egcs-20000327/gcc/cp/rtti.c
   1 ../../../egcs-20000327/gcc/cp/cfns.h
   1 ../../../egcs-20000327/gcc/ch/grant.c
   1 ../../../../egcs-20000327/libiberty/xmemdup.c
   1 ../../../../egcs-20000327/libiberty/partition.c
   1 ../../../../egcs-20000327/libiberty/hashtab.c
   1 ../../../../egcs-20000327/libchill/printevent.c
   1 ../../../../egcs-20000327/libchill/printbuffer.c
   1 ../../../../egcs-20000327/libchill/memmove.c

Number of warning types:
  52 Use of ANSI string concatenation
  44 ambiguates built-in declaration
  40 type mismatch in implicit declaration for built-in function `???'
  30 unsigned int)'
  30 new declaration `void bzero
  30 `void bzero (void *, long
  30 (char *, int)'
  14 new declaration `int bcmp (const
  14 char *, const char *, int)'
  14 `long' switch expression not converted to `int' in ANSI C
  14 `int bcmp (const void *, const void
  14 *, long unsigned int)'
   8 variable `???' might be clobbered by `longjmp' or `vfork'
   7 comparison between signed and unsigned
   5 unused parameter `???'
   5 `???' might be used uninitialized in this function
   2 comparison of distinct pointer types lacks a cast
   1 signed and unsigned type in conditional expression
   1 redefinition of `???'
   1 missing initializer
   1 implicit declaration of function `???'
   1 control reaches end of non-void function
   1 assignment discards qualifiers from pointer target type
   1 `???' previously declared here
   1 `???' defined but not used
   1 (near initialization for `???')


More information about the Gcc-testresults mailing list