Results for 2.96 20000327 (experimental) testsuite on i586-sco-sysv5uw7.1.0

Rodney Brown rdb@localhost
Thu Mar 30 06:06:00 GMT 2000


Native configuration is i586-sco-sysv5uw7.1.0

		=== libio tests ===


Running target unix

		=== libio Summary for unix ===

# of expected passes		40

Running target unix/-march=i486

		=== libio Summary for unix/-march=i486 ===

# of expected passes		40

Running target unix/-march=i386

		=== libio Summary for unix/-march=i386 ===

# of expected passes		40

		=== libio Summary ===

# of expected passes		120
		=== libstdc++ tests ===


Running target unix

		=== libstdc++ Summary for unix ===

# of expected passes		30

Running target unix/-march=i486

		=== libstdc++ Summary for unix/-march=i486 ===

# of expected passes		30

Running target unix/-march=i386

		=== libstdc++ Summary for unix/-march=i386 ===

# of expected passes		30

		=== libstdc++ Summary ===

# of expected passes		90
		=== gcc tests ===


Running target unix
FAIL: gcc.c-torture/execute/20000225-1.c execution,  -O2 
FAIL: gcc.c-torture/execute/20000225-1.c execution,  -O3 -fomit-frame-pointer 
FAIL: gcc.c-torture/execute/20000225-1.c execution,  -O3 -fomit-frame-pointer -funroll-loops 
FAIL: gcc.c-torture/execute/20000225-1.c execution,  -O3 -fomit-frame-pointer -funroll-all-loops -finline-functions 
FAIL: gcc.c-torture/execute/20000225-1.c execution,  -O3 -g 
FAIL: gcc.c-torture/execute/20000225-1.c execution,  -Os 
FAIL: gcc.c-torture/execute/20000313-1.c execution,  -O1 
FAIL: gcc.c-torture/execute/20000313-1.c execution,  -O2 
FAIL: gcc.c-torture/execute/20000313-1.c execution,  -Os 
FAIL: gcc.c-torture/execute/991221-1.c execution,  -O1 
FAIL: gcc.c-torture/execute/991221-1.c execution,  -O2 
FAIL: gcc.c-torture/execute/991221-1.c execution,  -O3 -fomit-frame-pointer 
FAIL: gcc.c-torture/execute/991221-1.c execution,  -O3 -g 
FAIL: gcc.c-torture/execute/991221-1.c execution,  -Os 
FAIL: gcc.c-torture/execute/ieee/fp-cmp-4.c compilation,  -O0 
FAIL: gcc.c-torture/execute/ieee/fp-cmp-4.c compilation,  -O1 
FAIL: gcc.c-torture/execute/ieee/fp-cmp-4.c compilation,  -O2 
FAIL: gcc.c-torture/execute/ieee/fp-cmp-4.c compilation,  -O3 -fomit-frame-pointer 
FAIL: gcc.c-torture/execute/ieee/fp-cmp-4.c compilation,  -O3 -fomit-frame-pointer -funroll-loops 
FAIL: gcc.c-torture/execute/ieee/fp-cmp-4.c compilation,  -O3 -fomit-frame-pointer -funroll-all-loops -finline-functions 
FAIL: gcc.c-torture/execute/ieee/fp-cmp-4.c compilation,  -O3 -g 
FAIL: gcc.c-torture/execute/ieee/fp-cmp-4.c compilation,  -Os 
FAIL: gcc.c-torture/special/eeprof-1.c compilation,  -O0 
FAIL: gcc.c-torture/special/eeprof-1.c compilation,  -O1 
FAIL: gcc.c-torture/special/eeprof-1.c compilation,  -O2 
FAIL: gcc.c-torture/special/eeprof-1.c compilation,  -O3 -fomit-frame-pointer 
FAIL: gcc.c-torture/special/eeprof-1.c compilation,  -O3 -g 
FAIL: gcc.c-torture/special/eeprof-1.c compilation,  -Os 
FAIL: gcc.dg/991214-1.c (test for excess errors)
FAIL: cpp-mi.c: redundant include check
FAIL: gcc.dg/cpp-redef-2.c anon varargs (test for warnings, line 15)
FAIL: gcc.dg/cpp-wi1.c (test for excess errors)
FAIL: gcc.dg/noreturn-1.c this function should not get any warnings (test for bogus messages, line 50)
FAIL: gcc.dg/noreturn-1.c detect return from tail call (test for warnings, line 57)
FAIL: gcc.dg/pr-impl.c stdio.h (test for warnings, line 7)

		=== gcc Summary ===

# of expected passes		9381
# of unexpected failures	35
# of expected failures		25
# of unresolved testcases	17
# of unsupported tests		14
/devel/src/egcs-20000327.obj/gcc/xgcc version 2.96 20000327 (experimental)

		=== g++ tests ===


Running target unix
FAIL: g++.dg/special/conpr-1.C execution test
FAIL: g++.dg/special/conpr-2.C execution test
FAIL: g++.dg/special/conpr-3.C execution test
FAIL: g++.dg/special/conpr-3.C execution test
FAIL: g++.brendan/code-gen5.C (test for excess errors)
FAIL: g++.bugs/900407_02.C (test for excess errors)
FAIL: g++.eh/crash3.C caused compiler crash
FAIL: g++.eh/spec2.C  Execution test
FAIL: g++.eh/spec3.C  Execution test
FAIL: g++.ext/initp1.C  Execution test
FAIL: g++.law/profile1.C (test for excess errors)
FAIL: g++.mike/dyncast1.C  Execution test
FAIL: g++.mike/dyncast2.C  Execution test
FAIL: g++.mike/eh33.C  Execution test
FAIL: g++.mike/eh50.C  Execution test
FAIL: g++.mike/eh51.C  Execution test
FAIL: g++.oliva/template7.C caused compiler crash
FAIL: g++.other/ptrmem6.C (test for excess errors)
FAIL: g++.pt/crash44.C (test for excess errors)
XPASS: g++.pt/decl2.C ICE - (test for errors, line 8)
FAIL: g++.pt/static10.C ANSI C++ forbids in-class initialization of non-const static member `x' (test for errors, line 15)

		=== g++ Summary for unix ===

# of expected passes		5794
# of unexpected failures	20
# of unexpected successes	1
# of expected failures		87
# of untested testcases		14

Running target unix/-march=i486
FAIL: g++.dg/special/conpr-1.C execution test
FAIL: g++.dg/special/conpr-2.C execution test
FAIL: g++.dg/special/conpr-3.C execution test
FAIL: g++.dg/special/conpr-3.C execution test
FAIL: g++.brendan/code-gen5.C (test for excess errors)
FAIL: g++.bugs/900407_02.C (test for excess errors)
FAIL: g++.eh/crash3.C caused compiler crash
FAIL: g++.eh/spec2.C  Execution test
FAIL: g++.eh/spec3.C  Execution test
FAIL: g++.ext/initp1.C  Execution test
FAIL: g++.law/profile1.C (test for excess errors)
FAIL: g++.mike/dyncast1.C  Execution test
FAIL: g++.mike/dyncast2.C  Execution test
FAIL: g++.mike/eh33.C  Execution test
FAIL: g++.mike/eh50.C  Execution test
FAIL: g++.mike/eh51.C  Execution test
FAIL: g++.oliva/template7.C caused compiler crash
FAIL: g++.other/ptrmem6.C (test for excess errors)
FAIL: g++.pt/crash44.C (test for excess errors)
XPASS: g++.pt/decl2.C ICE - (test for errors, line 8)
FAIL: g++.pt/static10.C ANSI C++ forbids in-class initialization of non-const static member `x' (test for errors, line 15)

		=== g++ Summary for unix/-march=i486 ===

# of expected passes		5794
# of unexpected failures	20
# of unexpected successes	1
# of expected failures		87
# of untested testcases		14

Running target unix/-march=i386
FAIL: g++.dg/special/conpr-1.C execution test
FAIL: g++.dg/special/conpr-2.C execution test
FAIL: g++.dg/special/conpr-3.C execution test
FAIL: g++.dg/special/conpr-3.C execution test
FAIL: g++.brendan/code-gen5.C (test for excess errors)
FAIL: g++.bugs/900407_02.C (test for excess errors)
FAIL: g++.eh/crash3.C caused compiler crash
FAIL: g++.eh/spec2.C  Execution test
FAIL: g++.eh/spec3.C  Execution test
FAIL: g++.ext/initp1.C  Execution test
FAIL: g++.law/profile1.C (test for excess errors)
FAIL: g++.mike/dyncast1.C  Execution test
FAIL: g++.mike/dyncast2.C  Execution test
FAIL: g++.mike/eh33.C  Execution test
FAIL: g++.mike/eh50.C  Execution test
FAIL: g++.mike/eh51.C  Execution test
FAIL: g++.oliva/template7.C caused compiler crash
FAIL: g++.other/ptrmem6.C (test for excess errors)
FAIL: g++.pt/crash44.C (test for excess errors)
XPASS: g++.pt/decl2.C ICE - (test for errors, line 8)
FAIL: g++.pt/static10.C ANSI C++ forbids in-class initialization of non-const static member `x' (test for errors, line 15)

		=== g++ Summary for unix/-march=i386 ===

# of expected passes		5794
# of unexpected failures	20
# of unexpected successes	1
# of expected failures		87
# of untested testcases		14

		=== g++ Summary ===

# of expected passes		17382
# of unexpected failures	60
# of unexpected successes	3
# of expected failures		261
# of untested testcases		42
/devel/src/egcs-20000327.obj/gcc/testsuite/../g++ version 2.96 20000327 (experimental)

		=== g77 tests ===


Running target unix
FAIL: g77.f-torture/execute/19990325-0.f compilation,  -O0 
FAIL: g77.f-torture/execute/19990325-0.f compilation,  -O1 
FAIL: g77.f-torture/execute/19990325-0.f compilation,  -O2 
FAIL: g77.f-torture/execute/19990325-0.f compilation,  -O2 -fomit-frame-pointer -finline-functions 
FAIL: g77.f-torture/execute/19990325-0.f compilation,  -Os 
FAIL: g77.f-torture/execute/19990325-1.f compilation,  -O0 
FAIL: g77.f-torture/execute/19990325-1.f compilation,  -O1 
FAIL: g77.f-torture/execute/19990325-1.f compilation,  -O2 
FAIL: g77.f-torture/execute/19990325-1.f compilation,  -O2 -fomit-frame-pointer -finline-functions 
FAIL: g77.f-torture/execute/19990325-1.f compilation,  -Os 
FAIL: g77.f-torture/execute/short.f execution,  -Os 

		=== g77 Summary for unix ===

# of expected passes		643
# of unexpected failures	11
# of untested testcases		10

Running target unix/-march=i486
FAIL: g77.f-torture/execute/19990325-0.f compilation,  -O0 
FAIL: g77.f-torture/execute/19990325-0.f compilation,  -O1 
FAIL: g77.f-torture/execute/19990325-0.f compilation,  -O2 
FAIL: g77.f-torture/execute/19990325-0.f compilation,  -O2 -fomit-frame-pointer -finline-functions 
FAIL: g77.f-torture/execute/19990325-0.f compilation,  -Os 
FAIL: g77.f-torture/execute/19990325-1.f compilation,  -O0 
FAIL: g77.f-torture/execute/19990325-1.f compilation,  -O1 
FAIL: g77.f-torture/execute/19990325-1.f compilation,  -O2 
FAIL: g77.f-torture/execute/19990325-1.f compilation,  -O2 -fomit-frame-pointer -finline-functions 
FAIL: g77.f-torture/execute/19990325-1.f compilation,  -Os 
FAIL: g77.f-torture/execute/short.f execution,  -Os 

		=== g77 Summary for unix/-march=i486 ===

# of expected passes		643
# of unexpected failures	11
# of untested testcases		10

Running target unix/-march=i386
FAIL: g77.f-torture/execute/19990325-0.f compilation,  -O0 
FAIL: g77.f-torture/execute/19990325-0.f compilation,  -O1 
FAIL: g77.f-torture/execute/19990325-0.f compilation,  -O2 
FAIL: g77.f-torture/execute/19990325-0.f compilation,  -O2 -fomit-frame-pointer -finline-functions 
FAIL: g77.f-torture/execute/19990325-0.f compilation,  -Os 
FAIL: g77.f-torture/execute/19990325-1.f compilation,  -O0 
FAIL: g77.f-torture/execute/19990325-1.f compilation,  -O1 
FAIL: g77.f-torture/execute/19990325-1.f compilation,  -O2 
FAIL: g77.f-torture/execute/19990325-1.f compilation,  -O2 -fomit-frame-pointer -finline-functions 
FAIL: g77.f-torture/execute/19990325-1.f compilation,  -Os 
FAIL: g77.f-torture/execute/short.f execution,  -Os 

		=== g77 Summary for unix/-march=i386 ===

# of expected passes		643
# of unexpected failures	11
# of untested testcases		10

		=== g77 Summary ===

# of expected passes		1929
# of unexpected failures	33
# of untested testcases		30
		=== objc tests ===


Running target unix

		=== objc Summary for unix ===

# of expected passes		38

Running target unix/-march=i486

		=== objc Summary for unix/-march=i486 ===

# of expected passes		38

Running target unix/-march=i386

		=== objc Summary for unix/-march=i386 ===

# of expected passes		38

		=== objc Summary ===

# of expected passes		114
/devel/src/egcs-20000327.obj/gcc/xgcc version 2.96 20000327 (experimental)


Compiler version: 2.96 20000327 (experimental) 
Platform: i586-sco-sysv5uw7.1.0
configure flags: --with-gcc-version-trigger=/devel/src/egcs-20000327/gcc/version.c --host=i586-sco-sysv5uw7.1.0 --norecursion
Counting all warnings,
there are 1342 warnings in stage3 of this bootstrap.

Number of warnings per file:
300 ../../egcs-20000327/gcc/regclass.c
188 include/stdlib.h
188 include/stdio.h
111 ../../egcs-20000327/gcc/reload1.c
84 ../../egcs-20000327/gcc/combine.c
54 ../../egcs-20000327/gcc/dwarfout.c
42 ../../../egcs-20000327/gcc/f/global.c
30 ../../egcs-20000327/gcc/reg-stack.c
30 ../../../egcs-20000327/gcc/f/storag.c
24 ../../../egcs-20000327/gcc/f/lex.c
24 ../../../egcs-20000327/gcc/f/equiv.c
21 ../../egcs-20000327/gcc/varasm.c
21 ../../egcs-20000327/gcc/reload.c
18 ../../egcs-20000327/gcc/expr.c
18 ../../../egcs-20000327/gcc/f/expr.c
15 ../../egcs-20000327/gcc/cse.c
12 cc1plus
12 ../../egcs-20000327/gcc/dwarf2out.c
12 ../../../egcs-20000327/gcc/f/ste.c
6 str-ot.j
6 str-1t.j
6 insn-emit.c
6 ../../egcs-20000327/gcc/stor-layout.c
6 ../../egcs-20000327/gcc/simplify-rtx.c
6 ../../egcs-20000327/gcc/regmove.c
6 ../../egcs-20000327/gcc/function.c
6 ../../egcs-20000327/gcc/fold-const.c
6 ../../egcs-20000327/gcc/config/i386/i386.c
6 ../../egcs-20000327/gcc/calls.c
6 ../../egcs-20000327/gcc/alias.c
6 ../../../egcs-20000327/gcc/f/symbol.c
6 ../../../egcs-20000327/gcc/f/std.c
6 ../../../egcs-20000327/gcc/f/com.c
6 ../../../egcs-20000327/gcc/f/bad.c
3 str-op.j
3 str-nq.j
3 str-io.j
3 str-fo.j
3 str-2t.j
3 ./parse.y
3 ../../egcs-20000327/gcc/stmt.c
3 ../../egcs-20000327/gcc/loop.c
3 ../../egcs-20000327/gcc/gcc.c
3 ../../egcs-20000327/gcc/expmed.c
3 ../../egcs-20000327/gcc/dbxout.c
3 ../../egcs-20000327/gcc/bb-reorder.c
3 ../../../egcs-20000327/gcc/cp/rtti.c
3 ../../../egcs-20000327/gcc/cp/class.c
3 ../../../egcs-20000327/gcc/cp/cfns.h
3 ../../../egcs-20000327/gcc/ch/grant.c

Number of warning types:
450 signed and unsigned type in conditional expression
249 comparison between signed and unsigned
191 `???' defined but not used
188 ignoring pragma: 
156 Use of ANSI string concatenation
42 `long' switch expression not converted to `int' in ANSI C
18 ??? format, ??? arg (arg ???)
12 `???' might be used uninitialized in this function
12 Ignoring command line option '-Wtraditional'
6 unused variable `???'
6 comparison of unsigned expression >= 0 is always true
3 unused parameter `???'
3 empty body in an if-statement
3 control reaches end of non-void function
3 assignment discards qualifiers from pointer target type


More information about the Gcc-testresults mailing list