Results for 2.96 20000327 (experimental) testsuite on rs6000-ibm-aix4.2.0.0
Rodney Brown
rdb@localhost
Thu Mar 30 06:05:00 GMT 2000
Native configuration is rs6000-ibm-aix4.2.0.0
=== libstdc++ tests ===
Running target unix
=== libstdc++ Summary ===
# of expected passes 30
=== gcc tests ===
Running target unix
FAIL: gcc.c-torture/compile/981001-2.c, -O3 -fomit-frame-pointer
FAIL: gcc.c-torture/compile/981001-2.c, -O3 -g
FAIL: gcc.c-torture/execute/20000225-1.c execution, -O2
FAIL: gcc.c-torture/execute/20000225-1.c execution, -O3 -fomit-frame-pointer
FAIL: gcc.c-torture/execute/20000225-1.c execution, -O3 -fomit-frame-pointer -funroll-loops
FAIL: gcc.c-torture/execute/20000225-1.c execution, -O3 -fomit-frame-pointer -funroll-all-loops -finline-functions
FAIL: gcc.c-torture/execute/20000225-1.c execution, -O3 -g
FAIL: gcc.c-torture/execute/20000225-1.c execution, -Os
FAIL: gcc.c-torture/execute/991221-1.c execution, -O1
FAIL: gcc.c-torture/execute/991221-1.c execution, -O2
FAIL: gcc.c-torture/execute/991221-1.c execution, -O3 -fomit-frame-pointer
FAIL: gcc.c-torture/execute/991221-1.c execution, -O3 -g
FAIL: gcc.c-torture/execute/991221-1.c execution, -Os
XPASS: gcc.c-torture/execute/memcheck/blkarg.c execution, -O0
XPASS: gcc.c-torture/execute/memcheck/blkarg.c execution, -O1
XPASS: gcc.c-torture/execute/memcheck/blkarg.c execution, -O2
XPASS: gcc.c-torture/execute/memcheck/blkarg.c execution, -O3 -fomit-frame-pointer
XPASS: gcc.c-torture/execute/memcheck/blkarg.c execution, -O3 -g
XPASS: gcc.c-torture/execute/memcheck/blkarg.c execution, -Os
FAIL: gcc.c-torture/noncompile/990416-1.c
FAIL: gcc.c-torture/noncompile/990416-1.c
FAIL: gcc.c-torture/noncompile/990416-1.c
FAIL: gcc.c-torture/noncompile/poison-1.c
FAIL: gcc.c-torture/special/eeprof-1.c execution, -O0
FAIL: gcc.c-torture/special/eeprof-1.c execution, -O1
FAIL: gcc.c-torture/special/eeprof-1.c execution, -O2
FAIL: gcc.c-torture/special/eeprof-1.c execution, -O3 -fomit-frame-pointer
FAIL: gcc.c-torture/special/eeprof-1.c execution, -O3 -g
FAIL: gcc.c-torture/special/eeprof-1.c execution, -Os
FAIL: cpp-mi.c: redundant include check
FAIL: gcc.dg/cpp-redef-2.c redef va (test for warnings, line 15)
FAIL: gcc.dg/cpp-redef-2.c prev def va (test for warnings, line 14)
FAIL: gcc.dg/cpp-redef-2.c anon varargs (test for warnings, line 15)
FAIL: gcc.dg/cpp-redef-2.c (test for excess errors)
FAIL: gcc.dg/cpp-wi1.c (test for excess errors)
FAIL: gcc.dg/pr-impl.c stdio.h (test for warnings, line 7)
FAIL: alias-1.c
FAIL: wkali-1.c
=== gcc Summary ===
# of expected passes 9375
# of unexpected failures 32
# of unexpected successes 6
# of expected failures 25
# of unresolved testcases 3
# of unsupported tests 33
/devel/tmp/egcs-20000327.obj/gcc/xgcc version 2.96 20000327 (experimental)
=== g++ tests ===
Running target unix
FAIL: g++.ext/attrib5.C (test for excess errors)
FAIL: g++.jason/thunk2.C (test for excess errors)
FAIL: g++.mike/eh30.C (test for excess errors)
FAIL: g++.mike/p4750.C (test for excess errors)
FAIL: g++.oliva/overload1.C (test for excess errors)
FAIL: g++.oliva/template7.C caused compiler crash
FAIL: g++.other/ptrmem6.C (test for excess errors)
FAIL: g++.pt/crash44.C (test for excess errors)
XPASS: g++.pt/decl2.C ICE - (test for errors, line 8)
FAIL: g++.pt/instantiate4.C (test for excess errors)
FAIL: g++.pt/instantiate6.C (test for excess errors)
FAIL: g++.pt/local6.C (test for excess errors)
FAIL: g++.pt/mi1.C (test for excess errors)
FAIL: g++.pt/repo1.C (test for excess errors)
FAIL: g++.pt/repo2.C (test for excess errors)
FAIL: g++.pt/spec3.C (test for excess errors)
FAIL: g++.pt/static10.C ANSI C++ forbids in-class initialization of non-const static member `x' (test for errors, line 15)
FAIL: g++.pt/static3.C (test for excess errors)
FAIL: g++.pt/static6.C (test for excess errors)
FAIL: g++.pt/virtual1.C (test for excess errors)
FAIL: g++.pt/virtual4.C (test for excess errors)
FAIL: g++.robertl/eb106.C (test for excess errors)
=== g++ Summary ===
# of expected passes 5777
# of unexpected failures 21
# of unexpected successes 1
# of expected failures 93
# of untested testcases 18
/devel/tmp/egcs-20000327.obj/gcc/testsuite/../g++ version 2.96 20000327 (experimental)
=== g77 tests ===
Running target unix
FAIL: g77.f-torture/execute/19990325-0.f compilation, -O0
FAIL: g77.f-torture/execute/19990325-0.f compilation, -O1
FAIL: g77.f-torture/execute/19990325-0.f compilation, -O2
FAIL: g77.f-torture/execute/19990325-0.f compilation, -O2 -fomit-frame-pointer -finline-functions
FAIL: g77.f-torture/execute/19990325-0.f compilation, -Os
FAIL: g77.f-torture/execute/19990325-1.f compilation, -O0
FAIL: g77.f-torture/execute/19990325-1.f compilation, -O1
FAIL: g77.f-torture/execute/19990325-1.f compilation, -O2
FAIL: g77.f-torture/execute/19990325-1.f compilation, -O2 -fomit-frame-pointer -finline-functions
FAIL: g77.f-torture/execute/19990325-1.f compilation, -Os
=== g77 Summary ===
# of expected passes 644
# of unexpected failures 10
# of untested testcases 10
=== objc tests ===
Running target unix
FAIL: objc/execute/bf-1.m compilation, -O
FAIL: objc/execute/bf-10.m compilation, -O
FAIL: objc/execute/bf-11.m compilation, -O
FAIL: objc/execute/bf-12.m compilation, -O
FAIL: objc/execute/bf-13.m compilation, -O
FAIL: objc/execute/bf-14.m compilation, -O
FAIL: objc/execute/bf-15.m compilation, -O
FAIL: objc/execute/bf-16.m compilation, -O
FAIL: objc/execute/bf-17.m compilation, -O
FAIL: objc/execute/bf-18.m compilation, -O
FAIL: objc/execute/bf-19.m compilation, -O
FAIL: objc/execute/bf-2.m compilation, -O
FAIL: objc/execute/bf-3.m compilation, -O
FAIL: objc/execute/bf-4.m compilation, -O
FAIL: objc/execute/bf-5.m compilation, -O
FAIL: objc/execute/bf-6.m compilation, -O
FAIL: objc/execute/bf-7.m compilation, -O
FAIL: objc/execute/bf-8.m compilation, -O
FAIL: objc/execute/bf-9.m compilation, -O
=== objc Summary ===
# of unexpected failures 19
# of untested testcases 19
/devel/tmp/egcs-20000327.obj/gcc/xgcc version 2.96 20000327 (experimental)
Compiler version: 2.96 20000327 (experimental)
Platform: rs6000-ibm-aix4.2.0.0
configure flags: --with-gcc-version-trigger=/devel/tmp/egcs-20000327/gcc/version.c --host=rs6000-ibm-aix4.2.0.0 --norecursion
Counting all warnings,
there are 491 warnings in stage3 of this bootstrap.
Number of warnings per file:
65 ../../egcs-20000327/gcc/combine.c
37 ../../egcs-20000327/gcc/emit-rtl.c
32 ../../egcs-20000327/gcc/reload.c
29 ../../egcs-20000327/gcc/expr.c
25 ../../egcs-20000327/gcc/expmed.c
25 ../../egcs-20000327/gcc/cse.c
20 ../../egcs-20000327/gcc/config/rs6000/rs6000.c
15 ../../egcs-20000327/gcc/reload1.c
15 ../../../../egcs-20000327/libiberty/pexecute.c
14 ../../../egcs-20000327/gcc/f/global.c
12 ../../egcs-20000327/gcc/recog.c
12 ../../egcs-20000327/gcc/function.c
10 ../../../egcs-20000327/gcc/f/storag.c
10 ../../../../../egcs-20000327/libiberty/pexecute.c
8 ../../egcs-20000327/gcc/varasm.c
8 ../../../egcs-20000327/gcc/f/lex.c
8 ../../../egcs-20000327/gcc/f/equiv.c
7 ../../egcs-20000327/gcc/optabs.c
6 insn-emit.c
6 ../../egcs-20000327/gcc/calls.c
6 ../../egcs-20000327/gcc/builtins.c
6 ../../../egcs-20000327/gcc/f/expr.c
6 ../../../../egcs-20000327/libiberty/setenv.c
6 ../../../../egcs-20000327/libiberty/getopt.c
5 ../../egcs-20000327/gcc/regclass.c
5 ../../egcs-20000327/gcc/loop.c
5 ../../egcs-20000327/gcc/final.c
5 ../../egcs-20000327/gcc/dwarf2out.c
5 ../../../egcs-20000327/libiberty/pexecute.c
4 ../../egcs-20000327/gcc/integrate.c
4 ../../egcs-20000327/gcc/global.c
4 ../../egcs-20000327/gcc/fold-const.c
4 ../../../egcs-20000327/gcc/f/ste.c
4 ../../../../../egcs-20000327/libiberty/setenv.c
4 ../../../../../egcs-20000327/libiberty/getopt.c
3 ../../egcs-20000327/gcc/regmove.c
3 ../../egcs-20000327/gcc/local-alloc.c
3 ../../egcs-20000327/gcc/flow.c
3 ../../egcs-20000327/gcc/dbxout.c
3 ../../egcs-20000327/gcc/alias.c
2 str-ot.j
2 str-1t.j
2 ../../egcs-20000327/gcc/stor-layout.c
2 ../../egcs-20000327/gcc/stmt.c
2 ../../egcs-20000327/gcc/simplify-rtx.c
2 ../../egcs-20000327/gcc/explow.c
2 ../../egcs-20000327/gcc/collect2.c
2 ../../../egcs-20000327/libiberty/setenv.c
2 ../../../egcs-20000327/libiberty/getopt.c
2 ../../../egcs-20000327/gcc/f/symbol.c
2 ../../../egcs-20000327/gcc/f/std.c
2 ../../../egcs-20000327/gcc/f/com.c
2 ../../../egcs-20000327/gcc/f/bad.c
1 str-op.j
1 str-nq.j
1 str-io.j
1 str-fo.j
1 str-2t.j
1 ./parse.y
1 ../../egcs-20000327/gcc/xcoffout.c
1 ../../egcs-20000327/gcc/resource.c
1 ../../egcs-20000327/gcc/convert.c
1 ../../egcs-20000327/gcc/bb-reorder.c
1 ../../../egcs-20000327/gcc/cp/rtti.c
1 ../../../egcs-20000327/gcc/cp/cfns.h
1 ../../../egcs-20000327/gcc/ch/grant.c
Number of warning types:
284 comparison between signed and unsigned
62 signed and unsigned type in conditional expression
52 Use of ANSI string concatenation
24 variable `???' might be clobbered by `longjmp' or `vfork'
18 `???' might be used uninitialized in this function
14 unused parameter `???'
14 `long' switch expression not converted to `int' in ANSI C
6 suggest explicit braces to avoid ambiguous `else'
4 ??? format, ??? arg (arg ???)
3 initialization discards qualifiers from pointer target type
2 passing arg ??? of `???' discards qualifiers from pointer target type
2 implicit declaration of function `???'
2 assignment discards qualifiers from pointer target type
2 `???' defined but not used
1 passing arg ??? of `???' from incompatible pointer type
1 empty body in an if-statement
More information about the Gcc-testresults
mailing list