Results for 2.96 20000327 (experimental) testsuite on i586-pc-linux-gnu
Andris Pavenis
andris@hal.astr.lu.lv
Tue Mar 28 00:30:00 GMT 2000
Source: gcc mainline from CVS (last updated 2000 Mar 28 03:05 +0300)
System: Linux kernel 2.2.15pre15
glibc-2.1.3
binutils-2.9.1.0.25
Addons: libg++-2.8.1.3-20000312
Native configuration is i586-pc-linux-gnu
=== libio tests ===
Running target unix
=== libio Summary ===
# of expected passes 40
=== libstdc++ tests ===
Running target unix
=== libstdc++ Summary ===
# of expected passes 30
=== libg++ tests ===
Running target unix
=== libg++ Summary ===
# of expected passes 72
=== gcc tests ===
Running target unix
FAIL: gcc.c-torture/execute/20000225-1.c execution, -O2
FAIL: gcc.c-torture/execute/20000225-1.c execution, -O3 -fomit-frame-pointer
FAIL: gcc.c-torture/execute/20000225-1.c execution, -O3 -fomit-frame-pointer -funroll-loops
FAIL: gcc.c-torture/execute/20000225-1.c execution, -O3 -fomit-frame-pointer -funroll-all-loops -finline-functions
FAIL: gcc.c-torture/execute/20000225-1.c execution, -O3 -g
FAIL: gcc.c-torture/execute/20000225-1.c execution, -Os
FAIL: gcc.c-torture/execute/20000313-1.c execution, -O1
FAIL: gcc.c-torture/execute/20000313-1.c execution, -O2
FAIL: gcc.c-torture/execute/20000313-1.c execution, -Os
FAIL: gcc.c-torture/execute/991221-1.c execution, -O1
FAIL: gcc.c-torture/execute/991221-1.c execution, -O2
FAIL: gcc.c-torture/execute/991221-1.c execution, -O3 -fomit-frame-pointer
FAIL: gcc.c-torture/execute/991221-1.c execution, -O3 -g
FAIL: gcc.c-torture/execute/991221-1.c execution, -Os
FAIL: gcc.c-torture/execute/ieee/fp-cmp-4.c compilation, -O0
FAIL: gcc.c-torture/execute/ieee/fp-cmp-4.c compilation, -O1
FAIL: gcc.c-torture/execute/ieee/fp-cmp-4.c compilation, -O2
FAIL: gcc.c-torture/execute/ieee/fp-cmp-4.c compilation, -O3 -fomit-frame-pointer
FAIL: gcc.c-torture/execute/ieee/fp-cmp-4.c compilation, -O3 -fomit-frame-pointer -funroll-loops
FAIL: gcc.c-torture/execute/ieee/fp-cmp-4.c compilation, -O3 -fomit-frame-pointer -funroll-all-loops -finline-functions
FAIL: gcc.c-torture/execute/ieee/fp-cmp-4.c compilation, -O3 -g
FAIL: gcc.c-torture/execute/ieee/fp-cmp-4.c compilation, -Os
FAIL: gcc.dg/991214-1.c (test for excess errors)
FAIL: cpp-mi.c: redundant include check
FAIL: gcc.dg/cpp-redef-2.c anon varargs (test for warnings, line 15)
FAIL: gcc.dg/cpp-wi1.c (test for excess errors)
FAIL: gcc.dg/noreturn-1.c this function should not get any warnings (test for bogus messages, line 50)
FAIL: gcc.dg/noreturn-1.c detect return from tail call (test for warnings, line 57)
FAIL: gcc.dg/pr-impl.c stdio.h (test for warnings, line 7)
FAIL: gcc.dg/special/weak-1.c execution test
=== gcc Summary ===
# of expected passes 9411
# of unexpected failures 30
# of expected failures 31
# of unresolved testcases 8
# of unsupported tests 15
/disk2/cvs/egcs-curr/build/build.lnx/gcc/xgcc version 2.96 20000327 (experimental)
=== g++ tests ===
Running target unix
FAIL: g++.dg/special/conpr-1.C execution test
FAIL: g++.dg/special/conpr-2.C execution test
FAIL: g++.dg/special/conpr-3.C execution test
FAIL: g++.dg/special/conpr-3.C execution test
FAIL: g++.eh/crash3.C caused compiler crash
FAIL: g++.ext/initp1.C Execution test
FAIL: g++.oliva/template7.C caused compiler crash
=== g++ Summary ===
# of expected passes 5808
# of unexpected failures 7
# of expected failures 90
# of untested testcases 8
/disk2/cvs/egcs-curr/build/build.lnx/gcc/testsuite/../g++ version 2.96 20000327 (experimental)
=== g77 tests ===
Running target unix
FAIL: g77.f-torture/execute/19990325-0.f compilation, -O0
FAIL: g77.f-torture/execute/19990325-0.f compilation, -O1
FAIL: g77.f-torture/execute/19990325-0.f compilation, -O2
FAIL: g77.f-torture/execute/19990325-0.f compilation, -O2 -fomit-frame-pointer -finline-functions
FAIL: g77.f-torture/execute/19990325-0.f compilation, -Os
FAIL: g77.f-torture/execute/19990325-1.f compilation, -O0
FAIL: g77.f-torture/execute/19990325-1.f compilation, -O1
FAIL: g77.f-torture/execute/19990325-1.f compilation, -O2
FAIL: g77.f-torture/execute/19990325-1.f compilation, -O2 -fomit-frame-pointer -finline-functions
FAIL: g77.f-torture/execute/19990325-1.f compilation, -Os
FAIL: g77.f-torture/execute/short.f execution, -Os
=== g77 Summary ===
# of expected passes 643
# of unexpected failures 11
# of untested testcases 10
=== objc tests ===
Running target unix
FAIL: objc/execute/bf-1.m compilation, -O
FAIL: objc/execute/bf-10.m compilation, -O
FAIL: objc/execute/bf-11.m compilation, -O
FAIL: objc/execute/bf-12.m compilation, -O
FAIL: objc/execute/bf-13.m compilation, -O
FAIL: objc/execute/bf-14.m compilation, -O
FAIL: objc/execute/bf-15.m compilation, -O
FAIL: objc/execute/bf-16.m compilation, -O
FAIL: objc/execute/bf-17.m compilation, -O
FAIL: objc/execute/bf-18.m compilation, -O
FAIL: objc/execute/bf-19.m compilation, -O
FAIL: objc/execute/bf-2.m compilation, -O
FAIL: objc/execute/bf-3.m compilation, -O
FAIL: objc/execute/bf-4.m compilation, -O
FAIL: objc/execute/bf-5.m compilation, -O
FAIL: objc/execute/bf-6.m compilation, -O
FAIL: objc/execute/bf-7.m compilation, -O
FAIL: objc/execute/bf-8.m compilation, -O
FAIL: objc/execute/bf-9.m compilation, -O
=== objc Summary ===
# of unexpected failures 19
# of untested testcases 19
/disk2/cvs/egcs-curr/build/build.lnx/gcc/xgcc version 2.96 20000327 (experimental)
Compiler version: 2.96 20000327 (experimental)
Platform: i586-pc-linux-gnu
configure flags: --with-gcc-version-trigger=/disk2/cvs/egcs-curr/build/egcs-20000328/gcc/version.c --host=i586-pc-linux-gnu --prefix=/usr --enable-shared --with-gnu-ld --enable-threads --verbose --norecursion
Counting all warnings,
there are 288 warnings in stage3 of this bootstrap.
Number of warnings per file:
100 ../../egcs-20000328/gcc/regclass.c
37 ../../egcs-20000328/gcc/reload1.c
28 ../../egcs-20000328/gcc/combine.c
14 ../../../egcs-20000328/gcc/f/global.c
10 ../../egcs-20000328/gcc/reg-stack.c
10 ../../../egcs-20000328/gcc/f/storag.c
8 ../../../egcs-20000328/gcc/f/lex.c
8 ../../../egcs-20000328/gcc/f/equiv.c
7 ../../egcs-20000328/gcc/reload.c
6 ../../egcs-20000328/gcc/expr.c
6 ../../../egcs-20000328/gcc/f/expr.c
5 ../../egcs-20000328/gcc/cse.c
4 ../../../egcs-20000328/gcc/f/ste.c
2 str-ot.j
2 str-1t.j
2 insn-emit.c
2 ../../egcs-20000328/gcc/stor-layout.c
2 ../../egcs-20000328/gcc/simplify-rtx.c
2 ../../egcs-20000328/gcc/regmove.c
2 ../../egcs-20000328/gcc/function.c
2 ../../egcs-20000328/gcc/fold-const.c
2 ../../egcs-20000328/gcc/config/i386/i386.c
2 ../../egcs-20000328/gcc/calls.c
2 ../../egcs-20000328/gcc/alias.c
2 ../../../egcs-20000328/gcc/f/symbol.c
2 ../../../egcs-20000328/gcc/f/std.c
2 ../../../egcs-20000328/gcc/f/com.c
2 ../../../egcs-20000328/gcc/f/bad.c
1 str-op.j
1 str-nq.j
1 str-io.j
1 str-fo.j
1 str-2t.j
1 ./parse.y
1 ../../egcs-20000328/gcc/stmt.c
1 ../../egcs-20000328/gcc/loop.c
1 ../../egcs-20000328/gcc/expmed.c
1 ../../egcs-20000328/gcc/dbxout.c
1 ../../egcs-20000328/gcc/bb-reorder.c
1 ../../../egcs-20000328/gcc/cp/rtti.c
1 ../../../egcs-20000328/gcc/cp/class.c
1 ../../../egcs-20000328/gcc/cp/cfns.h
1 ../../../egcs-20000328/gcc/ch/grant.c
Number of warning types:
150 signed and unsigned type in conditional expression
60 comparison between signed and unsigned
52 Use of ANSI string concatenation
14 `long' switch expression not converted to `int' in ANSI C
4 `???' might be used uninitialized in this function
2 unused variable `???'
2 comparison of unsigned expression >= 0 is always true
1 unused parameter `???'
1 empty body in an if-statement
1 assignment discards qualifiers from pointer target type
1 `???' defined but not used
More information about the Gcc-testresults
mailing list