Results for 2.96 20000327 (experimental) testsuite on sparc-sun-solaris2.5.1
Mike Stump
mrs@windriver.com
Mon Mar 27 17:26:00 GMT 2000
Native configuration is sparc-sun-solaris2.5.1
=== gcc tests ===
Running target unix
FAIL: gcc.c-torture/compile/920501-4.c, -O0
FAIL: gcc.c-torture/compile/931003-1.c, -O0
FAIL: gcc.c-torture/compile/980821-1.c, -O0
FAIL: gcc.c-torture/execute/20000225-1.c execution, -O2
FAIL: gcc.c-torture/execute/20000225-1.c execution, -O3 -fomit-frame-pointer
FAIL: gcc.c-torture/execute/20000225-1.c execution, -O3 -fomit-frame-pointer -funroll-loops
FAIL: gcc.c-torture/execute/20000225-1.c execution, -O3 -fomit-frame-pointer -funroll-all-loops -finline-functions
FAIL: gcc.c-torture/execute/20000225-1.c execution, -O3 -g
FAIL: gcc.c-torture/execute/20000225-1.c execution, -Os
FAIL: gcc.c-torture/execute/920625-1.c compilation, -O0
FAIL: gcc.c-torture/execute/920929-1.c compilation, -O0
FAIL: gcc.c-torture/execute/930106-1.c compilation, -O0
FAIL: gcc.c-torture/execute/990324-1.c execution, -O3 -fomit-frame-pointer
FAIL: gcc.c-torture/execute/990324-1.c execution, -O3 -g
FAIL: gcc.c-torture/execute/991221-1.c execution, -O1
FAIL: gcc.c-torture/execute/991221-1.c execution, -O2
FAIL: gcc.c-torture/execute/991221-1.c execution, -O3 -fomit-frame-pointer
FAIL: gcc.c-torture/execute/991221-1.c execution, -O3 -g
FAIL: gcc.c-torture/execute/991221-1.c execution, -Os
FAIL: gcc.c-torture/execute/va-arg-12.c execution, -O1
FAIL: gcc.c-torture/execute/ieee/fp-cmp-4.c compilation, -O0
FAIL: gcc.c-torture/unsorted/DFcmp.c, -O0
FAIL: gcc.dg/cpp-if2.c wide charconst recognition (test for bogus messages, line 9)
FAIL: cpp-mi.c: redundant include check
FAIL: gcc.dg/cpp-redef-2.c anon varargs (test for warnings, line 15)
FAIL: gcc.dg/cpp-wi1.c (test for excess errors)
FAIL: gcc.dg/noreturn-1.c this function should not get any warnings (test for bogus messages, line 50)
FAIL: gcc.dg/noreturn-1.c detect return from tail call (test for warnings, line 57)
FAIL: gcc.dg/pr-impl.c stdio.h (test for warnings, line 7)
FAIL: gcc.dg/ultrasp1.c (test for excess errors)
=== gcc Summary ===
# of expected passes 9368
# of unexpected failures 30
# of expected failures 25
# of unresolved testcases 4
# of unsupported tests 31
/folk/mrs/net/egcs-sol/gcc/xgcc version 2.96 20000327 (experimental)
=== g++ tests ===
Running target unix
FAIL: g++.dg/special/conpr-1.C execution test
FAIL: g++.dg/special/conpr-2.C execution test
FAIL: g++.dg/special/conpr-3.C execution test
FAIL: g++.dg/special/conpr-3.C execution test
FAIL: g++.ext/initp1.C Execution test
FAIL: g++.oliva/template7.C caused compiler crash
FAIL: g++.other/vaarg3.C promote (test for errors, line 26)
FAIL: g++.pt/expr1.C caused compiler crash
=== g++ Summary ===
# of expected passes 5795
# of unexpected failures 8
# of expected failures 89
# of untested testcases 16
/folk/mrs/net/egcs-sol/gcc/testsuite/../g++ version 2.96 20000327 (experimental)
=== g77 tests ===
Running target unix
FAIL: g77.f-torture/compile/980310-3.f, -O0
FAIL: g77.f-torture/compile/980310-4.f, -O0
FAIL: g77.f-torture/compile/990115-1.f, -O0
FAIL: g77.f-torture/compile/19990502-0.f, -O0
FAIL: g77.f-torture/execute/19981119-0.f compilation, -O0
FAIL: g77.f-torture/execute/19990325-0.f compilation, -O0
FAIL: g77.f-torture/execute/19990325-0.f compilation, -O1
FAIL: g77.f-torture/execute/19990325-0.f compilation, -O2
FAIL: g77.f-torture/execute/19990325-0.f compilation, -O2 -fomit-frame-pointer -finline-functions
FAIL: g77.f-torture/execute/19990325-0.f compilation, -Os
FAIL: g77.f-torture/execute/19990325-1.f compilation, -O0
FAIL: g77.f-torture/execute/19990325-1.f compilation, -O1
FAIL: g77.f-torture/execute/19990325-1.f compilation, -O2
FAIL: g77.f-torture/execute/19990325-1.f compilation, -O2 -fomit-frame-pointer -finline-functions
FAIL: g77.f-torture/execute/19990325-1.f compilation, -Os
FAIL: g77.f-torture/execute/dnrm2.f compilation, -O0
=== g77 Summary ===
# of expected passes 636
# of unexpected failures 16
# of untested testcases 12
=== objc tests ===
Running target unix
FAIL: objc/execute/bf-1.m compilation, -O
FAIL: objc/execute/bf-10.m compilation, -O
FAIL: objc/execute/bf-11.m compilation, -O
FAIL: objc/execute/bf-12.m compilation, -O
FAIL: objc/execute/bf-13.m compilation, -O
FAIL: objc/execute/bf-14.m compilation, -O
FAIL: objc/execute/bf-15.m compilation, -O
FAIL: objc/execute/bf-16.m compilation, -O
FAIL: objc/execute/bf-17.m compilation, -O
FAIL: objc/execute/bf-18.m compilation, -O
FAIL: objc/execute/bf-19.m compilation, -O
FAIL: objc/execute/bf-2.m compilation, -O
FAIL: objc/execute/bf-3.m compilation, -O
FAIL: objc/execute/bf-4.m compilation, -O
FAIL: objc/execute/bf-5.m compilation, -O
FAIL: objc/execute/bf-6.m compilation, -O
FAIL: objc/execute/bf-7.m compilation, -O
FAIL: objc/execute/bf-8.m compilation, -O
FAIL: objc/execute/bf-9.m compilation, -O
=== objc Summary ===
# of unexpected failures 19
# of untested testcases 19
/folk/mrs/net/egcs-sol/gcc/xgcc version 2.96 20000327 (experimental)
=== libio tests ===
Running target unix
FAIL: tFile.cc execution
FAIL: tFile.cc execution -b0
FAIL: tFile.cc execution -b3
FAIL: tfformat.c execution
=== libio Summary ===
# of expected passes 33
# of unexpected failures 4
# of expected failures 4
=== libstdc++ tests ===
Running target unix
=== libstdc++ Summary ===
# of expected passes 30
Compiler version: 2.96 20000327 (experimental)
Platform: sparc-sun-solaris2.5.1
configure flags: --with-gcc-version-trigger=/folk/mrs/net/egcs/gcc/version.c --host=sparc-sun-solaris2.5.1 --prefix=/folk/mrs/packages/egcs-20000321 --with-gnu-as --with-gnu-ld --norecursion
More information about the Gcc-testresults
mailing list