Results for 2.96 20000320 (experimental) testsuite on alphaev56-dec-osf4.0d

Alexandre Oliva oliva@lsd.ic.unicamp.br
Thu Mar 23 00:59:00 GMT 2000


Native configuration is alphaev56-dec-osf4.0d

		=== binutils tests ===


Running target unix
FAIL: strip with saving a symbol
FAIL: run stripped executable with saving a symbol

		=== binutils Summary ===

# of expected passes		20
# of unexpected failures	2
# of expected failures		4
		=== g++ tests ===


Running target unix
FAIL: g++.pt/memtemp89.C caused compiler crash
FAIL: g++.pt/static6.C (test for excess errors)

		=== g++ Summary ===

# of expected passes		5786
# of unexpected failures	2
# of expected failures		94
# of untested testcases		18
/usr/local/tmp/egcs/gcc/testsuite/../g++ version 2.96 20000320 (experimental)

		=== g77 tests ===


Running target unix
FAIL: g77.f-torture/execute/19981119-0.f compilation,  -O0 
FAIL: g77.f-torture/execute/19990325-0.f compilation,  -O0 
FAIL: g77.f-torture/execute/19990325-0.f compilation,  -O1 
FAIL: g77.f-torture/execute/19990325-0.f compilation,  -O2 
FAIL: g77.f-torture/execute/19990325-0.f compilation,  -O2 -fomit-frame-pointer -finline-functions 
FAIL: g77.f-torture/execute/19990325-0.f compilation,  -Os 
FAIL: g77.f-torture/execute/19990325-1.f compilation,  -O0 
FAIL: g77.f-torture/execute/19990325-1.f compilation,  -O1 
FAIL: g77.f-torture/execute/19990325-1.f compilation,  -O2 
FAIL: g77.f-torture/execute/19990325-1.f compilation,  -O2 -fomit-frame-pointer -finline-functions 
FAIL: g77.f-torture/execute/19990325-1.f compilation,  -Os 

		=== g77 Summary ===

# of expected passes		642
# of unexpected failures	11
# of untested testcases		11
		=== gcc tests ===


Running target unix
FAIL: gcc.c-torture/execute/ieee/fp-cmp-2.c execution,  -O0 
FAIL: gcc.c-torture/execute/ieee/fp-cmp-2.c execution,  -O1 
FAIL: gcc.c-torture/execute/ieee/fp-cmp-2.c execution,  -O2 
FAIL: gcc.c-torture/execute/ieee/fp-cmp-2.c execution,  -O3 -fomit-frame-pointer 
FAIL: gcc.c-torture/execute/ieee/fp-cmp-2.c execution,  -O3 -fomit-frame-pointer -funroll-loops 
FAIL: gcc.c-torture/execute/ieee/fp-cmp-2.c execution,  -O3 -fomit-frame-pointer -funroll-all-loops -finline-functions 
FAIL: gcc.c-torture/execute/ieee/fp-cmp-2.c execution,  -O3 -g 
FAIL: gcc.c-torture/execute/ieee/fp-cmp-2.c execution,  -Os 
FAIL: gcc.c-torture/execute/ieee/fp-cmp-4.c execution,  -O0 
FAIL: gcc.c-torture/execute/ieee/fp-cmp-4.c execution,  -O1 
FAIL: gcc.c-torture/execute/ieee/fp-cmp-4.c execution,  -O2 
FAIL: gcc.c-torture/execute/ieee/fp-cmp-4.c execution,  -O3 -fomit-frame-pointer 
FAIL: gcc.c-torture/execute/ieee/fp-cmp-4.c execution,  -O3 -fomit-frame-pointer -funroll-loops 
FAIL: gcc.c-torture/execute/ieee/fp-cmp-4.c execution,  -O3 -fomit-frame-pointer -funroll-all-loops -finline-functions 
FAIL: gcc.c-torture/execute/ieee/fp-cmp-4.c execution,  -O3 -g 
FAIL: gcc.c-torture/execute/ieee/fp-cmp-4.c execution,  -Os 
FAIL: gcc.c-torture/execute/ieee/mzero2.c execution,  -O0 
FAIL: gcc.c-torture/execute/ieee/mzero2.c execution,  -O1 
FAIL: gcc.c-torture/execute/ieee/mzero2.c execution,  -O2 
FAIL: gcc.c-torture/execute/ieee/mzero2.c execution,  -O3 -fomit-frame-pointer 
FAIL: gcc.c-torture/execute/ieee/mzero2.c execution,  -O3 -g 
FAIL: gcc.c-torture/execute/ieee/mzero2.c execution,  -Os 
XPASS: gcc.c-torture/execute/memcheck/blkarg.c execution,  -O0 
XPASS: gcc.c-torture/execute/memcheck/blkarg.c execution,  -O1 
XPASS: gcc.c-torture/execute/memcheck/blkarg.c execution,  -O2 
XPASS: gcc.c-torture/execute/memcheck/blkarg.c execution,  -Os 
FAIL: gcc.c-torture/noncompile/951025-1.c
FAIL: gcc.c-torture/noncompile/951025-1.c
FAIL: gcc.c-torture/noncompile/951025-1.c
FAIL: gcc.c-torture/noncompile/951025-1.c
FAIL: gcc.c-torture/noncompile/951025-1.c
FAIL: gcc.c-torture/noncompile/951025-1.c
FAIL: gcc.c-torture/noncompile/951025-1.c
FAIL: gcc.c-torture/noncompile/951025-1.c
FAIL: cpp-mi.c: redundant include check
FAIL: gcc.dg/cpp-redef-2.c anon varargs (test for warnings, line 15)
FAIL: gcc.dg/cpp-wi1.c wide string in #pragma implementation (test for errors, line 9)
FAIL: gcc.dg/cpp-wi1.c (test for excess errors)
FAIL: gcc.dg/pr-impl.c stdio.h (test for warnings, line 7)
FAIL: gcc.dg/special/weak-1.c (test for excess errors)
FAIL: gcc.dg/special/weak-2.c (test for excess errors)
FAIL: wkali-2a.o

		=== gcc Summary ===

# of expected passes		9334
# of unexpected failures	38
# of unexpected successes	4
# of expected failures		27
# of unsupported tests		34
/usr/local/tmp/egcs/gcc/xgcc version 2.96 20000320 (experimental)

		=== libg++ tests ===


Running target unix

		=== libg++ Summary ===

# of expected passes		72
		=== libio tests ===


Running target unix

		=== libio Summary ===

# of expected passes		40
		=== libstdc++ tests ===


Running target unix

		=== libstdc++ Summary ===

# of expected passes		30
		=== objc tests ===


Running target unix
FAIL: objc/execute/bf-10.m execution,  -O 
FAIL: objc/execute/bf-16.m execution,  -O 
FAIL: objc/execute/bf-17.m execution,  -O 

		=== objc Summary ===

# of expected passes		35
# of unexpected failures	3
/usr/local/tmp/egcs/gcc/xgcc version 2.96 20000320 (experimental)


Compiler version: 2.96 20000320 (experimental) 
Platform: alphaev56-dec-osf4.0d

BOOT_CFLAGS: standard

Counting all warnings,
there are 211 warnings in stage3 of this bootstrap.

Number of warnings per file:
     40	/home/lsd/oliva/src/egcs/librx/rx.c
     14	/home/lsd/oliva/src/egcs/gcc/f/global.c
     12	/home/lsd/oliva/src/egcs/libiberty/floatformat.c
     10	/home/lsd/oliva/src/egcs/gcc/f/storag.c
      8	/home/lsd/oliva/src/egcs/librx/rx.h
      8	/home/lsd/oliva/src/egcs/libiberty/pexecute.c
      8	/home/lsd/oliva/src/egcs/libiberty/getopt.c
      8	/home/lsd/oliva/src/egcs/libg++/src/AllocRing.cc
      8	/home/lsd/oliva/src/egcs/gcc/f/lex.c
      8	/home/lsd/oliva/src/egcs/gcc/f/equiv.c
      6	/home/lsd/oliva/src/egcs/gcc/f/expr.c
      4	/home/lsd/oliva/src/egcs/libobjc/selector.c
      4	/home/lsd/oliva/src/egcs/libobjc/objects.c
      4	/home/lsd/oliva/src/egcs/libobjc/archive.c
      4	/home/lsd/oliva/src/egcs/libiberty/xmemdup.c
      4	/home/lsd/oliva/src/egcs/libiberty/partition.c
      4	/home/lsd/oliva/src/egcs/libiberty/hashtab.c
      4	/home/lsd/oliva/src/egcs/libchill/waitbuffer.c
      4	/home/lsd/oliva/src/egcs/libchill/sendbuffer.c
      4	/home/lsd/oliva/src/egcs/libchill/delaycase.c
      4	/home/lsd/oliva/src/egcs/libchill/concatstr.c
      4	/home/lsd/oliva/src/egcs/gcc/f/ste.c
      2	str-ot.j
      2	str-1t.j
      2	/home/lsd/oliva/src/egcs/libchill/printevent.c
      2	/home/lsd/oliva/src/egcs/libchill/printbuffer.c
      2	/home/lsd/oliva/src/egcs/libchill/memmove.c
      2	/home/lsd/oliva/src/egcs/gcc/tree.c
      2	/home/lsd/oliva/src/egcs/gcc/java/typeck.c
      2	/home/lsd/oliva/src/egcs/gcc/f/symbol.c
      2	/home/lsd/oliva/src/egcs/gcc/f/std.c
      2	/home/lsd/oliva/src/egcs/gcc/f/com.c
      2	/home/lsd/oliva/src/egcs/gcc/f/bad.c
      2	/home/lsd/oliva/src/egcs/gcc/calls.c
      1	str-op.j
      1	str-nq.j
      1	str-io.j
      1	str-fo.j
      1	str-2t.j
      1	/home/lsd/oliva/src/egcs/gcc/stor-layout.c
      1	/home/lsd/oliva/src/egcs/gcc/java/jcf-parse.c
      1	/home/lsd/oliva/src/egcs/gcc/java/class.c
      1	/home/lsd/oliva/src/egcs/gcc/fold-const.c
      1	/home/lsd/oliva/src/egcs/gcc/cp/rtti.c
      1	/home/lsd/oliva/src/egcs/gcc/cp/class.c
      1	/home/lsd/oliva/src/egcs/gcc/cp/cfns.h
      1	/home/lsd/oliva/src/egcs/gcc/ch/grant.c

Number of warning types:
     52	Use of ANSI string concatenation
     46	type mismatch in implicit declaration for built-in function `???'
     36	cast to pointer from integer of different size
     16	unused parameter `???'
     14	comparison between signed and unsigned
     14	`long' switch expression not converted to `int' in ANSI C
      8	comparison of distinct pointer types lacks a cast
      8	`???' is not a pointer-to-object type
      5	`???' might be used uninitialized in this function
      4	passing arg ??? of `???' from incompatible pointer type
      4	cast from pointer to integer of different size
      2	??? format, ??? arg (arg ???)
      1	signed and unsigned type in conditional expression
      1	assignment discards qualifiers from pointer target type


More information about the Gcc-testresults mailing list