Results for 2.96 20000320 (experimental) testsuite on alpha-dec-osf4.0e

Rodney Brown rdb@localhost
Wed Mar 22 14:40:00 GMT 2000


Native configuration is alpha-dec-osf4.0e

		=== libio tests ===


Running target unix

		=== libio Summary ===

# of expected passes		40
		=== libstdc++ tests ===


Running target unix
FAIL: tmap.cc -O compilation

		=== libstdc++ Summary ===

# of expected passes		27
# of unexpected failures	1
# of expected failures		2
		=== gcc tests ===


Running target unix
FAIL: gcc.c-torture/compile/labels-2.c,  -O0  
FAIL: gcc.c-torture/compile/labels-2.c,  -O1  
FAIL: gcc.c-torture/compile/labels-2.c,  -O2  
FAIL: gcc.c-torture/compile/labels-2.c,  -O3 -fomit-frame-pointer  
FAIL: gcc.c-torture/compile/labels-2.c,  -O3 -g  
FAIL: gcc.c-torture/compile/labels-2.c,  -Os  
FAIL: gcc.c-torture/execute/920501-5.c compilation,  -O0 
FAIL: gcc.c-torture/execute/920501-5.c compilation,  -O1 
FAIL: gcc.c-torture/execute/920501-5.c compilation,  -O2 
FAIL: gcc.c-torture/execute/920501-5.c compilation,  -O3 -fomit-frame-pointer 
FAIL: gcc.c-torture/execute/920501-5.c compilation,  -O3 -g 
FAIL: gcc.c-torture/execute/920501-5.c compilation,  -Os 
FAIL: gcc.c-torture/execute/931004-10.c compilation,  -O1 
FAIL: gcc.c-torture/execute/931004-10.c compilation,  -O2 
FAIL: gcc.c-torture/execute/931004-10.c compilation,  -O3 -fomit-frame-pointer 
FAIL: gcc.c-torture/execute/931004-10.c compilation,  -O3 -fomit-frame-pointer -funroll-loops 
FAIL: gcc.c-torture/execute/931004-10.c compilation,  -O3 -fomit-frame-pointer -funroll-all-loops -finline-functions 
FAIL: gcc.c-torture/execute/931004-10.c compilation,  -O3 -g 
FAIL: gcc.c-torture/execute/931004-10.c compilation,  -Os 
FAIL: gcc.c-torture/execute/931004-12.c compilation,  -O1 
FAIL: gcc.c-torture/execute/931004-12.c compilation,  -O2 
FAIL: gcc.c-torture/execute/931004-12.c compilation,  -O3 -fomit-frame-pointer 
FAIL: gcc.c-torture/execute/931004-12.c compilation,  -O3 -fomit-frame-pointer -funroll-loops 
FAIL: gcc.c-torture/execute/931004-12.c compilation,  -O3 -fomit-frame-pointer -funroll-all-loops -finline-functions 
FAIL: gcc.c-torture/execute/931004-12.c compilation,  -O3 -g 
FAIL: gcc.c-torture/execute/931004-12.c compilation,  -Os 
FAIL: gcc.c-torture/execute/990811-1.c compilation,  -O3 -fomit-frame-pointer 
FAIL: gcc.c-torture/execute/990811-1.c compilation,  -O3 -fomit-frame-pointer -funroll-loops 
FAIL: gcc.c-torture/execute/990811-1.c compilation,  -O3 -fomit-frame-pointer -funroll-all-loops -finline-functions 
FAIL: gcc.c-torture/execute/990811-1.c compilation,  -O3 -g 
FAIL: gcc.c-torture/execute/strct-stdarg-1.c compilation,  -O2 
FAIL: gcc.c-torture/execute/strct-stdarg-1.c compilation,  -O3 -fomit-frame-pointer 
FAIL: gcc.c-torture/execute/strct-stdarg-1.c compilation,  -O3 -fomit-frame-pointer -funroll-loops 
FAIL: gcc.c-torture/execute/strct-stdarg-1.c compilation,  -O3 -fomit-frame-pointer -funroll-all-loops -finline-functions 
FAIL: gcc.c-torture/execute/strct-stdarg-1.c compilation,  -O3 -g 
FAIL: gcc.c-torture/execute/strct-stdarg-1.c compilation,  -Os 
FAIL: gcc.c-torture/execute/ieee/fp-cmp-2.c execution,  -O0 
FAIL: gcc.c-torture/execute/ieee/fp-cmp-2.c execution,  -O1 
FAIL: gcc.c-torture/execute/ieee/fp-cmp-2.c execution,  -O2 
FAIL: gcc.c-torture/execute/ieee/fp-cmp-2.c execution,  -O3 -fomit-frame-pointer 
FAIL: gcc.c-torture/execute/ieee/fp-cmp-2.c execution,  -O3 -fomit-frame-pointer -funroll-loops 
FAIL: gcc.c-torture/execute/ieee/fp-cmp-2.c execution,  -O3 -fomit-frame-pointer -funroll-all-loops -finline-functions 
FAIL: gcc.c-torture/execute/ieee/fp-cmp-2.c execution,  -O3 -g 
FAIL: gcc.c-torture/execute/ieee/fp-cmp-2.c execution,  -Os 
FAIL: gcc.c-torture/execute/ieee/fp-cmp-4.c execution,  -O0 
FAIL: gcc.c-torture/execute/ieee/fp-cmp-4.c execution,  -O1 
FAIL: gcc.c-torture/execute/ieee/fp-cmp-4.c execution,  -O2 
FAIL: gcc.c-torture/execute/ieee/fp-cmp-4.c execution,  -O3 -fomit-frame-pointer 
FAIL: gcc.c-torture/execute/ieee/fp-cmp-4.c execution,  -O3 -fomit-frame-pointer -funroll-loops 
FAIL: gcc.c-torture/execute/ieee/fp-cmp-4.c execution,  -O3 -fomit-frame-pointer -funroll-all-loops -finline-functions 
FAIL: gcc.c-torture/execute/ieee/fp-cmp-4.c execution,  -O3 -g 
FAIL: gcc.c-torture/execute/ieee/fp-cmp-4.c execution,  -Os 
FAIL: gcc.c-torture/execute/ieee/mzero2.c execution,  -O0 
FAIL: gcc.c-torture/execute/ieee/mzero2.c execution,  -O1 
FAIL: gcc.c-torture/execute/ieee/mzero2.c execution,  -O2 
FAIL: gcc.c-torture/execute/ieee/mzero2.c execution,  -O3 -fomit-frame-pointer 
FAIL: gcc.c-torture/execute/ieee/mzero2.c execution,  -O3 -g 
FAIL: gcc.c-torture/execute/ieee/mzero2.c execution,  -Os 
XPASS: gcc.c-torture/execute/memcheck/blkarg.c execution,  -O0 
XPASS: gcc.c-torture/execute/memcheck/blkarg.c execution,  -O1 
XPASS: gcc.c-torture/execute/memcheck/blkarg.c execution,  -O2 
XPASS: gcc.c-torture/execute/memcheck/blkarg.c execution,  -Os 
FAIL: gcc.c-torture/noncompile/920616-2.c
FAIL: gcc.c-torture/noncompile/920616-2.c
FAIL: gcc.c-torture/noncompile/920616-2.c
FAIL: gcc.c-torture/noncompile/920616-2.c
FAIL: gcc.c-torture/noncompile/920616-2.c
FAIL: gcc.c-torture/noncompile/920616-2.c
FAIL: gcc.c-torture/noncompile/920616-2.c
FAIL: gcc.c-torture/noncompile/920616-2.c
FAIL: gcc.c-torture/noncompile/921116-1.c
FAIL: gcc.c-torture/noncompile/921116-1.c
FAIL: gcc.c-torture/noncompile/921116-1.c
FAIL: gcc.c-torture/noncompile/921116-1.c
FAIL: gcc.c-torture/noncompile/921116-1.c
FAIL: gcc.c-torture/noncompile/921116-1.c
FAIL: gcc.c-torture/noncompile/921116-1.c
FAIL: gcc.c-torture/noncompile/921116-1.c
FAIL: gcc.c-torture/noncompile/951025-1.c
FAIL: gcc.c-torture/noncompile/951025-1.c
FAIL: gcc.c-torture/noncompile/951025-1.c
FAIL: gcc.c-torture/noncompile/951025-1.c
FAIL: gcc.c-torture/noncompile/951025-1.c
FAIL: gcc.c-torture/noncompile/951025-1.c
FAIL: gcc.c-torture/noncompile/951025-1.c
FAIL: gcc.c-torture/noncompile/951025-1.c
FAIL: cpp-mi.c: redundant include check
FAIL: gcc.dg/cpp-redef-2.c anon varargs (test for warnings, line 15)
FAIL: gcc.dg/cpp-wi1.c wide string in #pragma implementation (test for errors, line 9)
FAIL: gcc.dg/cpp-wi1.c (test for excess errors)
FAIL: gcc.dg/pr-impl.c stdio.h (test for warnings, line 7)

		=== gcc Summary ===

# of expected passes		9252
# of unexpected failures	87
# of unexpected successes	4
# of expected failures		27
# of unresolved testcases	33
# of unsupported tests		34
/user/rand/rdb/src/egcs-20000320.chk/gcc/xgcc version 2.96 20000320 (experimental)

		=== g++ tests ===


Running target unix
FAIL: g++.brendan/crash68.C caused compiler crash
FAIL: g++.oliva/template7.C caused compiler crash
FAIL: g++.pt/memtemp89.C caused compiler crash
FAIL: g++.pt/static6.C (test for excess errors)

		=== g++ Summary ===

# of expected passes		5784
# of unexpected failures	4
# of expected failures		93
# of untested testcases		18
/user/rand/rdb/src/egcs-20000320.chk/gcc/testsuite/../g++ version 2.96 20000320 (experimental)

		=== g77 tests ===


Running target unix
FAIL: g77.f-torture/execute/19981119-0.f compilation,  -O0 
FAIL: g77.f-torture/execute/19990325-0.f compilation,  -O0 
FAIL: g77.f-torture/execute/19990325-0.f compilation,  -O1 
FAIL: g77.f-torture/execute/19990325-0.f compilation,  -O2 
FAIL: g77.f-torture/execute/19990325-0.f compilation,  -O2 -fomit-frame-pointer -finline-functions 
FAIL: g77.f-torture/execute/19990325-0.f compilation,  -Os 
FAIL: g77.f-torture/execute/19990325-1.f compilation,  -O0 
FAIL: g77.f-torture/execute/19990325-1.f compilation,  -O1 
FAIL: g77.f-torture/execute/19990325-1.f compilation,  -O2 
FAIL: g77.f-torture/execute/19990325-1.f compilation,  -O2 -fomit-frame-pointer -finline-functions 
FAIL: g77.f-torture/execute/19990325-1.f compilation,  -Os 

		=== g77 Summary ===

# of expected passes		642
# of unexpected failures	11
# of untested testcases		11
		=== objc tests ===


Running target unix
FAIL: objc/execute/bf-10.m execution,  -O 
FAIL: objc/execute/bf-16.m execution,  -O 
FAIL: objc/execute/bf-17.m execution,  -O 

		=== objc Summary ===

# of expected passes		35
# of unexpected failures	3
/user/rand/rdb/src/egcs-20000320.chk/gcc/xgcc version 2.96 20000320 (experimental)


Compiler version: 2.96 20000320 (experimental) 
Platform: alpha-dec-osf4.0e
configure flags: --with-gcc-version-trigger=/user/rand/rdb/src/egcs-20000320/gcc/version.c --host=alpha-dec-osf4.0e --enable-checking --norecursion
Counting all warnings,
there are 156 warnings in stage3 of this bootstrap.

Number of warnings per file:
  14 ../../../egcs-20000320/gcc/f/global.c
  10 ../../../egcs-20000320/gcc/f/storag.c
   8 ../../../egcs-20000320/gcc/f/lex.c
   8 ../../../egcs-20000320/gcc/f/equiv.c
   7 ../../../egcs-20000320/libiberty/pexecute.c
   7 ../../../../egcs-20000320/libiberty/pexecute.c
   6 ../../../egcs-20000320/gcc/f/expr.c
   5 ../../egcs-20000320/gcc/mips-tfile.c
   4 ../../../egcs-20000320/gcc/f/ste.c
   3 ../../../egcs-20000320/libiberty/floatformat.c
   3 ../../../../egcs-20000320/libiberty/floatformat.c
   2 str-ot.j
   2 str-1t.j
   2 ../../egcs-20000320/gcc/tree.c
   2 ../../egcs-20000320/gcc/calls.c
   2 ../../../egcs-20000320/libobjc/selector.c
   2 ../../../egcs-20000320/libobjc/objects.c
   2 ../../../egcs-20000320/libobjc/archive.c
   2 ../../../egcs-20000320/libiberty/getopt.c
   2 ../../../egcs-20000320/libchill/waitbuffer.c
   2 ../../../egcs-20000320/libchill/sendbuffer.c
   2 ../../../egcs-20000320/libchill/delaycase.c
   2 ../../../egcs-20000320/libchill/concatstr.c
   2 ../../../egcs-20000320/gcc/java/typeck.c
   2 ../../../egcs-20000320/gcc/java/jcf-write.c
   2 ../../../egcs-20000320/gcc/f/symbol.c
   2 ../../../egcs-20000320/gcc/f/std.c
   2 ../../../egcs-20000320/gcc/f/com.c
   2 ../../../egcs-20000320/gcc/f/bad.c
   2 ../../../../egcs-20000320/libobjc/selector.c
   2 ../../../../egcs-20000320/libobjc/objects.c
   2 ../../../../egcs-20000320/libobjc/archive.c
   2 ../../../../egcs-20000320/libiberty/getopt.c
   2 ../../../../egcs-20000320/libchill/waitbuffer.c
   2 ../../../../egcs-20000320/libchill/sendbuffer.c
   2 ../../../../egcs-20000320/libchill/delaycase.c
   2 ../../../../egcs-20000320/libchill/concatstr.c
   1 str-op.j
   1 str-nq.j
   1 str-io.j
   1 str-fo.j
   1 str-2t.j
   1 /usr/local/lib/gcc-lib/alpha-dec-osf4.0e/2.95.2/include/va_list.h
   1 /usr/local/lib/gcc-lib/alpha-dec-osf4.0e/2.95.2/include/va-alpha.h
   1 ../../egcs-20000320/gcc/stor-layout.c
   1 ../../egcs-20000320/gcc/gcc.c
   1 ../../egcs-20000320/gcc/fold-const.c
   1 ../../egcs-20000320/gcc/bb-reorder.c
   1 ../../../egcs-20000320/libiberty/xmemdup.c
   1 ../../../egcs-20000320/libiberty/partition.c
   1 ../../../egcs-20000320/libiberty/hashtab.c
   1 ../../../egcs-20000320/libchill/printevent.c
   1 ../../../egcs-20000320/libchill/printbuffer.c
   1 ../../../egcs-20000320/libchill/memmove.c
   1 ../../../egcs-20000320/gcc/java/jcf-parse.c
   1 ../../../egcs-20000320/gcc/java/class.c
   1 ../../../egcs-20000320/gcc/cp/rtti.c
   1 ../../../egcs-20000320/gcc/cp/class.c
   1 ../../../egcs-20000320/gcc/cp/cfns.h
   1 ../../../egcs-20000320/gcc/ch/grant.c
   1 ../../../../egcs-20000320/libiberty/xmemdup.c
   1 ../../../../egcs-20000320/libiberty/partition.c
   1 ../../../../egcs-20000320/libiberty/hashtab.c
   1 ../../../../egcs-20000320/libchill/printevent.c
   1 ../../../../egcs-20000320/libchill/printbuffer.c
   1 ../../../../egcs-20000320/libchill/memmove.c

Number of warning types:
  52 Use of ANSI string concatenation
  40 type mismatch in implicit declaration for built-in function `???'
  14 `long' switch expression not converted to `int' in ANSI C
  11 comparison between signed and unsigned
   8 variable `???' might be clobbered by `longjmp' or `vfork'
   8 unused parameter `???'
   7 `???' might be used uninitialized in this function
   4 passing arg ??? of `???' from incompatible pointer type
   2 comparison of distinct pointer types lacks a cast
   2 ??? format, ??? arg (arg ???)
   1 signed and unsigned type in conditional expression
   1 redefinition of `???'
   1 missing initializer
   1 implicit declaration of function `???'
   1 control reaches end of non-void function
   1 assignment discards qualifiers from pointer target type
   1 `???' previously declared here
   1 (near initialization for `???')


More information about the Gcc-testresults mailing list