Results for haifa-enabled 2.96 20000320 (experimental) testsuite on mips-sgi-irix6.5

Billinghurst, David (CRTS) David.Billinghurst@riotinto.com.au
Mon Mar 20 21:07:00 GMT 2000


Native configuration is mips-sgi-irix6.5

		=== objc tests ===


Running target unix

		=== objc Summary ===

# of expected passes		38
/exd4/billingd/obj/egcs-20000320-parallel/gcc/xgcc version 2.96 20000320
(experimental)

		=== gcc tests ===


Running target unix
FAIL: gcc.c-torture/compile/900116-1.c,  -O0  
FAIL: gcc.c-torture/compile/900116-1.c,  -O1  
FAIL: gcc.c-torture/compile/900116-1.c,  -O2  
FAIL: gcc.c-torture/compile/900116-1.c,  -O3 -fomit-frame-pointer  
FAIL: gcc.c-torture/compile/900116-1.c,  -O3 -fomit-frame-pointer
-funroll-loops  
FAIL: gcc.c-torture/compile/900116-1.c,  -O3 -fomit-frame-pointer
-funroll-all-loops -finline-functions  
FAIL: gcc.c-torture/compile/900116-1.c,  -O3 -g  
FAIL: gcc.c-torture/compile/900116-1.c,  -Os  
FAIL: gcc.c-torture/execute/20000225-1.c execution,  -O2 
FAIL: gcc.c-torture/execute/20000225-1.c execution,  -O3
-fomit-frame-pointer 
FAIL: gcc.c-torture/execute/20000225-1.c execution,  -O3
-fomit-frame-pointer -funroll-loops 
FAIL: gcc.c-torture/execute/20000225-1.c execution,  -O3
-fomit-frame-pointer -funroll-all-loops -finline-functions 
FAIL: gcc.c-torture/execute/20000225-1.c execution,  -O3 -g 
FAIL: gcc.c-torture/execute/20000225-1.c execution,  -Os 
FAIL: gcc.c-torture/execute/920731-1.c execution,  -O3 -fomit-frame-pointer
-funroll-all-loops -finline-functions 
FAIL: gcc.c-torture/execute/980223.c compilation,  -O0 
FAIL: gcc.c-torture/execute/980223.c compilation,  -O1 
FAIL: gcc.c-torture/execute/980223.c compilation,  -O2 
FAIL: gcc.c-torture/execute/980223.c compilation,  -O3 -fomit-frame-pointer 
FAIL: gcc.c-torture/execute/980223.c compilation,  -O3 -g 
FAIL: gcc.c-torture/execute/980223.c compilation,  -Os 
FAIL: gcc.c-torture/execute/991221-1.c execution,  -O1 
FAIL: gcc.c-torture/execute/991221-1.c execution,  -O2 
FAIL: gcc.c-torture/execute/991221-1.c execution,  -O3 -fomit-frame-pointer 
FAIL: gcc.c-torture/execute/991221-1.c execution,  -O3 -g 
FAIL: gcc.c-torture/execute/991221-1.c execution,  -Os 
FAIL: gcc.c-torture/execute/ieee/fp-cmp-4.c compilation,  -O0 
FAIL: gcc.c-torture/execute/ieee/fp-cmp-4.c compilation,  -O1 
FAIL: gcc.c-torture/execute/ieee/fp-cmp-4.c compilation,  -O2 
FAIL: gcc.c-torture/execute/ieee/fp-cmp-4.c compilation,  -O3
-fomit-frame-pointer 
FAIL: gcc.c-torture/execute/ieee/fp-cmp-4.c compilation,  -O3
-fomit-frame-pointer -funroll-loops 
FAIL: gcc.c-torture/execute/ieee/fp-cmp-4.c compilation,  -O3
-fomit-frame-pointer -funroll-all-loops -finline-functions 
FAIL: gcc.c-torture/execute/ieee/fp-cmp-4.c compilation,  -O3 -g 
FAIL: gcc.c-torture/execute/ieee/fp-cmp-4.c compilation,  -Os 
XPASS: gcc.c-torture/execute/memcheck/blkarg.c execution,  -O0 
XPASS: gcc.c-torture/execute/memcheck/blkarg.c execution,  -O1 
XPASS: gcc.c-torture/execute/memcheck/blkarg.c execution,  -O2 
XPASS: gcc.c-torture/execute/memcheck/blkarg.c execution,  -Os 
FAIL: gcc.c-torture/noncompile/931203-1.c
FAIL: gcc.c-torture/noncompile/931203-1.c
FAIL: gcc.c-torture/noncompile/931203-1.c
FAIL: gcc.c-torture/noncompile/931203-1.c
FAIL: gcc.c-torture/noncompile/931203-1.c
FAIL: gcc.c-torture/noncompile/931203-1.c
FAIL: gcc.c-torture/noncompile/931203-1.c
FAIL: gcc.c-torture/noncompile/931203-1.c
FAIL: gcc.c-torture/noncompile/951025-1.c
FAIL: gcc.c-torture/noncompile/951025-1.c
FAIL: gcc.c-torture/noncompile/951025-1.c
FAIL: gcc.c-torture/noncompile/951025-1.c
FAIL: gcc.c-torture/noncompile/951025-1.c
FAIL: gcc.c-torture/noncompile/951025-1.c
FAIL: gcc.c-torture/noncompile/951025-1.c
FAIL: gcc.c-torture/noncompile/951025-1.c
FAIL: cpp-mi.c: redundant include check
FAIL: gcc.dg/cpp-redef-2.c anon varargs (test for warnings, line 15)
FAIL: gcc.dg/cpp-wi1.c wide string in #pragma implementation (test for
errors, line 9)
FAIL: gcc.dg/cpp-wi1.c (test for excess errors)
FAIL: gcc.dg/pr-impl.c stdio.h (test for warnings, line 7)
FAIL: gcc.dg/struct-ret-2.c (test for excess errors)
FAIL: alias-1.c
FAIL: wkali-1.c
FAIL: wkali-2b.o

		=== gcc Summary ===

# of expected passes		9301
# of unexpected failures	59
# of unexpected successes	4
# of expected failures		27
# of unresolved testcases	14
# of unsupported tests		33
/exd4/billingd/obj/egcs-20000320-parallel/gcc/xgcc version 2.96 20000320
(experimental)

		=== g77 tests ===


Running target unix
FAIL: g77.f-torture/execute/19990325-0.f compilation,  -O0 
FAIL: g77.f-torture/execute/19990325-0.f compilation,  -O1 
FAIL: g77.f-torture/execute/19990325-0.f compilation,  -O2 
FAIL: g77.f-torture/execute/19990325-0.f compilation,  -O2
-fomit-frame-pointer -finline-functions 
FAIL: g77.f-torture/execute/19990325-0.f compilation,  -Os 
FAIL: g77.f-torture/execute/19990325-1.f compilation,  -O0 
FAIL: g77.f-torture/execute/19990325-1.f compilation,  -O1 
FAIL: g77.f-torture/execute/19990325-1.f compilation,  -O2 
FAIL: g77.f-torture/execute/19990325-1.f compilation,  -O2
-fomit-frame-pointer -finline-functions 
FAIL: g77.f-torture/execute/19990325-1.f compilation,  -Os 
FAIL: g77.f-torture/execute/short.f execution,  -Os 

		=== g77 Summary ===

# of expected passes		643
# of unexpected failures	11
# of untested testcases		10
		=== g++ tests ===


Running target unix
FAIL: g++.dg/special/conpr-1.C execution test
FAIL: g++.dg/special/conpr-2.C execution test
FAIL: g++.dg/special/conpr-3.C execution test
FAIL: g++.dg/special/conpr-3.C execution test
FAIL: g++.ext/initp1.C  Execution test
FAIL: g++.jason/thunk1.C caused compiler crash
FAIL: g++.jason/thunk2.C caused compiler crash
FAIL: g++.mike/net20.C caused compiler crash
FAIL: g++.oliva/template7.C caused compiler crash
FAIL: g++.other/new3.C  Execution test

		=== g++ Summary ===

# of expected passes		5778
# of unexpected failures	10
# of expected failures		93
# of untested testcases		18
/exd4/billingd/obj/egcs-20000320-parallel/gcc/testsuite/../g++ version 2.96
20000320 (experimental)

		=== libstdc++ tests ===


Running target unix

		=== libstdc++ Summary ===

# of expected passes		30
		=== libio tests ===


Running target unix

		=== libio Summary ===

# of expected passes		40

Compiler version: haifa-enabled 2.96 20000320 (experimental) 
Platform: mips-sgi-irix6.5
configure flags:
--with-gcc-version-trigger=/exd4/billingd/src/egcs-20000320/gcc/version.c
--host=mips-sgi-irix6.5 --enable-shared --enable-haifa --enable-pthreads
--prefix=/exd4/billingd/tmp/egcs-20000320 --norecursion



More information about the Gcc-testresults mailing list