Results for 2.96 20000311 (experimental) testsuite on i586-pc-cygwin32
Tim Prince
tprince@computer.org
Sat Mar 11 20:54:00 GMT 2000
ÃÂ
s86311
-------------- next part --------------
Native configuration is i586-pc-cygwin32
=== g++ tests ===
Running target unix
FAIL: g++.dg/special/conpr-1.C (test for excess errors)
FAIL: conpr-2a.o
FAIL: conpr-3a.o
FAIL: g++.eh/crash3.C caused compiler crash
FAIL: g++.eh/fntry1.C Execution test
FAIL: g++.eh/vbase1.C Execution test
FAIL: g++.ext/initp1.C caused compiler crash
XPASS: g++.jason/template18.C (test for excess errors)
XPASS: g++.jason/template18.C Execution test
FAIL: g++.jason/thunk2.C (test for excess errors)
FAIL: g++.mike/eh16.C Execution test
FAIL: g++.mike/eh17.C Execution test
FAIL: g++.mike/eh30.C (test for excess errors)
FAIL: g++.mike/p4750.C (test for excess errors)
XPASS: g++.oliva/ext1.C Execution test
FAIL: g++.oliva/template7.C caused compiler crash
XPASS: g++.oliva/thunk1.C Execution test
XPASS: g++.other/init5.C Execution test
FAIL: g++.pt/friend32.C caused compiler crash
FAIL: g++.pt/repo2.C (test for excess errors)
FAIL: g++.robertl/eb106.C (test for excess errors)
=== g++ Summary ===
# of expected passes 5767
# of unexpected failures 16
# of unexpected successes 5
# of expected failures 84
# of untested testcases 14
e:/src/gnu/egcs/w2k/gcc/testsuite/../g++ version 2.96 20000311 (experimental)
=== g77 tests ===
Running target unix
FAIL: g77.f-torture/execute/19990325-0.f compilation, -O0
FAIL: g77.f-torture/execute/19990325-0.f compilation, -O1
FAIL: g77.f-torture/execute/19990325-0.f compilation, -O2
FAIL: g77.f-torture/execute/19990325-0.f compilation, -O2 -fomit-frame-pointer -finline-functions
FAIL: g77.f-torture/execute/19990325-0.f compilation, -Os
FAIL: g77.f-torture/execute/19990325-1.f compilation, -O0
FAIL: g77.f-torture/execute/19990325-1.f compilation, -O1
FAIL: g77.f-torture/execute/19990325-1.f compilation, -O2
FAIL: g77.f-torture/execute/19990325-1.f compilation, -O2 -fomit-frame-pointer -finline-functions
FAIL: g77.f-torture/execute/19990325-1.f compilation, -Os
=== g77 Summary ===
# of expected passes 644
# of unexpected failures 10
# of untested testcases 10
=== gcc tests ===
Running target unix
FAIL: gcc.c-torture/compile/20000105-1.c, -O0
FAIL: gcc.c-torture/compile/20000105-1.c, -O1
FAIL: gcc.c-torture/compile/labels-2.c, -O2
FAIL: gcc.c-torture/compile/labels-2.c, -O3 -fomit-frame-pointer
FAIL: gcc.c-torture/compile/labels-2.c, -O3 -g
FAIL: gcc.c-torture/execute/920428-2.c execution, -O0
FAIL: gcc.c-torture/execute/920428-2.c execution, -O1
FAIL: gcc.c-torture/execute/920428-2.c execution, -O2
FAIL: gcc.c-torture/execute/920428-2.c execution, -O3 -g
FAIL: gcc.c-torture/execute/920428-2.c execution, -Os
FAIL: gcc.c-torture/execute/920501-7.c execution, -O0
FAIL: gcc.c-torture/execute/920501-7.c execution, -O1
FAIL: gcc.c-torture/execute/920501-7.c execution, -O2
FAIL: gcc.c-torture/execute/920501-7.c execution, -O3 -g
FAIL: gcc.c-torture/execute/920501-7.c execution, -Os
FAIL: gcc.c-torture/execute/ieee/fp-cmp-4.c compilation, -O0
FAIL: gcc.c-torture/execute/ieee/fp-cmp-4.c compilation, -O1
FAIL: gcc.c-torture/execute/ieee/fp-cmp-4.c compilation, -O2
FAIL: gcc.c-torture/execute/ieee/fp-cmp-4.c compilation, -O3 -fomit-frame-pointer
FAIL: gcc.c-torture/execute/ieee/fp-cmp-4.c compilation, -O3 -fomit-frame-pointer -funroll-loops
FAIL: gcc.c-torture/execute/ieee/fp-cmp-4.c compilation, -O3 -fomit-frame-pointer -funroll-all-loops -finline-functions
FAIL: gcc.c-torture/execute/ieee/fp-cmp-4.c compilation, -O3 -g
FAIL: gcc.c-torture/execute/ieee/fp-cmp-4.c compilation, -Os
XPASS: gcc.c-torture/execute/memcheck/blkarg.c execution, -O0
XPASS: gcc.c-torture/execute/memcheck/blkarg.c execution, -O1
XPASS: gcc.c-torture/execute/memcheck/blkarg.c execution, -O2
XPASS: gcc.c-torture/execute/memcheck/blkarg.c execution, -O3 -fomit-frame-pointer
XPASS: gcc.c-torture/execute/memcheck/blkarg.c execution, -O3 -g
XPASS: gcc.c-torture/execute/memcheck/blkarg.c execution, -Os
FAIL: gcc.c-torture/special/981006-1.c (test for excess errors)
FAIL: gcc.dg/990213-2.c (test for excess errors)
FAIL: gcc.dg/990214-1.c (test for excess errors)
FAIL: gcc.dg/991214-1.c (test for excess errors)
FAIL: gcc.dg/cpp-if2.c wide charconst recognition (test for bogus messages, line 9)
FAIL: gcc.dg/cpp-redef-2.c anon varargs (test for warnings, line 15)
FAIL: gcov failed: spawn failed
=== gcc Summary ===
# of expected passes 9298
# of unexpected failures 30
# of unexpected successes 6
# of expected failures 25
# of unresolved testcases 8
# of unsupported tests 16
e:/src/gnu/egcs/w2k/gcc/xgcc version 2.96 20000311 (experimental)
=== objc tests ===
Running target unix
=== objc Summary ===
# of expected passes 38
e:/src/gnu/egcs/w2k/gcc/xgcc version 2.96 20000311 (experimental)
=== libio tests ===
Running target unix
=== libio Summary ===
# of expected passes 40
=== libstdc++ tests ===
Running target unix
=== libstdc++ Summary ===
# of expected passes 30
Compiler version: 2.96 20000311 (experimental)
Platform: i586-pc-cygwin32
configure flags: --with-gcc-version-trigger=/src/gnu/egcs/gcc/version.c --prefix=//e/cygnus/cygwin-b20/H-i586-cygwin32 --host=i586-pc-cygwin32 --target=i586-pc-cygwin32 --norecursion
EOF
Mail -s "Results for 2.96 20000311 (experimental) testsuite on i586-pc-cygwin32" gcc-testresults@gcc.gnu.org &&
More information about the Gcc-testresults
mailing list