Results for 2.96 20000306 (experimental) testsuite on alphaev56-dec-osf4.0d
Alexandre Oliva
oliva@lsd.ic.unicamp.br
Mon Mar 6 22:05:00 GMT 2000
Native configuration is alphaev56-dec-osf4.0d
=== g++ tests ===
Running target unix
FAIL: g++.pt/memtemp89.C caused compiler crash
FAIL: g++.pt/static6.C (test for excess errors)
=== g++ Summary ===
# of expected passes 5770
# of unexpected failures 2
# of expected failures 94
# of untested testcases 18
/usr/local/tmp/egcs/gcc/testsuite/../g++ version 2.96 20000306 (experimental)
=== g77 tests ===
Running target unix
FAIL: g77.f-torture/execute/19981119-0.f compilation, -O0
FAIL: g77.f-torture/execute/19990325-0.f compilation, -O0
FAIL: g77.f-torture/execute/19990325-0.f compilation, -O1
FAIL: g77.f-torture/execute/19990325-0.f compilation, -O2
FAIL: g77.f-torture/execute/19990325-0.f compilation, -O2 -fomit-frame-pointer -finline-functions
FAIL: g77.f-torture/execute/19990325-0.f compilation, -Os
FAIL: g77.f-torture/execute/19990325-1.f compilation, -O0
FAIL: g77.f-torture/execute/19990325-1.f compilation, -O1
FAIL: g77.f-torture/execute/19990325-1.f compilation, -O2
FAIL: g77.f-torture/execute/19990325-1.f compilation, -O2 -fomit-frame-pointer -finline-functions
FAIL: g77.f-torture/execute/19990325-1.f compilation, -Os
=== g77 Summary ===
# of expected passes 642
# of unexpected failures 11
# of untested testcases 11
=== gcc tests ===
Running target unix
FAIL: gcc.c-torture/compile/20000105-1.c, -O0
FAIL: gcc.c-torture/compile/20000105-1.c, -O1
FAIL: gcc.c-torture/execute/930529-1.c execution, -O3 -fomit-frame-pointer
FAIL: gcc.c-torture/execute/930529-1.c execution, -O3 -fomit-frame-pointer -funroll-loops
FAIL: gcc.c-torture/execute/930529-1.c execution, -O3 -fomit-frame-pointer -funroll-all-loops -finline-functions
FAIL: gcc.c-torture/execute/930529-1.c execution, -O3 -g
FAIL: gcc.c-torture/execute/991202-3.c execution, -O0
FAIL: gcc.c-torture/execute/991202-3.c execution, -O1
FAIL: gcc.c-torture/execute/991202-3.c execution, -O2
FAIL: gcc.c-torture/execute/991202-3.c execution, -O3 -fomit-frame-pointer
FAIL: gcc.c-torture/execute/991202-3.c execution, -O3 -g
FAIL: gcc.c-torture/execute/991202-3.c execution, -Os
FAIL: gcc.c-torture/execute/ieee/fp-cmp-2.c execution, -O0
FAIL: gcc.c-torture/execute/ieee/fp-cmp-2.c execution, -O1
FAIL: gcc.c-torture/execute/ieee/fp-cmp-2.c execution, -O2
FAIL: gcc.c-torture/execute/ieee/fp-cmp-2.c execution, -O3 -fomit-frame-pointer
FAIL: gcc.c-torture/execute/ieee/fp-cmp-2.c execution, -O3 -fomit-frame-pointer -funroll-loops
FAIL: gcc.c-torture/execute/ieee/fp-cmp-2.c execution, -O3 -fomit-frame-pointer -funroll-all-loops -finline-functions
FAIL: gcc.c-torture/execute/ieee/fp-cmp-2.c execution, -O3 -g
FAIL: gcc.c-torture/execute/ieee/fp-cmp-2.c execution, -Os
FAIL: gcc.c-torture/execute/ieee/fp-cmp-4.c execution, -O0
FAIL: gcc.c-torture/execute/ieee/fp-cmp-4.c execution, -O1
FAIL: gcc.c-torture/execute/ieee/fp-cmp-4.c execution, -O2
FAIL: gcc.c-torture/execute/ieee/fp-cmp-4.c execution, -O3 -fomit-frame-pointer
FAIL: gcc.c-torture/execute/ieee/fp-cmp-4.c execution, -O3 -fomit-frame-pointer -funroll-loops
FAIL: gcc.c-torture/execute/ieee/fp-cmp-4.c execution, -O3 -fomit-frame-pointer -funroll-all-loops -finline-functions
FAIL: gcc.c-torture/execute/ieee/fp-cmp-4.c execution, -O3 -g
FAIL: gcc.c-torture/execute/ieee/fp-cmp-4.c execution, -Os
FAIL: gcc.c-torture/execute/ieee/mzero2.c execution, -O0
FAIL: gcc.c-torture/execute/ieee/mzero2.c execution, -O1
FAIL: gcc.c-torture/execute/ieee/mzero2.c execution, -O2
FAIL: gcc.c-torture/execute/ieee/mzero2.c execution, -O3 -fomit-frame-pointer
FAIL: gcc.c-torture/execute/ieee/mzero2.c execution, -O3 -g
FAIL: gcc.c-torture/execute/ieee/mzero2.c execution, -Os
XPASS: gcc.c-torture/execute/memcheck/blkarg.c execution, -O0
XPASS: gcc.c-torture/execute/memcheck/blkarg.c execution, -O1
XPASS: gcc.c-torture/execute/memcheck/blkarg.c execution, -O2
XPASS: gcc.c-torture/execute/memcheck/blkarg.c execution, -Os
FAIL: gcc.c-torture/noncompile/940510-1.c
FAIL: gcc.c-torture/noncompile/940510-1.c
FAIL: gcc.c-torture/noncompile/940510-1.c
FAIL: gcc.c-torture/noncompile/940510-1.c
FAIL: gcc.c-torture/noncompile/940510-1.c
FAIL: gcc.c-torture/noncompile/940510-1.c
FAIL: gcc.c-torture/noncompile/940510-1.c
FAIL: gcc.c-torture/noncompile/940510-1.c
FAIL: gcc.dg/special/weak-1.c (test for excess errors)
FAIL: gcc.dg/special/weak-2.c (test for excess errors)
FAIL: wkali-2a.o
=== gcc Summary ===
# of expected passes 9237
# of unexpected failures 45
# of unexpected successes 4
# of expected failures 27
# of unsupported tests 34
/usr/local/tmp/egcs/gcc/xgcc version 2.96 20000306 (experimental)
=== libg++ tests ===
Running target unix
=== libg++ Summary ===
# of expected passes 72
=== libio tests ===
Running target unix
=== libio Summary ===
# of expected passes 40
=== libstdc++ tests ===
Running target unix
=== libstdc++ Summary ===
# of expected passes 30
=== objc tests ===
Running target unix
FAIL: objc/execute/bf-10.m execution, -O
FAIL: objc/execute/bf-16.m execution, -O
FAIL: objc/execute/bf-17.m execution, -O
=== objc Summary ===
# of expected passes 35
# of unexpected failures 3
/usr/local/tmp/egcs/gcc/xgcc version 2.96 20000306 (experimental)
Compiler version: 2.96 20000306 (experimental)
Platform: alphaev56-dec-osf4.0d
BOOT_CFLAGS: -g -O9 -W -Wall
Counting all warnings,
there are 161 warnings in stage3 of this bootstrap.
Number of warnings per file:
40 /home/lsd/oliva/src/egcs/librx/rx.c
14 /home/lsd/oliva/src/egcs/gcc/f/global.c
10 /home/lsd/oliva/src/egcs/gcc/f/storag.c
8 /home/lsd/oliva/src/egcs/librx/rx.h
8 /home/lsd/oliva/src/egcs/libg++/src/AllocRing.cc
8 /home/lsd/oliva/src/egcs/gcc/f/lex.c
8 /home/lsd/oliva/src/egcs/gcc/f/equiv.c
6 /home/lsd/oliva/src/egcs/gcc/f/expr.c
4 /home/lsd/oliva/src/egcs/libobjc/selector.c
4 /home/lsd/oliva/src/egcs/libobjc/objects.c
4 /home/lsd/oliva/src/egcs/libobjc/archive.c
4 /home/lsd/oliva/src/egcs/libchill/waitbuffer.c
4 /home/lsd/oliva/src/egcs/libchill/sendbuffer.c
4 /home/lsd/oliva/src/egcs/libchill/delaycase.c
4 /home/lsd/oliva/src/egcs/libchill/concatstr.c
4 /home/lsd/oliva/src/egcs/gcc/f/ste.c
2 str-ot.j
2 str-1t.j
2 /home/lsd/oliva/src/egcs/libchill/printevent.c
2 /home/lsd/oliva/src/egcs/libchill/printbuffer.c
2 /home/lsd/oliva/src/egcs/libchill/memmove.c
2 /home/lsd/oliva/src/egcs/gcc/f/symbol.c
2 /home/lsd/oliva/src/egcs/gcc/f/std.c
2 /home/lsd/oliva/src/egcs/gcc/f/com.c
2 /home/lsd/oliva/src/egcs/gcc/f/bad.c
1 str-op.j
1 str-nq.j
1 str-io.j
1 str-fo.j
1 str-2t.j
1 /home/lsd/oliva/src/egcs/gcc/mkdeps.c
1 /home/lsd/oliva/src/egcs/gcc/java/decl.c
1 /home/lsd/oliva/src/egcs/gcc/fold-const.c
1 /home/lsd/oliva/src/egcs/gcc/cp/typeck.c
Number of warning types:
52 Use of ANSI string concatenation
36 cast to pointer from integer of different size
34 type mismatch in implicit declaration for built-in function `???'
14 `long' switch expression not converted to `int' in ANSI C
8 comparison of distinct pointer types lacks a cast
8 `???' is not a pointer-to-object type
4 cast from pointer to integer of different size
2 comparison between signed and unsigned
1 unused parameter `???'
1 signed and unsigned type in conditional expression
1 `???' might be used uninitialized in this function
More information about the Gcc-testresults
mailing list