Results for 2.96 20000305 (experimental) testsuite on sparc-sun-solaris2.6
Theodore Papadopoulo
Theodore.Papadopoulo@sophia.inria.fr
Sun Mar 5 20:43:00 GMT 2000
Native configuration is sparc-sun-solaris2.6
=== gcc tests ===
Running target unix
FAIL: gcc.c-torture/compile/20000105-1.c, -O0
FAIL: gcc.c-torture/compile/20000105-1.c, -O1
FAIL: gcc.c-torture/execute/20000224-1.c execution, -O0
FAIL: gcc.c-torture/execute/20000224-1.c execution, -O1
FAIL: gcc.c-torture/execute/20000224-1.c execution, -O2
FAIL: gcc.c-torture/execute/20000224-1.c execution, -O3 -fomit-frame-pointer
FAIL: gcc.c-torture/execute/20000224-1.c execution, -O3 -fomit-frame-pointer -funroll-loops
FAIL: gcc.c-torture/execute/20000224-1.c execution, -O3 -fomit-frame-pointer -funroll-all-loops -finline-functions
FAIL: gcc.c-torture/execute/20000224-1.c execution, -O3 -g
FAIL: gcc.c-torture/execute/20000224-1.c execution, -Os
FAIL: gcc.c-torture/execute/20000225-1.c execution, -O2
FAIL: gcc.c-torture/execute/20000225-1.c execution, -O3 -fomit-frame-pointer
FAIL: gcc.c-torture/execute/20000225-1.c execution, -O3 -fomit-frame-pointer -funroll-loops
FAIL: gcc.c-torture/execute/20000225-1.c execution, -O3 -fomit-frame-pointer -funroll-all-loops -finline-functions
FAIL: gcc.c-torture/execute/20000225-1.c execution, -O3 -g
FAIL: gcc.c-torture/execute/20000225-1.c execution, -Os
FAIL: gcc.c-torture/execute/980205.c execution, -O0
FAIL: gcc.c-torture/execute/991202-3.c execution, -O0
FAIL: gcc.c-torture/execute/991202-3.c execution, -O1
FAIL: gcc.c-torture/execute/991202-3.c execution, -O2
FAIL: gcc.c-torture/execute/991202-3.c execution, -O3 -fomit-frame-pointer
FAIL: gcc.c-torture/execute/991202-3.c execution, -O3 -g
FAIL: gcc.c-torture/execute/991202-3.c execution, -Os
FAIL: gcc.c-torture/execute/991221-1.c execution, -O1
FAIL: gcc.c-torture/execute/991221-1.c execution, -O2
FAIL: gcc.c-torture/execute/991221-1.c execution, -O3 -fomit-frame-pointer
FAIL: gcc.c-torture/execute/991221-1.c execution, -O3 -g
FAIL: gcc.c-torture/execute/991221-1.c execution, -Os
FAIL: gcc.c-torture/execute/va-arg-12.c execution, -O0
FAIL: gcc.c-torture/execute/va-arg-12.c execution, -O1
FAIL: gcc.c-torture/execute/ieee/fp-cmp-1.c execution, -O1
FAIL: gcc.c-torture/execute/ieee/fp-cmp-1.c execution, -O2
FAIL: gcc.c-torture/execute/ieee/fp-cmp-1.c execution, -O3 -fomit-frame-pointer
FAIL: gcc.c-torture/execute/ieee/fp-cmp-1.c execution, -O3 -fomit-frame-pointer -funroll-loops
FAIL: gcc.c-torture/execute/ieee/fp-cmp-1.c execution, -O3 -fomit-frame-pointer -funroll-all-loops -finline-functions
FAIL: gcc.c-torture/execute/ieee/fp-cmp-1.c execution, -O3 -g
FAIL: gcc.c-torture/execute/ieee/fp-cmp-1.c execution, -Os
FAIL: gcc.c-torture/execute/ieee/fp-cmp-2.c execution, -O1
FAIL: gcc.c-torture/execute/ieee/fp-cmp-2.c execution, -O2
FAIL: gcc.c-torture/execute/ieee/fp-cmp-2.c execution, -O3 -fomit-frame-pointer
FAIL: gcc.c-torture/execute/ieee/fp-cmp-2.c execution, -O3 -fomit-frame-pointer -funroll-loops
FAIL: gcc.c-torture/execute/ieee/fp-cmp-2.c execution, -O3 -fomit-frame-pointer -funroll-all-loops -finline-functions
FAIL: gcc.c-torture/execute/ieee/fp-cmp-2.c execution, -O3 -g
FAIL: gcc.c-torture/execute/ieee/fp-cmp-2.c execution, -Os
FAIL: gcc.c-torture/noncompile/940510-1.c
FAIL: gcc.c-torture/noncompile/940510-1.c
FAIL: gcc.c-torture/noncompile/940510-1.c
FAIL: gcc.c-torture/noncompile/940510-1.c
FAIL: gcc.c-torture/noncompile/940510-1.c
FAIL: gcc.c-torture/noncompile/940510-1.c
FAIL: gcc.c-torture/noncompile/940510-1.c
FAIL: gcc.c-torture/noncompile/940510-1.c
FAIL: gcc.dg/cpp-if2.c wide charconst recognition (test for bogus messages, line 9)
FAIL: gcc.dg/ultrasp1.c (test for excess errors)
=== gcc Summary ===
# of expected passes 9235
# of unexpected failures 54
# of expected failures 31
# of unsupported tests 31
/1/egcs/egcs-solaris/gcc/xgcc version 2.96 20000305 (experimental)
=== g++ tests ===
Running target unix
FAIL: g++.benjamin/14687.C (test for excess errors)
FAIL: g++.benjamin/15071.C (test for excess errors)
FAIL: g++.benjamin/15822.C (test for excess errors)
FAIL: g++.benjamin/scope01.C L is ambiguous base (test for errors, line 22)
FAIL: g++.benjamin/scope01.C L is ambiguous base (test for errors, line 23)
FAIL: g++.benjamin/typeid01.C (test for excess errors)
FAIL: g++.bob/delete1.C (test for excess errors)
FAIL: g++.brendan/copy2.C (test for excess errors)
FAIL: g++.brendan/copy3.C (test for excess errors)
FAIL: g++.brendan/copy4.C (test for excess errors)
FAIL: g++.brendan/copy5.C (test for excess errors)
FAIL: g++.brendan/copy8.C (test for excess errors)
FAIL: g++.brendan/copy9.C (test for excess errors)
FAIL: g++.brendan/delete2.C (test for excess errors)
FAIL: g++.brendan/dtors1.C (test for excess errors)
FAIL: g++.brendan/dtors2.C (test for excess errors)
FAIL: g++.brendan/dtors3.C (test for excess errors)
FAIL: g++.brendan/eh1.C (test for excess errors)
FAIL: g++.brendan/groff1.C (test for excess errors)
FAIL: g++.brendan/misc15.C conversion to A is ambiguous (test for errors, line 12)
FAIL: g++.brendan/nest21.C (test for excess errors)
FAIL: g++.brendan/new2.C (test for excess errors)
FAIL: g++.brendan/new3.C (test for excess errors)
FAIL: g++.brendan/overload2.C (test for excess errors)
FAIL: g++.brendan/ptolemy2.C (test for excess errors)
FAIL: g++.brendan/template9.C (test for excess errors)
FAIL: g++.brendan/vtables1.C (test for excess errors)
FAIL: g++.bugs/900207_03.C (test for excess errors)
FAIL: g++.bugs/900321_02.C (test for excess errors)
FAIL: g++.bugs/900331_03.C (test for excess errors)
FAIL: g++.bugs/900520_04.C (test for excess errors)
FAIL: g++.bugs/900520_05.C (test for excess errors)
FAIL: g++.eh/catch3.C (test for excess errors)
FAIL: g++.eh/catch3p.C (test for excess errors)
FAIL: g++.eh/catch4.C (test for excess errors)
FAIL: g++.eh/catch4p.C (test for excess errors)
FAIL: g++.eh/catch5.C (test for excess errors)
FAIL: g++.eh/catch5p.C (test for excess errors)
FAIL: g++.eh/catch6.C (test for excess errors)
FAIL: g++.eh/catch6p.C (test for excess errors)
FAIL: g++.eh/catch7.C (test for excess errors)
FAIL: g++.eh/catch7p.C (test for excess errors)
FAIL: g++.eh/catch8.C (test for excess errors)
FAIL: g++.eh/catch8p.C (test for excess errors)
FAIL: g++.eh/catch9.C (test for excess errors)
FAIL: g++.eh/catch9p.C (test for excess errors)
FAIL: g++.eh/cleanup1.C (test for excess errors)
FAIL: g++.eh/cleanup2.C (test for excess errors)
FAIL: g++.eh/flow1.C (test for excess errors)
FAIL: g++.eh/fntry1.C (test for excess errors)
FAIL: g++.eh/new1.C (test for excess errors)
FAIL: g++.eh/new2.C (test for excess errors)
FAIL: g++.eh/pdel1.C (test for excess errors)
FAIL: g++.eh/pdel2.C (test for excess errors)
FAIL: g++.eh/ptr1.C (test for excess errors)
FAIL: g++.eh/rethrow1.C (test for excess errors)
FAIL: g++.eh/rethrow2.C (test for excess errors)
FAIL: g++.eh/rethrow3.C (test for excess errors)
FAIL: g++.eh/rethrow4.C (test for excess errors)
FAIL: g++.eh/rethrow5.C (test for excess errors)
FAIL: g++.eh/spec1.C (test for excess errors)
FAIL: g++.eh/spec2.C (test for excess errors)
FAIL: g++.eh/spec3.C (test for excess errors)
FAIL: g++.eh/spec4.C (test for excess errors)
FAIL: g++.eh/tmpl1.C (test for excess errors)
FAIL: g++.eh/unwind1.C (test for excess errors)
FAIL: g++.eh/vbase1.C (test for excess errors)
FAIL: g++.eh/vbase2.C (test for excess errors)
FAIL: g++.ext/comint1.C (test for excess errors)
FAIL: g++.ext/pretty2.C (test for excess errors)
FAIL: g++.jason/2371.C (test for excess errors)
FAIL: g++.jason/byval.C (test for excess errors)
FAIL: g++.jason/cond2.C (test for excess errors)
FAIL: g++.jason/dcast2.C (test for excess errors)
FAIL: g++.jason/dcast3.C (test for excess errors)
FAIL: g++.jason/dtor5.C (test for excess errors)
FAIL: g++.jason/init3.C (test for excess errors)
FAIL: g++.jason/inline.C (test for excess errors)
FAIL: g++.jason/inline3.C (test for excess errors)
FAIL: g++.jason/mi.C (test for excess errors)
FAIL: g++.jason/new2.C (test for excess errors)
FAIL: g++.jason/new3.C (test for excess errors)
FAIL: g++.jason/new4.C (test for excess errors)
FAIL: g++.jason/new5.C (test for excess errors)
FAIL: g++.jason/overload13.C (test for excess errors)
FAIL: g++.jason/parse12.C (test for excess errors)
FAIL: g++.jason/pmf7.C (test for excess errors)
FAIL: g++.jason/ref10.C (test for excess errors)
FAIL: g++.jason/ref11.C (test for excess errors)
FAIL: g++.jason/ref7.C (test for excess errors)
FAIL: g++.jason/ref8.C (test for excess errors)
FAIL: g++.jason/ref9.C (test for excess errors)
FAIL: g++.jason/return.C (test for excess errors)
FAIL: g++.jason/return2.C (test for excess errors)
FAIL: g++.jason/rvalue1.C (test for excess errors)
FAIL: g++.jason/static1.C (test for excess errors)
FAIL: g++.jason/synth5.C (test for excess errors)
FAIL: g++.jason/synth7.C (test for excess errors)
FAIL: g++.jason/template14.C (test for excess errors)
FAIL: g++.jason/template24.C (test for excess errors)
FAIL: g++.jason/template31.C (test for excess errors)
FAIL: g++.jason/template40.C (test for excess errors)
FAIL: g++.jason/temporary.C (test for excess errors)
FAIL: g++.jason/temporary3.C (test for excess errors)
FAIL: g++.jason/temporary4.C (test for excess errors)
FAIL: g++.jason/temporary5.C (test for excess errors)
FAIL: g++.jason/temporary8.C (test for excess errors)
FAIL: g++.jason/thunk1.C (test for excess errors)
FAIL: g++.jason/thunk2.C (test for excess errors)
FAIL: g++.jason/thunk3.C (test for excess errors)
FAIL: g++.jason/typeid1.C (test for excess errors)
FAIL: g++.jason/typeid2.C (test for excess errors)
FAIL: g++.jason/vecdel.C (test for excess errors)
FAIL: g++.jason/virtual2.C (test for excess errors)
FAIL: g++.law/arg8.C (test for excess errors)
FAIL: g++.law/arm7.C (test for excess errors)
FAIL: g++.law/array1.C (test for excess errors)
FAIL: g++.law/code-gen5.C (test for excess errors)
FAIL: g++.law/copy1.C (test for excess errors)
FAIL: g++.law/ctors12.C (test for excess errors)
FAIL: g++.law/ctors15.C (test for excess errors)
FAIL: g++.law/ctors4.C (test for excess errors)
FAIL: g++.law/ctors8.C (test for excess errors)
FAIL: g++.law/cvt2.C (test for excess errors)
FAIL: g++.law/cvt4.C (test for excess errors)
FAIL: g++.law/dtors2.C (test for excess errors)
FAIL: g++.law/dtors3.C (test for excess errors)
FAIL: g++.law/dtors4.C (test for excess errors)
FAIL: g++.law/dtors5.C (test for excess errors)
FAIL: g++.law/operators15.C (test for excess errors)
FAIL: g++.law/operators23.C (test for excess errors)
FAIL: g++.law/operators27.C (test for excess errors)
FAIL: g++.law/operators8.C (test for excess errors)
FAIL: g++.law/scope2.C (test for excess errors)
FAIL: g++.law/temps2.C (test for excess errors)
FAIL: g++.law/temps3.C (test for excess errors)
FAIL: g++.law/temps4.C (test for excess errors)
FAIL: g++.law/temps5.C (test for excess errors)
FAIL: g++.law/virtual3.C (test for excess errors)
FAIL: g++.law/virtual4.C (test for excess errors)
FAIL: g++.law/visibility26.C (test for excess errors)
FAIL: g++.martin/bitset1.C (test for excess errors)
FAIL: g++.martin/eval1.C (test for excess errors)
FAIL: g++.martin/new1.C (test for excess errors)
FAIL: g++.martin/pmf1.C (test for excess errors)
FAIL: g++.martin/pmf2.C (test for excess errors)
FAIL: g++.mike/align1.C (test for excess errors)
FAIL: g++.mike/dyncast1.C (test for excess errors)
FAIL: g++.mike/dyncast2.C (test for excess errors)
FAIL: g++.mike/dyncast3.C (test for excess errors)
FAIL: g++.mike/dyncast5.C (test for excess errors)
FAIL: g++.mike/dyncast7.C (test for excess errors)
FAIL: g++.mike/dyncast8.C (test for excess errors)
FAIL: g++.mike/dyncast9.C (test for excess errors)
FAIL: g++.mike/eh10.C (test for excess errors)
FAIL: g++.mike/eh12.C (test for excess errors)
FAIL: g++.mike/eh14.C (test for excess errors)
FAIL: g++.mike/eh16.C (test for excess errors)
FAIL: g++.mike/eh17.C (test for excess errors)
FAIL: g++.mike/eh18.C (test for excess errors)
FAIL: g++.mike/eh2.C (test for excess errors)
FAIL: g++.mike/eh21.C (test for excess errors)
FAIL: g++.mike/eh23.C (test for excess errors)
FAIL: g++.mike/eh24.C (test for excess errors)
FAIL: g++.mike/eh25.C (test for excess errors)
FAIL: g++.mike/eh26.C (test for excess errors)
FAIL: g++.mike/eh27.C (test for excess errors)
FAIL: g++.mike/eh28.C (test for excess errors)
FAIL: g++.mike/eh29.C (test for excess errors)
FAIL: g++.mike/eh3.C (test for excess errors)
FAIL: g++.mike/eh31.C (test for excess errors)
FAIL: g++.mike/eh33.C (test for excess errors)
FAIL: g++.mike/eh34.C (test for excess errors)
FAIL: g++.mike/eh35.C (test for excess errors)
FAIL: g++.mike/eh36.C (test for excess errors)
FAIL: g++.mike/eh37.C (test for excess errors)
FAIL: g++.mike/eh38.C (test for excess errors)
FAIL: g++.mike/eh39.C (test for excess errors)
FAIL: g++.mike/eh40.C (test for excess errors)
FAIL: g++.mike/eh41.C (test for excess errors)
FAIL: g++.mike/eh42.C (test for excess errors)
FAIL: g++.mike/eh44.C (test for excess errors)
FAIL: g++.mike/eh45.C (test for excess errors)
FAIL: g++.mike/eh47.C (test for excess errors)
FAIL: g++.mike/eh48.C (test for excess errors)
FAIL: g++.mike/eh49.C (test for excess errors)
FAIL: g++.mike/eh5.C (test for excess errors)
FAIL: g++.mike/eh50.C (test for excess errors)
FAIL: g++.mike/eh51.C (test for excess errors)
FAIL: g++.mike/eh53.C (test for excess errors)
FAIL: g++.mike/eh55.C (test for excess errors)
FAIL: g++.mike/eh56.C (test for excess errors)
FAIL: g++.mike/eh59.C (test for excess errors)
FAIL: g++.mike/eh6.C (test for excess errors)
FAIL: g++.mike/eh8.C (test for excess errors)
FAIL: g++.mike/init1.C (test for excess errors)
FAIL: g++.mike/leak1.C (test for excess errors)
FAIL: g++.mike/mi1.C (test for excess errors)
FAIL: g++.mike/mi2.C (test for excess errors)
FAIL: g++.mike/misc1.C (test for excess errors)
FAIL: g++.mike/misc13.C (test for excess errors)
FAIL: g++.mike/misc14.C (test for excess errors)
FAIL: g++.mike/net15.C (test for excess errors)
FAIL: g++.mike/net16.C (test for excess errors)
FAIL: g++.mike/net21.C (test for excess errors)
FAIL: g++.mike/net26.C (test for excess errors)
FAIL: g++.mike/net34.C (test for excess errors)
FAIL: g++.mike/net38.C (test for excess errors)
FAIL: g++.mike/net39.C (test for excess errors)
FAIL: g++.mike/net40.C (test for excess errors)
FAIL: g++.mike/net46.C (test for excess errors)
FAIL: g++.mike/offset1.C (test for excess errors)
FAIL: g++.mike/p10148.C (test for excess errors)
FAIL: g++.mike/p10849a.C (test for excess errors)
FAIL: g++.mike/p11667.C (test for excess errors)
FAIL: g++.mike/p12306a.C (test for excess errors)
FAIL: g++.mike/p1248.C (test for excess errors)
FAIL: g++.mike/p1567.C (test for excess errors)
FAIL: g++.mike/p16146.C (test for excess errors)
FAIL: g++.mike/p1862.C (test for excess errors)
FAIL: g++.mike/p2736.C (test for excess errors)
FAIL: g++.mike/p2846.C (test for excess errors)
FAIL: g++.mike/p2846a.C (test for excess errors)
FAIL: g++.mike/p2846b.C (test for excess errors)
FAIL: g++.mike/p2960.C (test for excess errors)
FAIL: g++.mike/p3041.C (test for excess errors)
FAIL: g++.mike/p3068.C (test for excess errors)
FAIL: g++.mike/p3139.C (test for excess errors)
FAIL: g++.mike/p3579.C (test for excess errors)
FAIL: g++.mike/p3708.C (test for excess errors)
FAIL: g++.mike/p3708a.C (test for excess errors)
FAIL: g++.mike/p3708b.C (test for excess errors)
FAIL: g++.mike/p4246.C (test for excess errors)
FAIL: g++.mike/p4511.C (test for excess errors)
FAIL: g++.mike/p4736a.C (test for excess errors)
FAIL: g++.mike/p4736b.C (test for excess errors)
FAIL: g++.mike/p4736c.C (test for excess errors)
FAIL: g++.mike/p5469.C (test for excess errors)
FAIL: g++.mike/p5469a.C (test for excess errors)
FAIL: g++.mike/p5571.C (test for excess errors)
FAIL: g++.mike/p5611.C (test for excess errors)
FAIL: g++.mike/p5673.C (test for excess errors)
FAIL: g++.mike/p646.C (test for excess errors)
FAIL: g++.mike/p658.C (test for excess errors)
FAIL: g++.mike/p6610a.C (test for excess errors)
FAIL: g++.mike/p6610b.C (test for excess errors)
FAIL: g++.mike/p6927.C (test for excess errors)
FAIL: g++.mike/p7180.C (test for excess errors)
FAIL: g++.mike/p755.C (test for excess errors)
FAIL: g++.mike/p755a.C (test for excess errors)
FAIL: g++.mike/p7651.C (test for excess errors)
FAIL: g++.mike/p783.C (test for excess errors)
FAIL: g++.mike/p783a.C (test for excess errors)
FAIL: g++.mike/p783b.C (test for excess errors)
FAIL: g++.mike/p7865.C (test for excess errors)
FAIL: g++.mike/p789.C (test for excess errors)
FAIL: g++.mike/p789a.C (test for excess errors)
FAIL: g++.mike/p7912.C (test for excess errors)
FAIL: g++.mike/p8018.C (test for excess errors)
FAIL: g++.mike/p8155.C (test for excess errors)
FAIL: g++.mike/p8483.C (test for excess errors)
FAIL: g++.mike/p9706.C (test for excess errors)
FAIL: g++.mike/p9732a.C (test for excess errors)
FAIL: g++.mike/p9732b.C (test for excess errors)
FAIL: g++.mike/pmf2.C (test for excess errors)
FAIL: g++.mike/pmf7.C (test for excess errors)
FAIL: g++.mike/pmf8.C (test for excess errors)
FAIL: g++.mike/pmf9.C (test for excess errors)
FAIL: g++.mike/pt2.C (test for excess errors)
FAIL: g++.mike/ref1.C (test for excess errors)
FAIL: g++.mike/rtti2.C (test for excess errors)
FAIL: g++.mike/rtti3.C (test for excess errors)
FAIL: g++.mike/temp.C (test for excess errors)
FAIL: g++.mike/thunk2.C (test for excess errors)
FAIL: g++.mike/thunk3.C (test for excess errors)
FAIL: g++.mike/virt2.C (test for excess errors)
FAIL: g++.mike/virt4.C (test for excess errors)
FAIL: g++.mike/virt5.C (test for excess errors)
FAIL: g++.mike/virt6.C (test for excess errors)
FAIL: g++.mike/vtable1.C (test for excess errors)
FAIL: g++.ns/new1.C (test for excess errors)
FAIL: g++.ns/template9.C (test for excess errors)
FAIL: g++.ns/type1.C (test for excess errors)
FAIL: g++.oliva/delete2.C (test for excess errors)
FAIL: g++.oliva/delete3.C (test for excess errors)
FAIL: g++.oliva/delete4.C (test for excess errors)
FAIL: g++.oliva/delete5.C (test for excess errors)
FAIL: g++.oliva/new1.C (test for excess errors)
XPASS: g++.oliva/template7.C - conversion from int to non-scalar - (test for bogus messages, line 11)
FAIL: g++.oliva/thunk1.C (test for excess errors)
FAIL: g++.other/access9.C (test for excess errors)
FAIL: g++.other/array1.C (test for excess errors)
FAIL: g++.other/badopt1.C (test for excess errors)
FAIL: g++.other/cleanup1.C (test for excess errors)
FAIL: g++.other/defarg4.C caused compiler crash
FAIL: g++.other/delete3.C (test for excess errors)
FAIL: g++.other/delete5.C (test for excess errors)
FAIL: g++.other/dtor1.C (test for excess errors)
FAIL: g++.other/dtor5.C (test for excess errors)
FAIL: g++.other/dtor6.C (test for excess errors)
FAIL: g++.other/dyncast1.C (test for excess errors)
FAIL: g++.other/dyncast2.C (test for excess errors)
FAIL: g++.other/dyncast3.C (test for excess errors)
FAIL: g++.other/dyncast4.C (test for excess errors)
FAIL: g++.other/dyncast5.C (test for excess errors)
FAIL: g++.other/empty1.C (test for excess errors)
FAIL: g++.other/init5.C (test for excess errors)
FAIL: g++.other/init7.C (test for excess errors)
FAIL: g++.other/inline7.C (test for excess errors)
FAIL: g++.other/inline8.C (test for excess errors)
FAIL: g++.other/local1.C (test for excess errors)
FAIL: g++.other/local3.C (test for excess errors)
FAIL: g++.other/lookup18.C (test for excess errors)
FAIL: g++.other/new3.C (test for excess errors)
FAIL: g++.other/overload9.C (test for excess errors)
FAIL: g++.other/pmf4.C (test for excess errors)
FAIL: g++.other/redecl3.C (test for excess errors)
FAIL: g++.other/rtti1.C (test for excess errors)
FAIL: g++.other/rtti2.C (test for excess errors)
FAIL: g++.other/rtti3.C (test for excess errors)
FAIL: g++.other/rtti4.C (test for excess errors)
FAIL: g++.other/rttid3.C (test for excess errors)
FAIL: g++.other/rttid4.C (test for excess errors)
FAIL: g++.other/singleton.C (test for excess errors)
FAIL: g++.other/sizeof5.C ISO forbids, ERROR - invalid quals (test for errors, line 16)
FAIL: g++.other/temporary1.C (test for excess errors)
FAIL: g++.other/using2.C (test for excess errors)
FAIL: g++.other/using4.C (test for excess errors)
FAIL: g++.other/using6.C (test for excess errors)
FAIL: g++.other/using7.C (test for excess errors)
FAIL: g++.other/vaarg3.C promote (test for errors, line 26)
FAIL: g++.other/virtual2.C (test for excess errors)
FAIL: g++.other/virtual3.C (test for excess errors)
FAIL: g++.other/vtbl2.C (test for excess errors)
FAIL: g++.pt/auto_ptr.C (test for excess errors)
FAIL: g++.pt/explicit55.C (test for excess errors)
FAIL: g++.pt/explicit56.C (test for excess errors)
FAIL: g++.pt/explicit74.C (test for excess errors)
FAIL: g++.pt/expr1.C (test for excess errors)
FAIL: g++.pt/fntry1.C (test for excess errors)
FAIL: g++.pt/instantiate4.C (test for excess errors)
FAIL: g++.pt/local6.C (test for excess errors)
FAIL: g++.pt/memclass4.C (test for excess errors)
FAIL: g++.pt/memtemp79.C - quals (test for bogus messages, line 5)
FAIL: g++.pt/memtemp89.C Q::X not a template (test for errors, line 13)
FAIL: g++.pt/memtemp89.C instantiated from here (test for errors, line 15)
FAIL: g++.pt/mi1.C (test for excess errors)
FAIL: g++.pt/repo1.C (test for excess errors)
FAIL: g++.pt/spec3.C (test for excess errors)
FAIL: g++.pt/spec30.C (test for excess errors)
FAIL: g++.pt/static8.C (test for excess errors)
FAIL: g++.pt/ttp19.C (test for excess errors)
FAIL: g++.pt/ttp33.C caused compiler crash
FAIL: g++.pt/ttp40.C (test for excess errors)
FAIL: g++.pt/unify7.C (test for bogus messages, line 9)
FAIL: g++.pt/unify7.C (test for bogus messages, line 13)
FAIL: g++.pt/unify7.C (test for bogus messages, line 14)
FAIL: g++.pt/virtual1.C (test for excess errors)
FAIL: g++.pt/virtual4.C (test for excess errors)
FAIL: g++.robertl/980310-1.C (test for excess errors)
FAIL: g++.robertl/eb102.C (test for excess errors)
FAIL: g++.robertl/eb104.C (test for excess errors)
FAIL: g++.robertl/eb114.C (test for excess errors)
FAIL: g++.robertl/eb115.C (test for excess errors)
FAIL: g++.robertl/eb118.C (test for excess errors)
FAIL: g++.robertl/eb126.C (test for excess errors)
FAIL: g++.robertl/eb127.C (test for excess errors)
FAIL: g++.robertl/eb21.C (test for excess errors)
FAIL: g++.robertl/eb27.C (test for excess errors)
FAIL: g++.robertl/eb31.C (test for excess errors)
FAIL: g++.robertl/eb41.C (test for excess errors)
FAIL: g++.robertl/eb44.C (test for excess errors)
FAIL: g++.robertl/eb46.C (test for excess errors)
FAIL: g++.robertl/eb50.C (test for excess errors)
FAIL: g++.robertl/eb54.C (test for excess errors)
FAIL: g++.robertl/eb58.C (test for excess errors)
FAIL: g++.robertl/eb59.C (test for excess errors)
FAIL: g++.robertl/eb63.C (test for excess errors)
FAIL: g++.robertl/eb66.C (test for excess errors)
FAIL: g++.robertl/eb69.C (test for excess errors)
FAIL: g++.robertl/eb73.C (test for excess errors)
FAIL: g++.robertl/eb77.C (test for excess errors)
FAIL: g++.robertl/eb88.C (test for excess errors)
FAIL: g++.robertl/eh990323-1.C (test for excess errors)
FAIL: g++.robertl/eh990323-2.C (test for excess errors)
FAIL: g++.robertl/eh990323-3.C (test for excess errors)
FAIL: g++.robertl/eh990323-4.C (test for excess errors)
FAIL: g++.robertl/eh990323-5.C (test for excess errors)
FAIL: g++.robertl/ice990323-2.C (test for excess errors)
=== g++ Summary ===
# of expected passes 4993
# of unexpected failures 388
# of unexpected successes 1
# of expected failures 446
# of untested testcases 16
/1/egcs/egcs-solaris/gcc/testsuite/../g++ version 2.96 20000305 (experimental)
=== g77 tests ===
Running target unix
FAIL: g77.f-torture/execute/19990325-0.f compilation, -O0
FAIL: g77.f-torture/execute/19990325-0.f compilation, -O1
FAIL: g77.f-torture/execute/19990325-0.f compilation, -O2
FAIL: g77.f-torture/execute/19990325-0.f compilation, -O2 -fomit-frame-pointer -finline-functions
FAIL: g77.f-torture/execute/19990325-0.f compilation, -Os
FAIL: g77.f-torture/execute/19990325-1.f compilation, -O0
FAIL: g77.f-torture/execute/19990325-1.f compilation, -O1
FAIL: g77.f-torture/execute/19990325-1.f compilation, -O2
FAIL: g77.f-torture/execute/19990325-1.f compilation, -O2 -fomit-frame-pointer -finline-functions
FAIL: g77.f-torture/execute/19990325-1.f compilation, -Os
=== g77 Summary ===
# of expected passes 644
# of unexpected failures 10
# of untested testcases 10
=== objc tests ===
Running target unix
FAIL: objc/execute/bf-1.m compilation, -O
FAIL: objc/execute/bf-10.m compilation, -O
FAIL: objc/execute/bf-11.m compilation, -O
FAIL: objc/execute/bf-12.m compilation, -O
FAIL: objc/execute/bf-13.m compilation, -O
FAIL: objc/execute/bf-14.m compilation, -O
FAIL: objc/execute/bf-15.m compilation, -O
FAIL: objc/execute/bf-16.m compilation, -O
FAIL: objc/execute/bf-17.m compilation, -O
FAIL: objc/execute/bf-18.m compilation, -O
FAIL: objc/execute/bf-19.m compilation, -O
FAIL: objc/execute/bf-2.m compilation, -O
FAIL: objc/execute/bf-3.m compilation, -O
FAIL: objc/execute/bf-4.m compilation, -O
FAIL: objc/execute/bf-5.m compilation, -O
FAIL: objc/execute/bf-6.m compilation, -O
FAIL: objc/execute/bf-7.m compilation, -O
FAIL: objc/execute/bf-8.m compilation, -O
FAIL: objc/execute/bf-9.m compilation, -O
=== objc Summary ===
# of unexpected failures 19
# of untested testcases 19
/1/egcs/egcs-solaris/gcc/xgcc version 2.96 20000305 (experimental)
Compiler version: 2.96 20000305 (experimental)
Platform: sparc-sun-solaris2.6
configure flags: --with-gcc-version-trigger=/1/egcs/egcs/gcc/version.c --host=sparc-sun-solaris2.6 --srcdir=../egcs --prefix=/net/home/robotvis/gnu/egcs --enable-threads=posix --with-gnu-as --with-gnu-ld --with-as=/net/home/robotvis/gnu/binutils/bin/as --with-ld=/net/home/robotvis/gnu/binutils/bin/ld --norecursion
Counting all warnings,
there are 0 warnings in stage3 of this bootstrap.
Number of warnings per file:
Number of warning types:
More information about the Gcc-testresults
mailing list