Results for 2.96 20000626 (experimental) testsuite on sparc-sun-solaris2.5.1

Joe Buck jbuck@racerx.synopsys.com
Wed Jun 28 08:47:00 GMT 2000


Native configuration is sparc-sun-solaris2.5.1

		=== libio tests ===


Running target unix
FAIL: tFile.cc execution 
FAIL: tFile.cc execution -b0
FAIL: tFile.cc execution -b3
FAIL: tfformat.c execution 

		=== libio Summary ===

# of expected passes		33
# of unexpected failures	4
# of expected failures		4
		=== libstdc++ tests ===


Running target unix

		=== libstdc++ Summary ===

# of expected passes		30
		=== gcc tests ===


Running target unix
FAIL: gcc.c-torture/compile/920410-1.c,  -O3 -fssa  
FAIL: gcc.c-torture/compile/920413-1.c,  -O3 -fssa  
FAIL: gcc.c-torture/compile/920501-23.c,  -O3 -fssa  
FAIL: gcc.c-torture/compile/920710-2.c,  -O3 -fssa  
FAIL: gcc.c-torture/compile/921118-1.c,  -O3 -fssa  
FAIL: gcc.c-torture/compile/930120-1.c,  -O3 -fssa  
FAIL: gcc.c-torture/compile/930217-1.c,  -O3 -fssa  
FAIL: gcc.c-torture/compile/930611-1.c,  -O3 -fssa  
FAIL: gcc.c-torture/compile/950612-1.c,  -O3 -fssa  
FAIL: gcc.c-torture/compile/950729-1.c,  -O3 -fssa  
FAIL: gcc.c-torture/compile/950921-1.c,  -O3 -fssa  
FAIL: gcc.c-torture/compile/950922-1.c,  -O3 -fssa  
FAIL: gcc.c-torture/compile/980506-2.c,  -O3 -fssa  
FAIL: gcc.c-torture/compile/980726-1.c,  -O3 -fssa  
FAIL: gcc.c-torture/compile/991026-1.c,  -O3 -fssa  
FAIL: gcc.c-torture/compile/combine-hang.c,  -O3 -fssa  
FAIL: gcc.c-torture/compile/20000405-3.c,  -O0  
FAIL: gcc.c-torture/compile/20000405-3.c,  -O1  
FAIL: gcc.c-torture/compile/20000405-3.c,  -O2  
FAIL: gcc.c-torture/compile/20000405-3.c,  -O3 -fomit-frame-pointer  
FAIL: gcc.c-torture/compile/20000405-3.c,  -O3 -g  
FAIL: gcc.c-torture/compile/20000405-3.c,  -O3 -fssa  
FAIL: gcc.c-torture/compile/20000405-3.c,  -Os  
FAIL: gcc.c-torture/execute/20000225-1.c execution,  -O2 
FAIL: gcc.c-torture/execute/20000225-1.c execution,  -O3 -fomit-frame-pointer 
FAIL: gcc.c-torture/execute/20000225-1.c execution,  -O3 -fomit-frame-pointer -funroll-loops 
FAIL: gcc.c-torture/execute/20000225-1.c execution,  -O3 -fomit-frame-pointer -funroll-all-loops -finline-functions 
FAIL: gcc.c-torture/execute/20000225-1.c execution,  -O3 -g 
FAIL: gcc.c-torture/execute/20000225-1.c execution,  -O3 -fssa 
FAIL: gcc.c-torture/execute/20000225-1.c execution,  -Os 
FAIL: gcc.c-torture/execute/20000412-2.c execution,  -O2 
FAIL: gcc.c-torture/execute/20000412-2.c execution,  -O3 -fomit-frame-pointer 
FAIL: gcc.c-torture/execute/20000412-2.c execution,  -O3 -g 
FAIL: gcc.c-torture/execute/20000412-2.c execution,  -O3 -fssa 
FAIL: gcc.c-torture/execute/20000412-2.c execution,  -Os 
FAIL: gcc.c-torture/execute/920501-2.c compilation,  -O3 -fssa 
FAIL: gcc.c-torture/execute/920501-6.c compilation,  -O3 -fssa 
FAIL: gcc.c-torture/execute/920501-9.c compilation,  -O3 -fssa 
FAIL: gcc.c-torture/execute/920829-1.c compilation,  -O3 -fssa 
FAIL: gcc.c-torture/execute/921029-1.c compilation,  -O3 -fssa 
FAIL: gcc.c-torture/execute/921202-2.c compilation,  -O3 -fssa 
FAIL: gcc.c-torture/execute/930126-1.c compilation,  -O3 -fssa 
FAIL: gcc.c-torture/execute/930921-1.c compilation,  -O3 -fssa 
FAIL: gcc.c-torture/execute/950607-2.c compilation,  -O3 -fssa 
FAIL: gcc.c-torture/execute/950612-1.c compilation,  -O3 -fssa 
FAIL: gcc.c-torture/execute/950915-1.c compilation,  -O3 -fssa 
FAIL: gcc.c-torture/execute/960416-1.c compilation,  -O3 -fssa 
FAIL: gcc.c-torture/execute/961122-1.c compilation,  -O3 -fssa 
FAIL: gcc.c-torture/execute/961213-1.c compilation,  -O3 -fssa 
FAIL: gcc.c-torture/execute/961223-1.c compilation,  -O3 -fssa 
FAIL: gcc.c-torture/execute/990324-1.c execution,  -O3 -fomit-frame-pointer 
FAIL: gcc.c-torture/execute/990324-1.c execution,  -O3 -g 
FAIL: gcc.c-torture/execute/990324-1.c execution,  -O3 -fssa 
FAIL: gcc.c-torture/execute/991019-1.c compilation,  -O3 -fssa 
FAIL: gcc.c-torture/execute/991118-1.c compilation,  -O3 -fssa 
FAIL: gcc.c-torture/execute/991228-1.c compilation,  -O3 -fssa 
FAIL: gcc.c-torture/execute/bf64-1.c compilation,  -O3 -fssa 
FAIL: gcc.c-torture/execute/comp-goto-1.c compilation,  -O3 -fssa 
FAIL: gcc.c-torture/execute/conversion.c compilation,  -O3 -fssa 
FAIL: gcc.c-torture/execute/loop-6.c execution,  -O2 
FAIL: gcc.c-torture/execute/loop-6.c execution,  -O3 -fomit-frame-pointer 
FAIL: gcc.c-torture/execute/loop-6.c execution,  -O3 -fomit-frame-pointer -funroll-loops 
FAIL: gcc.c-torture/execute/loop-6.c execution,  -O3 -fomit-frame-pointer -funroll-all-loops -finline-functions 
FAIL: gcc.c-torture/execute/loop-6.c execution,  -O3 -g 
FAIL: gcc.c-torture/execute/loop-6.c execution,  -O3 -fssa 
FAIL: gcc.c-torture/execute/loop-6.c execution,  -Os 
FAIL: gcc.c-torture/execute/strct-pack-1.c compilation,  -O3 -fssa 
FAIL: gcc.c-torture/execute/strct-pack-4.c compilation,  -O3 -fssa 
FAIL: gcc.c-torture/execute/struct-ret-2.c compilation,  -O3 -fssa 
FAIL: gcc.c-torture/execute/va-arg-12.c execution,  -O1 
FAIL: gcc.c-torture/execute/va-arg-12.c execution,  -O2 
FAIL: gcc.c-torture/execute/va-arg-12.c execution,  -O3 -fomit-frame-pointer 
FAIL: gcc.c-torture/execute/va-arg-12.c execution,  -O3 -g 
FAIL: gcc.c-torture/execute/va-arg-12.c execution,  -O3 -fssa 
FAIL: gcc.c-torture/execute/va-arg-12.c execution,  -Os 
FAIL: gcc.c-torture/execute/va-arg-15.c execution,  -O1 
FAIL: gcc.c-torture/execute/va-arg-15.c execution,  -O2 
FAIL: gcc.c-torture/execute/va-arg-15.c execution,  -O3 -fomit-frame-pointer 
FAIL: gcc.c-torture/execute/va-arg-15.c execution,  -O3 -fomit-frame-pointer -funroll-loops 
FAIL: gcc.c-torture/execute/va-arg-15.c execution,  -O3 -fomit-frame-pointer -funroll-all-loops -finline-functions 
FAIL: gcc.c-torture/execute/va-arg-15.c execution,  -O3 -g 
FAIL: gcc.c-torture/execute/va-arg-15.c execution,  -O3 -fssa 
FAIL: gcc.c-torture/execute/va-arg-15.c execution,  -Os 
FAIL: gcc.c-torture/execute/va-arg-16.c execution,  -O1 
FAIL: gcc.c-torture/execute/va-arg-16.c execution,  -O2 
FAIL: gcc.c-torture/execute/va-arg-16.c execution,  -O3 -fomit-frame-pointer 
FAIL: gcc.c-torture/execute/va-arg-16.c execution,  -O3 -g 
FAIL: gcc.c-torture/execute/va-arg-16.c execution,  -O3 -fssa 
FAIL: gcc.c-torture/execute/va-arg-16.c execution,  -Os 
FAIL: gcc.c-torture/execute/va-arg-20.c execution,  -O1 
FAIL: gcc.c-torture/execute/va-arg-20.c execution,  -O2 
FAIL: gcc.c-torture/execute/va-arg-20.c execution,  -Os 
FAIL: gcc.c-torture/execute/ieee/930529-1.c compilation,  -O3 -fssa 
FAIL: gcc.c-torture/execute/ieee/rbug.c compilation,  -O3 -fssa 
FAIL: gcc.c-torture/unsorted/bad.c,  -O3 -fssa  
FAIL: gcc.c-torture/unsorted/d.c,  -O3 -fssa  
FAIL: gcc.c-torture/unsorted/signext.c,  -O3 -fssa  
FAIL: gcc.c-torture/unsorted/signext2.c,  -O3 -fssa  
FAIL: gcc.c-torture/unsorted/udivmod4.c,  -O3 -fssa  
FAIL: gcc.dg/bf-spl1.c (test for excess errors)
FAIL: gcc.dg/compare2.c case 10 (test for bogus messages, line 29)
FAIL: gcc.dg/cpp-if2.c wide charconst recognition (test for bogus messages, line 9)
FAIL: gcc.dg/noreturn-1.c this function should not get any warnings (test for bogus messages, line 52)
FAIL: gcc.dg/noreturn-1.c detect return from tail call (test for warnings, line 59)
FAIL: gcc.dg/noreturn-2.c noreturn does return (test for bogus messages, line 12)

		=== gcc Summary ===

# of expected passes		11435
# of unexpected failures	105
# of expected failures		35
# of unresolved testcases	26
# of unsupported tests		36
/remote/dtg103/jbuck/gnu/src/cvs/egcs-sol2/gcc/xgcc version 2.96 20000626 (experimental)

		=== g++ tests ===


Running target unix
FAIL: g++.dg/special/conpr-1.C execution test
FAIL: g++.dg/special/conpr-2.C execution test
FAIL: g++.dg/special/conpr-3.C execution test
FAIL: g++.dg/special/conpr-3.C execution test
FAIL: g++.ext/initp1.C  Execution test
FAIL: g++.ext/instantiate1.C not instantiated (test for errors, line 18)
FAIL: g++.ext/instantiate1.C not instantiated (test for errors, line 20)
FAIL: g++.ext/instantiate2.C not instantiated (test for errors, line 16)
FAIL: g++.ext/instantiate3.C not instantiated (test for errors, line 13)
XPASS: g++.oliva/template7.C - conversion from int to non-scalar - (test for bogus messages, line 12)
FAIL: g++.other/crash18.C (test for excess errors)
FAIL: g++.other/initstring.C (test for excess errors)
FAIL: g++.other/type.C caused compiler crash
FAIL: g++.other/vaarg3.C promote (test for errors, line 26)

		=== g++ Summary ===

# of expected passes		5904
# of unexpected failures	13
# of unexpected successes	1
# of expected failures		97
# of untested testcases		16
/remote/dtg103/jbuck/gnu/src/cvs/egcs-sol2/gcc/testsuite/../g++ version 2.96 20000626 (experimental)

		=== g77 tests ===


Running target unix
FAIL: g77.f-torture/compile/970125-0.f,  -O3 -fssa  
FAIL: g77.f-torture/execute/u77-test.f compilation,  -O3 -fssa 

		=== g77 Summary ===

# of expected passes		955
# of unexpected failures	2
# of expected failures		9
# of untested testcases		1
		=== objc tests ===


Running target unix
FAIL: objc/execute/bf-1.m compilation,  -O 
FAIL: objc/execute/bf-10.m compilation,  -O 
FAIL: objc/execute/bf-11.m compilation,  -O 
FAIL: objc/execute/bf-12.m compilation,  -O 
FAIL: objc/execute/bf-13.m compilation,  -O 
FAIL: objc/execute/bf-14.m compilation,  -O 
FAIL: objc/execute/bf-15.m compilation,  -O 
FAIL: objc/execute/bf-16.m compilation,  -O 
FAIL: objc/execute/bf-17.m compilation,  -O 
FAIL: objc/execute/bf-18.m compilation,  -O 
FAIL: objc/execute/bf-19.m compilation,  -O 
FAIL: objc/execute/bf-2.m compilation,  -O 
FAIL: objc/execute/bf-20.m compilation,  -O 
FAIL: objc/execute/bf-3.m compilation,  -O 
FAIL: objc/execute/bf-4.m compilation,  -O 
FAIL: objc/execute/bf-5.m compilation,  -O 
FAIL: objc/execute/bf-6.m compilation,  -O 
FAIL: objc/execute/bf-7.m compilation,  -O 
FAIL: objc/execute/bf-8.m compilation,  -O 
FAIL: objc/execute/bf-9.m compilation,  -O 

		=== objc Summary ===

# of unexpected failures	20
# of untested testcases		20
/remote/dtg103/jbuck/gnu/src/cvs/egcs-sol2/gcc/xgcc version 2.96 20000626 (experimental)


Compiler version: 2.96 20000626 (experimental) 
Platform: sparc-sun-solaris2.5.1
configure flags: --host=sparc-sun-solaris2.5.1 --enable-shared --prefix=/u/jbuck/gcc-cvs


More information about the Gcc-testresults mailing list