Results for 2.96 20000626 (experimental) testsuite on sparc-unknown-linux-gnu
Alexandre Oliva
oliva@lsd.ic.unicamp.br
Wed Jun 28 01:22:00 GMT 2000
Native configuration is sparc-unknown-linux-gnu
=== binutils tests ===
Running target unix
=== binutils Summary ===
# of expected passes 20
# of untested testcases 6
=== g++ tests ===
Running target unix
FAIL: g++.ext/instantiate1.C not instantiated (test for errors, line 18)
FAIL: g++.ext/instantiate1.C not instantiated (test for errors, line 20)
XPASS: g++.oliva/template7.C - conversion from int to non-scalar - (test for bogus messages, line 12)
FAIL: g++.other/initstring.C (test for excess errors)
FAIL: g++.other/type.C caused compiler crash
=== g++ Summary ===
# of expected passes 5911
# of unexpected failures 4
# of unexpected successes 1
# of expected failures 98
# of untested testcases 17
/n/lsd.tmp/sparc-unknown-linux-gnu/egcs/gcc/testsuite/../g++ version 2.96 20000626 (experimental)
=== g77 tests ===
Running target unix
FAIL: g77.f-torture/compile/970125-0.f, -O3 -fssa
FAIL: g77.f-torture/execute/u77-test.f compilation, -O3 -fssa
=== g77 Summary ===
# of expected passes 955
# of unexpected failures 2
# of expected failures 9
# of untested testcases 1
=== gas tests ===
Running target unix
=== gas Summary ===
# of expected passes 77
=== gcc tests ===
Running target unix
FAIL: gcc.c-torture/compile/combine-hang.c, -O3 -fssa
FAIL: gcc.c-torture/compile/20000405-3.c, -O0
FAIL: gcc.c-torture/compile/20000405-3.c, -O1
FAIL: gcc.c-torture/compile/20000405-3.c, -O2
FAIL: gcc.c-torture/compile/20000405-3.c, -O3 -fomit-frame-pointer
FAIL: gcc.c-torture/compile/20000405-3.c, -O3 -g
FAIL: gcc.c-torture/compile/20000405-3.c, -O3 -fssa
FAIL: gcc.c-torture/compile/20000405-3.c, -Os
FAIL: gcc.c-torture/compile/920410-1.c, -O3 -fssa
FAIL: gcc.c-torture/compile/920413-1.c, -O3 -fssa
FAIL: gcc.c-torture/compile/920501-23.c, -O3 -fssa
FAIL: gcc.c-torture/compile/920710-2.c, -O3 -fssa
FAIL: gcc.c-torture/compile/921118-1.c, -O3 -fssa
FAIL: gcc.c-torture/compile/930120-1.c, -O3 -fssa
FAIL: gcc.c-torture/compile/930217-1.c, -O3 -fssa
FAIL: gcc.c-torture/compile/930611-1.c, -O3 -fssa
FAIL: gcc.c-torture/compile/950612-1.c, -O3 -fssa
FAIL: gcc.c-torture/compile/950729-1.c, -O3 -fssa
FAIL: gcc.c-torture/compile/950921-1.c, -O3 -fssa
FAIL: gcc.c-torture/compile/950922-1.c, -O3 -fssa
FAIL: gcc.c-torture/compile/980506-2.c, -O3 -fssa
FAIL: gcc.c-torture/compile/980726-1.c, -O3 -fssa
FAIL: gcc.c-torture/compile/991026-1.c, -O3 -fssa
FAIL: gcc.c-torture/execute/20000225-1.c execution, -O2
FAIL: gcc.c-torture/execute/20000225-1.c execution, -O3 -fomit-frame-pointer
FAIL: gcc.c-torture/execute/20000225-1.c execution, -O3 -fomit-frame-pointer -funroll-loops
FAIL: gcc.c-torture/execute/20000225-1.c execution, -O3 -fomit-frame-pointer -funroll-all-loops -finline-functions
FAIL: gcc.c-torture/execute/20000225-1.c execution, -O3 -g
FAIL: gcc.c-torture/execute/20000225-1.c execution, -O3 -fssa
FAIL: gcc.c-torture/execute/20000225-1.c execution, -Os
FAIL: gcc.c-torture/execute/20000412-2.c execution, -O2
FAIL: gcc.c-torture/execute/20000412-2.c execution, -O3 -fomit-frame-pointer
FAIL: gcc.c-torture/execute/20000412-2.c execution, -O3 -g
FAIL: gcc.c-torture/execute/20000412-2.c execution, -O3 -fssa
FAIL: gcc.c-torture/execute/20000412-2.c execution, -Os
FAIL: gcc.c-torture/execute/920501-2.c compilation, -O3 -fssa
FAIL: gcc.c-torture/execute/920501-6.c compilation, -O3 -fssa
FAIL: gcc.c-torture/execute/920501-9.c compilation, -O3 -fssa
FAIL: gcc.c-torture/execute/920829-1.c compilation, -O3 -fssa
FAIL: gcc.c-torture/execute/921029-1.c compilation, -O3 -fssa
FAIL: gcc.c-torture/execute/921202-2.c compilation, -O3 -fssa
FAIL: gcc.c-torture/execute/930126-1.c compilation, -O3 -fssa
FAIL: gcc.c-torture/execute/930921-1.c compilation, -O3 -fssa
FAIL: gcc.c-torture/execute/950607-2.c compilation, -O3 -fssa
FAIL: gcc.c-torture/execute/950612-1.c compilation, -O3 -fssa
FAIL: gcc.c-torture/execute/950915-1.c compilation, -O3 -fssa
FAIL: gcc.c-torture/execute/960416-1.c compilation, -O3 -fssa
FAIL: gcc.c-torture/execute/961122-1.c compilation, -O3 -fssa
FAIL: gcc.c-torture/execute/961213-1.c compilation, -O3 -fssa
FAIL: gcc.c-torture/execute/961223-1.c compilation, -O3 -fssa
FAIL: gcc.c-torture/execute/990324-1.c execution, -O3 -fomit-frame-pointer
FAIL: gcc.c-torture/execute/990324-1.c execution, -O3 -g
FAIL: gcc.c-torture/execute/990324-1.c execution, -O3 -fssa
FAIL: gcc.c-torture/execute/991019-1.c compilation, -O3 -fssa
FAIL: gcc.c-torture/execute/991118-1.c compilation, -O3 -fssa
FAIL: gcc.c-torture/execute/991228-1.c compilation, -O3 -fssa
FAIL: gcc.c-torture/execute/bf64-1.c compilation, -O3 -fssa
FAIL: gcc.c-torture/execute/comp-goto-1.c compilation, -O3 -fssa
FAIL: gcc.c-torture/execute/conversion.c compilation, -O3 -fssa
FAIL: gcc.c-torture/execute/loop-6.c execution, -O2
FAIL: gcc.c-torture/execute/loop-6.c execution, -O3 -fomit-frame-pointer
FAIL: gcc.c-torture/execute/loop-6.c execution, -O3 -fomit-frame-pointer -funroll-loops
FAIL: gcc.c-torture/execute/loop-6.c execution, -O3 -fomit-frame-pointer -funroll-all-loops -finline-functions
FAIL: gcc.c-torture/execute/loop-6.c execution, -O3 -g
FAIL: gcc.c-torture/execute/loop-6.c execution, -O3 -fssa
FAIL: gcc.c-torture/execute/loop-6.c execution, -Os
FAIL: gcc.c-torture/execute/strct-pack-1.c compilation, -O3 -fssa
FAIL: gcc.c-torture/execute/strct-pack-4.c compilation, -O3 -fssa
FAIL: gcc.c-torture/execute/struct-ret-2.c compilation, -O3 -fssa
FAIL: gcc.c-torture/execute/va-arg-20.c execution, -O1
FAIL: gcc.c-torture/execute/va-arg-20.c execution, -O2
FAIL: gcc.c-torture/execute/va-arg-20.c execution, -Os
FAIL: gcc.c-torture/execute/ieee/930529-1.c compilation, -O3 -fssa
FAIL: gcc.c-torture/execute/ieee/rbug.c compilation, -O3 -fssa
FAIL: gcc.c-torture/unsorted/bad.c, -O3 -fssa
FAIL: gcc.c-torture/unsorted/d.c, -O3 -fssa
FAIL: gcc.c-torture/unsorted/signext.c, -O3 -fssa
FAIL: gcc.c-torture/unsorted/signext2.c, -O3 -fssa
FAIL: gcc.c-torture/unsorted/udivmod4.c, -O3 -fssa
FAIL: gcc.dg/bf-spl1.c (test for excess errors)
FAIL: gcc.dg/compare2.c case 10 (test for bogus messages, line 29)
FAIL: gcc.dg/noreturn-1.c this function should not get any warnings (test for bogus messages, line 52)
FAIL: gcc.dg/noreturn-1.c detect return from tail call (test for warnings, line 59)
FAIL: gcc.dg/noreturn-2.c noreturn does return (test for bogus messages, line 12)
=== gcc Summary ===
# of expected passes 11458
# of unexpected failures 84
# of expected failures 35
# of unresolved testcases 26
# of unsupported tests 35
/n/lsd.tmp/sparc-unknown-linux-gnu/egcs/gcc/xgcc version 2.96 20000626 (experimental)
=== ld tests ===
Running target unix
=== ld Summary ===
# of expected passes 53
=== libg++ tests ===
Running target unix
=== libg++ Summary ===
# of expected passes 72
=== libio tests ===
Running target unix
=== libio Summary ===
# of expected passes 40
=== libstdc++ tests ===
Running target unix
=== libstdc++ Summary ===
# of expected passes 30
=== objc tests ===
Running target unix
FAIL: objc/execute/bf-1.m compilation, -O
FAIL: objc/execute/bf-10.m compilation, -O
FAIL: objc/execute/bf-11.m compilation, -O
FAIL: objc/execute/bf-12.m compilation, -O
FAIL: objc/execute/bf-13.m compilation, -O
FAIL: objc/execute/bf-14.m compilation, -O
FAIL: objc/execute/bf-15.m compilation, -O
FAIL: objc/execute/bf-16.m compilation, -O
FAIL: objc/execute/bf-17.m compilation, -O
FAIL: objc/execute/bf-18.m compilation, -O
FAIL: objc/execute/bf-19.m compilation, -O
FAIL: objc/execute/bf-2.m compilation, -O
FAIL: objc/execute/bf-20.m compilation, -O
FAIL: objc/execute/bf-3.m compilation, -O
FAIL: objc/execute/bf-4.m compilation, -O
FAIL: objc/execute/bf-5.m compilation, -O
FAIL: objc/execute/bf-6.m compilation, -O
FAIL: objc/execute/bf-7.m compilation, -O
FAIL: objc/execute/bf-8.m compilation, -O
FAIL: objc/execute/bf-9.m compilation, -O
=== objc Summary ===
# of unexpected failures 20
# of untested testcases 20
/n/lsd.tmp/sparc-unknown-linux-gnu/egcs/gcc/xgcc version 2.96 20000626 (experimental)
Compiler version: 2.96 20000626 (experimental)
Platform: sparc-unknown-linux-gnu
BOOT_CFLAGS: standard
Counting all warnings,
there are 487 warnings in stage3 of this bootstrap.
Number of warnings per file:
284 /home/lsd/oliva/src/egcs/gcc/f/intdoc.in
29 /home/lsd/oliva/src/egcs/gcc/combine.c
13 cc1plus
13 /home/lsd/oliva/src/egcs/libobjc/objc/hash.h
11 /home/lsd/oliva/src/egcs/gcc/intl/l10nflist.c
11 /home/lsd/oliva/src/egcs/gcc/expr.c
10 /home/lsd/oliva/src/egcs/libiberty/pexecute.c
9 configure
7 /home/lsd/oliva/src/egcs/gcc/dwarf2out.c
6 /home/lsd/oliva/src/egcs/gcc/cse.c
5 /home/lsd/oliva/src/egcs/gprof/vax.c
5 /home/lsd/oliva/src/egcs/gprof/tahoe.c
5 /home/lsd/oliva/src/egcs/gprof/i386.c
5 /home/lsd/oliva/src/egcs/gcc/intl/dcgettext.c
4 Makefile
4 /home/lsd/oliva/src/egcs/libg++/src/AllocRing.cc
4 /home/lsd/oliva/src/egcs/gprof/sparc.c
4 /home/lsd/oliva/src/egcs/gprof/alpha.c
4 /home/lsd/oliva/src/egcs/gcc/config/sparc/sparc.c
3 /home/lsd/oliva/src/egcs/gcc/gcc.c
3 /home/lsd/oliva/src/egcs/gcc/cpplex.c
2 f/intdoc.h0
2 /usr/include/alloca.h
2 /home/lsd/oliva/src/egcs/libobjc/selector.c
2 /home/lsd/oliva/src/egcs/libiberty/xexit.c
2 /home/lsd/oliva/src/egcs/libiberty/cp-demangle.c
2 /home/lsd/oliva/src/egcs/gcc/reload1.c
2 /home/lsd/oliva/src/egcs/gcc/regrename.c
2 /home/lsd/oliva/src/egcs/gcc/regmove.c
2 /home/lsd/oliva/src/egcs/gcc/libgcc2.c
2 /home/lsd/oliva/src/egcs/gcc/function.c
2 /home/lsd/oliva/src/egcs/gcc/fold-const.c
2 /home/lsd/oliva/src/egcs/gcc/cp/semantics.c
2 /home/lsd/oliva/src/egcs/gcc/alias.c
1 /home/lsd/oliva/src/egcs/libobjc/sarray.c
1 /home/lsd/oliva/src/egcs/libobjc/encoding.c
1 /home/lsd/oliva/src/egcs/libobjc/Object.m
1 /home/lsd/oliva/src/egcs/libffi/src/java_raw_api.c
1 /home/lsd/oliva/src/egcs/gcc/tree.c
1 /home/lsd/oliva/src/egcs/gcc/ssa.c
1 /home/lsd/oliva/src/egcs/gcc/loop.c
1 /home/lsd/oliva/src/egcs/gcc/java/jcf-write.c
1 /home/lsd/oliva/src/egcs/gcc/java/class.c
1 /home/lsd/oliva/src/egcs/gcc/intl/localealias.c
1 /home/lsd/oliva/src/egcs/gcc/gcse.c
1 /home/lsd/oliva/src/egcs/gcc/flow.c
1 /home/lsd/oliva/src/egcs/gcc/f/expr.c
1 /home/lsd/oliva/src/egcs/gcc/f/com.c
1 /home/lsd/oliva/src/egcs/gcc/expmed.c
1 /home/lsd/oliva/src/egcs/gcc/dwarfout.c
1 /home/lsd/oliva/src/egcs/gcc/cppfiles.c
1 /home/lsd/oliva/src/egcs/gcc/cp/error.c
1 /home/lsd/oliva/src/egcs/gcc/cp/errfn.c
1 /home/lsd/oliva/src/egcs/gcc/cp/cfns.h
1 /home/lsd/oliva/src/egcs/gcc/convert.c
1 /home/lsd/oliva/src/egcs/boehm-gc/mark_rts.c
Number of warning types:
284 Use of ANSI string concatenation
53 comparison between signed and unsigned
22 implicit declaration of function `???'
16 cast from pointer to integer of different size
14 signed and unsigned type in conditional expression
13 Ignoring command line option '-Wstrict-prototypes'
10 assignment makes pointer from integer without a cast
8 variable `???' might be clobbered by `longjmp' or `vfork'
7 cast to pointer from integer of different size
7 `???' might be used uninitialized in this function
6 function declaration isn't a prototype
6 ??? format, ??? arg (arg ???)
4 deleting `???' is undefined
4 ***********************************************************
3 passing arg ??? of `???' from incompatible pointer type
3 `???' script is too old or missing
2 unused variable `???'
2 trigraph ??/ ignored
2 this is the location of the previous definition
2 overriding commands for target `???'
2 ignoring old commands for target `???'
2 function `???' was previously declared within a block
2 `alloca' redefined
2 `???' defined but not used
2 # followed by integer
1 unused parameter `???'
1 trigraph ??= ignored
1 then use the most recent one - libffi-1.20.
1 static declaration for `???' follows non-static
1 pointer targets in passing arg ??? of `???' differ in signedness
1 passing arg ??? of `???' discards qualifiers from pointer target type
1 function returns address of local variable
1 function macro strcmp must be used with arguments in traditional C
1 This is beta code. If you're looking for a stable release
More information about the Gcc-testresults
mailing list