Results for 2.96 20000626 (experimental) testsuite on i686-pc-cygwin
Tim Prince
tprince@computer.org
Tue Jun 27 18:30:00 GMT 2000
Installed software:
Windows Pro RC2 (+W95C, COL 2.2)
cygwin 1.1.2
cwilson tools including makeinfo.exe autoconf-2.13
mathinline.h from members.aol.com/n8tm/llibm.tgz
Hardware:
pentium II 232 Mhz
64MB RAM
Bug corrections:
remove texinfo and gcov from build (cygwin not supported)
remove libio/dbz from configdirs in libio/configure.in (cygwin not supported)
remove cygwin checkfuncs line from libiberty/configure, configure.in
apply next day's patch to correct DWARF_DATA2 macro definition in dwarf2out.c
Flag settings:
--host=target=i586-pc-cygwin32
CFLAGS '-Os -pipe -g -march=pentiumpro -ffast-math'
CXXFLAGS '-Os -pipe -march=pentiumpro'
BOOT_CFLAGS '-Os -pipe -march=pentiumpro'
LANGUAGES 'c++ objc f77'
TCL_LIBRARY \usr\share\tcl8.0
failure: ICE in gcc/f/target.c at -Os
apparently all -fssa compilations are failing, eventually crashing expect
tested by Tim Prince
tprince@computer.org
Native configuration is i686-pc-cygwin
=== g++ tests ===
Running target unix
FAIL: g++.dg/special/conpr-1.C (test for excess errors)
=== g++ Summary ===
# of unexpected failures 1
e:/src/gnu/egcs-20000605/w2k/gcc/testsuite/../g++ version 2.96 20000626 (experimental)
=== g77 tests ===
Running target unix
FAIL: g77.f-torture/compile/19990525-0.f, -O3 -fssa
FAIL: g77.f-torture/compile/19990826-3.f, -O3 -fssa
FAIL: g77.f-torture/compile/980419-2.f, -O3 -fssa
FAIL: g77.f-torture/compile/19990525-0.f, -O3 -fssa
FAIL: g77.f-torture/compile/19990826-3.f, -O3 -fssa
FAIL: g77.f-torture/compile/980419-2.f, -O3 -fssa
FAIL: g77.f-torture/execute/19990419-1.f compilation, -O3 -fssa
=== gcc tests ===
Running target unix
FAIL: gcc.c-torture/code_quality/920608-1.c, -O3 -fssa
FAIL: gcc.c-torture/compile/20000224-1.c, -O3 -fssa
FAIL: gcc.c-torture/compile/20000405-2.c, -O3 -fssa
FAIL: gcc.c-torture/compile/20000609-1.c, -O3 -fssa
FAIL: gcc.c-torture/compile/900116-1.c, -O3 -fssa
FAIL: gcc.c-torture/compile/900216-1.c, -O3 -fssa
FAIL: gcc.c-torture/compile/920409-2.c, -O3 -fssa
FAIL: gcc.c-torture/compile/920410-1.c, -O3 -fssa
FAIL: gcc.c-torture/compile/920413-1.c, -O3 -fssa
FAIL: gcc.c-torture/compile/920428-4.c, -O3 -fssa
FAIL: gcc.c-torture/compile/920501-15.c, -O3 -fssa
FAIL: gcc.c-torture/compile/920625-1.c, -O3 -fssa
FAIL: gcc.c-torture/compile/920710-2.c, -O3 -fssa
FAIL: gcc.c-torture/compile/920721-1.c, -O3 -fssa
FAIL: gcc.c-torture/compile/920828-1.c, -O3 -fssa
FAIL: gcc.c-torture/compile/930111-1.c, -O3 -fssa
FAIL: gcc.c-torture/compile/930120-1.c, -O3 -fssa
FAIL: gcc.c-torture/compile/930217-1.c, -O3 -fssa
FAIL: gcc.c-torture/compile/930222-1.c, -O3 -fssa
FAIL: gcc.c-torture/compile/930411-1.c, -O3 -fssa
FAIL: gcc.c-torture/compile/930513-1.c, -O3 -fssa
FAIL: gcc.c-torture/compile/930523-1.c, -O3 -fssa
FAIL: gcc.c-torture/compile/930529-1.c, -O3 -fssa
FAIL: gcc.c-torture/compile/930611-1.c, -O3 -fssa
FAIL: gcc.c-torture/compile/930618-1.c, -O3 -fssa
FAIL: gcc.c-torture/compile/950612-1.c, -O3 -fssa
FAIL: gcc.c-torture/compile/950729-1.c, -O3 -fssa
FAIL: gcc.c-torture/compile/950921-1.c, -O3 -fssa
FAIL: gcc.c-torture/compile/950922-1.c, -O3 -fssa
FAIL: gcc.c-torture/compile/951220-1.c, -O3 -fssa
FAIL: gcc.c-torture/compile/980506-2.c, -O3 -fssa
FAIL: gcc.c-torture/compile/980726-1.c, -O3 -fssa
FAIL: gcc.c-torture/compile/990203-1.c, -O3 -fssa
FAIL: gcc.c-torture/compile/990517-1.c, -O3 -fssa
FAIL: gcc.c-torture/compile/990519-1.c, -O3 -fssa
FAIL: gcc.c-torture/compile/990829-1.c, -O3 -fssa
FAIL: gcc.c-torture/compile/combine-hang.c, -O3 -fssa
FAIL: gcc.c-torture/execute/20000217-1.c compilation, -O3 -fssa
FAIL: gcc.c-torture/execute/20000225-1.c execution, -O2
FAIL: gcc.c-torture/execute/20000225-1.c execution, -O3 -fomit-frame-pointer
FAIL: gcc.c-torture/execute/20000225-1.c execution, -O3 -fomit-frame-pointer -funroll-loops
FAIL: gcc.c-torture/execute/20000225-1.c execution, -O3 -fomit-frame-pointer -funroll-all-loops -finline-functions
FAIL: gcc.c-torture/execute/20000225-1.c execution, -O3 -g
FAIL: gcc.c-torture/execute/20000225-1.c execution, -O3 -fssa
FAIL: gcc.c-torture/execute/20000225-1.c execution, -Os
FAIL: gcc.c-torture/execute/20000313-1.c compilation, -O3 -fssa
FAIL: gcc.c-torture/execute/20000403-1.c compilation, -O3 -fssa
FAIL: gcc.c-torture/execute/20000412-2.c execution, -O2
FAIL: gcc.c-torture/execute/20000412-2.c execution, -O3 -fomit-frame-pointer
FAIL: gcc.c-torture/execute/20000412-2.c execution, -O3 -g
FAIL: gcc.c-torture/execute/20000412-2.c execution, -O3 -fssa
FAIL: gcc.c-torture/execute/20000412-2.c execution, -Os
FAIL: gcc.c-torture/execute/20000412-5.c compilation, -O3 -fssa
FAIL: gcc.c-torture/execute/20000419-1.c execution, -O2
FAIL: gcc.c-torture/execute/20000419-1.c compilation, -O3 -fssa
FAIL: gcc.c-torture/execute/20000419-1.c execution, -Os
FAIL: gcc.c-torture/execute/20000516-1.c execution, -O0
FAIL: gcc.c-torture/execute/20000516-1.c execution, -O1
FAIL: gcc.c-torture/execute/20000516-1.c execution, -O2
FAIL: gcc.c-torture/execute/20000516-1.c execution, -O3 -fomit-frame-pointer
FAIL: gcc.c-torture/execute/20000516-1.c execution, -O3 -g
FAIL: gcc.c-torture/execute/20000516-1.c execution, -O3 -fssa
FAIL: gcc.c-torture/execute/20000516-1.c execution, -Os
FAIL: gcc.c-torture/execute/20000519-2.c compilation, -O3 -fssa
FAIL: gcc.c-torture/execute/20000605-3.c compilation, -O3 -fssa
FAIL: gcc.c-torture/execute/920202-1.c compilation, -O3 -fssa
FAIL: gcc.c-torture/execute/920302-1.c compilation, -O3 -fssa
FAIL: gcc.c-torture/execute/920428-1.c compilation, -O3 -fssa
FAIL: gcc.c-torture/execute/920501-2.c compilation, -O3 -fssa
FAIL: gcc.c-torture/execute/920501-6.c compilation, -O3 -fssa
FAIL: gcc.c-torture/execute/920501-8.c compilation, -O3 -fssa
FAIL: gcc.c-torture/execute/920501-9.c compilation, -O3 -fssa
FAIL: gcc.c-torture/execute/920612-1.c compilation, -O3 -fssa
FAIL: gcc.c-torture/execute/920711-1.c compilation, -O3 -fssa
FAIL: gcc.c-torture/execute/920726-1.c compilation, -O3 -fssa
FAIL: gcc.c-torture/execute/920812-1.c compilation, -O3 -fssa
FAIL: gcc.c-torture/execute/921006-1.c compilation, -O3 -fssa
FAIL: gcc.c-torture/execute/921007-1.c compilation, -O3 -fssa
FAIL: gcc.c-torture/execute/921013-1.c compilation, -O3 -fssa
FAIL: gcc.c-torture/execute/921029-1.c compilation, -O3 -fssa
FAIL: gcc.c-torture/execute/921117-1.c compilation, -O3 -fssa
FAIL: gcc.c-torture/execute/921123-2.c compilation, -O3 -fssa
FAIL: gcc.c-torture/execute/921207-1.c compilation, -O3 -fssa
FAIL: gcc.c-torture/execute/930126-1.c compilation, -O3 -fssa
FAIL: gcc.c-torture/execute/930208-1.c compilation, -O3 -fssa
FAIL: gcc.c-torture/execute/930429-2.c compilation, -O3 -fssa
FAIL: gcc.c-torture/execute/930725-1.c compilation, -O3 -fssa
FAIL: gcc.c-torture/execute/930818-1.c compilation, -O3 -fssa
FAIL: gcc.c-torture/execute/930930-2.c compilation, -O3 -fssa
FAIL: gcc.c-torture/execute/931004-10.c compilation, -O3 -fssa
FAIL: gcc.c-torture/execute/931004-13.c compilation, -O3 -fssa
FAIL: gcc.c-torture/execute/931004-14.c compilation, -O3 -fssa
FAIL: gcc.c-torture/execute/931004-9.c compilation, -O3 -fssa
FAIL: gcc.c-torture/execute/931012-1.c compilation, -O3 -fssa
FAIL: gcc.c-torture/execute/931102-1.c compilation, -O3 -fssa
FAIL: gcc.c-torture/execute/940115-1.c compilation, -O3 -fssa
FAIL: gcc.c-torture/execute/940122-1.c compilation, -O3 -fssa
FAIL: gcc.c-torture/execute/950511-1.c compilation, -O3 -fssa
FAIL: gcc.c-torture/execute/950512-1.c compilation, -O3 -fssa
FAIL: gcc.c-torture/execute/950706-1.c compilation, -O3 -fssa
FAIL: gcc.c-torture/execute/960301-1.c compilation, -O3 -fssa
FAIL: gcc.c-torture/execute/960321-1.c compilation, -O3 -fssa
FAIL: gcc.c-torture/execute/960416-1.c compilation, -O3 -fssa
FAIL: gcc.c-torture/execute/960419-1.c compilation, -O3 -fssa
FAIL: gcc.c-torture/execute/960512-1.c compilation, -O3 -fssa
FAIL: gcc.c-torture/execute/960608-1.c compilation, -O3 -fssa
FAIL: gcc.c-torture/execute/961122-1.c compilation, -O3 -fssa
FAIL: gcc.c-torture/execute/961213-1.c compilation, -O3 -fssa
FAIL: gcc.c-torture/execute/961223-1.c compilation, -O3 -fssa
FAIL: gcc.c-torture/execute/970217-1.c compilation, -O3 -fssa
FAIL: gcc.c-torture/execute/980526-3.c compilation, -O3 -fssa
FAIL: gcc.c-torture/execute/980618-1.c compilation, -O3 -fssa
FAIL: gcc.c-torture/execute/980707-1.c compilation, -O3 -fssa
FAIL: gcc.c-torture/execute/981019-1.c compilation, -O3 -fssa
FAIL: gcc.c-torture/execute/990106-1.c compilation, -O3 -fssa
FAIL: gcc.c-torture/execute/990117-1.c compilation, -O3 -fssa
FAIL: gcc.c-torture/execute/990326-1.c compilation, -O3 -fssa
FAIL: gcc.c-torture/execute/990413-2.c compilation, -O3 -fssa
FAIL: gcc.c-torture/execute/990525-1.c compilation, -O3 -fssa
FAIL: gcc.c-torture/execute/990628-1.c compilation, -O3 -fssa
FAIL: gcc.c-torture/execute/991016-1.c compilation, -O3 -fssa
FAIL: gcc.c-torture/execute/991019-1.c compilation, -O3 -fssa
FAIL: gcc.c-torture/execute/991023-1.c compilation, -O3 -fssa
FAIL: gcc.c-torture/execute/991112-1.c compilation, -O3 -fssa
FAIL: gcc.c-torture/execute/991118-1.c compilation, -O3 -fssa
FAIL: gcc.c-torture/execute/991228-1.c compilation, -O3 -fssa
FAIL: gcc.c-torture/execute/bf-sign-2.c compilation, -O3 -fssa
FAIL: gcc.c-torture/execute/bf64-1.c compilation, -O3 -fssa
FAIL: gcc.c-torture/execute/cbrt.c compilation, -O3 -fssa
FAIL: gcc.c-torture/execute/cmpdi-1.c compilation, -O3 -fssa
FAIL: gcc.c-torture/execute/comp-goto-1.c compilation, -O3 -fssa
FAIL: gcc.c-torture/execute/complex-3.c compilation, -O3 -fssa
=== objc tests ===
Running target unix
=== objc Summary ===
# of expected passes 11
e:/src/gnu/egcs-20000605/w2k/gcc/xgcc version 2.96 20000626 (experimental)
=== libio tests ===
Running target unix
FAIL: hounddog.cc compilation
FAIL: hounddog.cc compilation -b0
FAIL: hounddog.cc compilation -b2
FAIL: putbackdog.cc compilation
FAIL: putbackdog.cc compilation -b0
FAIL: putbackdog.cc compilation -b2
FAIL: tFile.cc compilation
FAIL: tFile.cc compilation -b0
FAIL: tFile.cc compilation -b3
FAIL: tiomanip.cc compilation
FAIL: tiomisc.cc compilation
=== libio Summary ===
# of expected passes 7
# of unexpected failures 11
# of expected failures 22
=== libstdc++ tests ===
Running target unix
FAIL: tcomplex.cc compilation
FAIL: tcomplex.cc -O compilation
FAIL: tlist.cc compilation
FAIL: tlist.cc -O compilation
FAIL: tmap.cc compilation
FAIL: tmap.cc -O compilation
FAIL: tstring.cc compilation
FAIL: tstring.cc -O compilation
FAIL: tvector.cc compilation
FAIL: tvector.cc -O compilation
=== libstdc++ Summary ===
# of unexpected failures 10
# of expected failures 20
Compiler version: 2.96 20000626 (experimental)
Platform: i686-pc-cygwin
configure flags: --host=i686-pc-cygwin
More information about the Gcc-testresults
mailing list