Results for 2.96 20000626 (experimental) testsuite on i386-pc-solaris2.7
Alexandre Oliva
oliva@lsd.ic.unicamp.br
Tue Jun 27 10:16:00 GMT 2000
Native configuration is i386-pc-solaris2.7
=== binutils tests ===
Running target unix
=== binutils Summary ===
# of expected passes 20
# of untested testcases 6
=== g++ tests ===
Running target unix
FAIL: g++.ext/instantiate1.C not instantiated (test for errors, line 18)
FAIL: g++.ext/instantiate1.C not instantiated (test for errors, line 20)
XPASS: g++.oliva/template7.C - conversion from int to non-scalar - (test for bogus messages, line 12)
FAIL: g++.other/initstring.C (test for excess errors)
FAIL: g++.other/new3.C Execution test
FAIL: g++.other/type.C caused compiler crash
FAIL: g++.other/vaarg3.C promote (test for errors, line 26)
=== g++ Summary ===
# of expected passes 5914
# of unexpected failures 6
# of unexpected successes 1
# of expected failures 97
# of untested testcases 14
/tmp/egcs/gcc/testsuite/../g++ version 2.96 20000626 (experimental)
=== g77 tests ===
Running target unix
FAIL: g77.f-torture/compile/19990525-0.f, -O3 -fssa
FAIL: g77.f-torture/compile/19990826-3.f, -O3 -fssa
FAIL: g77.f-torture/compile/980419-2.f, -O3 -fssa
FAIL: g77.f-torture/execute/19990419-1.f compilation, -O3 -fssa
FAIL: g77.f-torture/execute/970625-2.f compilation, -O3 -fssa
FAIL: g77.f-torture/execute/le.f compilation, -O3 -fssa
FAIL: g77.f-torture/execute/short.f execution, -Os
FAIL: g77.f-torture/execute/u77-test.f compilation, -O3 -fssa
=== g77 Summary ===
# of expected passes 946
# of unexpected failures 8
# of expected failures 9
# of untested testcases 4
=== gas tests ===
Running target unix
=== gas Summary ===
# of expected passes 69
=== gcc tests ===
Running target unix
FAIL: gcc.c-torture/code_quality/920608-1.c, -O3 -fssa
FAIL: gcc.c-torture/compile/combine-hang.c, -O3 -fssa
FAIL: gcc.c-torture/compile/20000224-1.c, -O3 -fssa
FAIL: gcc.c-torture/compile/20000405-2.c, -O3 -fssa
FAIL: gcc.c-torture/compile/20000609-1.c, -O3 -fssa
FAIL: gcc.c-torture/compile/900116-1.c, -O3 -fssa
FAIL: gcc.c-torture/compile/900216-1.c, -O3 -fssa
FAIL: gcc.c-torture/compile/920409-2.c, -O3 -fssa
FAIL: gcc.c-torture/compile/920410-1.c, -O3 -fssa
FAIL: gcc.c-torture/compile/920413-1.c, -O3 -fssa
FAIL: gcc.c-torture/compile/920428-4.c, -O3 -fssa
FAIL: gcc.c-torture/compile/920501-15.c, -O3 -fssa
FAIL: gcc.c-torture/compile/920625-1.c, -O3 -fssa
FAIL: gcc.c-torture/compile/920625-2.c, -O3 -fssa
FAIL: gcc.c-torture/compile/920710-2.c, -O3 -fssa
FAIL: gcc.c-torture/compile/920721-1.c, -O3 -fssa
FAIL: gcc.c-torture/compile/920828-1.c, -O3 -fssa
FAIL: gcc.c-torture/compile/930111-1.c, -O3 -fssa
FAIL: gcc.c-torture/compile/930120-1.c, -O3 -fssa
FAIL: gcc.c-torture/compile/930217-1.c, -O3 -fssa
FAIL: gcc.c-torture/compile/930222-1.c, -O3 -fssa
FAIL: gcc.c-torture/compile/930411-1.c, -O3 -fssa
FAIL: gcc.c-torture/compile/930513-1.c, -O3 -fssa
FAIL: gcc.c-torture/compile/930523-1.c, -O3 -fssa
FAIL: gcc.c-torture/compile/930529-1.c, -O3 -fssa
FAIL: gcc.c-torture/compile/930611-1.c, -O3 -fssa
FAIL: gcc.c-torture/compile/930618-1.c, -O3 -fssa
FAIL: gcc.c-torture/compile/950612-1.c, -O3 -fssa
FAIL: gcc.c-torture/compile/950729-1.c, -O3 -fssa
FAIL: gcc.c-torture/compile/950921-1.c, -O3 -fssa
FAIL: gcc.c-torture/compile/950922-1.c, -O3 -fssa
FAIL: gcc.c-torture/compile/951004-1.c, -O3 -fssa
FAIL: gcc.c-torture/compile/951220-1.c, -O3 -fssa
FAIL: gcc.c-torture/compile/980506-2.c, -O3 -fssa
FAIL: gcc.c-torture/compile/980726-1.c, -O3 -fssa
FAIL: gcc.c-torture/compile/990203-1.c, -O3 -fssa
FAIL: gcc.c-torture/compile/990517-1.c, -O3 -fssa
FAIL: gcc.c-torture/compile/990519-1.c, -O3 -fssa
FAIL: gcc.c-torture/compile/990829-1.c, -O3 -fssa
FAIL: gcc.c-torture/execute/20000217-1.c compilation, -O3 -fssa
FAIL: gcc.c-torture/execute/20000225-1.c execution, -O2
FAIL: gcc.c-torture/execute/20000225-1.c execution, -O3 -fomit-frame-pointer
FAIL: gcc.c-torture/execute/20000225-1.c execution, -O3 -fomit-frame-pointer -funroll-loops
FAIL: gcc.c-torture/execute/20000225-1.c execution, -O3 -fomit-frame-pointer -funroll-all-loops -finline-functions
FAIL: gcc.c-torture/execute/20000225-1.c execution, -O3 -g
FAIL: gcc.c-torture/execute/20000225-1.c execution, -O3 -fssa
FAIL: gcc.c-torture/execute/20000225-1.c execution, -Os
FAIL: gcc.c-torture/execute/20000313-1.c compilation, -O3 -fssa
FAIL: gcc.c-torture/execute/20000403-1.c compilation, -O3 -fssa
FAIL: gcc.c-torture/execute/20000412-2.c execution, -O2
FAIL: gcc.c-torture/execute/20000412-2.c execution, -O3 -fomit-frame-pointer
FAIL: gcc.c-torture/execute/20000412-2.c execution, -O3 -g
FAIL: gcc.c-torture/execute/20000412-2.c execution, -O3 -fssa
FAIL: gcc.c-torture/execute/20000412-2.c execution, -Os
FAIL: gcc.c-torture/execute/20000412-5.c compilation, -O3 -fssa
FAIL: gcc.c-torture/execute/20000419-1.c execution, -O2
FAIL: gcc.c-torture/execute/20000419-1.c compilation, -O3 -fssa
FAIL: gcc.c-torture/execute/20000419-1.c execution, -Os
FAIL: gcc.c-torture/execute/20000519-2.c compilation, -O3 -fssa
FAIL: gcc.c-torture/execute/20000605-3.c compilation, -O3 -fssa
FAIL: gcc.c-torture/execute/920202-1.c compilation, -O3 -fssa
FAIL: gcc.c-torture/execute/920302-1.c compilation, -O3 -fssa
FAIL: gcc.c-torture/execute/920428-1.c compilation, -O3 -fssa
FAIL: gcc.c-torture/execute/920501-2.c compilation, -O3 -fssa
FAIL: gcc.c-torture/execute/920501-6.c compilation, -O3 -fssa
FAIL: gcc.c-torture/execute/920501-8.c compilation, -O3 -fssa
FAIL: gcc.c-torture/execute/920501-9.c compilation, -O3 -fssa
FAIL: gcc.c-torture/execute/920612-1.c compilation, -O3 -fssa
FAIL: gcc.c-torture/execute/920711-1.c compilation, -O3 -fssa
FAIL: gcc.c-torture/execute/920726-1.c compilation, -O3 -fssa
FAIL: gcc.c-torture/execute/920812-1.c compilation, -O3 -fssa
FAIL: gcc.c-torture/execute/920908-2.c compilation, -O3 -fssa
FAIL: gcc.c-torture/execute/921006-1.c compilation, -O3 -fssa
FAIL: gcc.c-torture/execute/921007-1.c compilation, -O3 -fssa
FAIL: gcc.c-torture/execute/921013-1.c compilation, -O3 -fssa
FAIL: gcc.c-torture/execute/921029-1.c compilation, -O3 -fssa
FAIL: gcc.c-torture/execute/921117-1.c compilation, -O3 -fssa
FAIL: gcc.c-torture/execute/921123-2.c compilation, -O3 -fssa
FAIL: gcc.c-torture/execute/921207-1.c compilation, -O3 -fssa
FAIL: gcc.c-torture/execute/930126-1.c compilation, -O3 -fssa
FAIL: gcc.c-torture/execute/930208-1.c compilation, -O3 -fssa
FAIL: gcc.c-torture/execute/930429-2.c compilation, -O3 -fssa
FAIL: gcc.c-torture/execute/930725-1.c compilation, -O3 -fssa
FAIL: gcc.c-torture/execute/930818-1.c compilation, -O3 -fssa
FAIL: gcc.c-torture/execute/930930-2.c compilation, -O3 -fssa
FAIL: gcc.c-torture/execute/931004-10.c compilation, -O3 -fssa
FAIL: gcc.c-torture/execute/931004-13.c compilation, -O3 -fssa
FAIL: gcc.c-torture/execute/931004-14.c compilation, -O3 -fssa
FAIL: gcc.c-torture/execute/931004-9.c compilation, -O3 -fssa
FAIL: gcc.c-torture/execute/931012-1.c compilation, -O3 -fssa
FAIL: gcc.c-torture/execute/931102-1.c compilation, -O3 -fssa
FAIL: gcc.c-torture/execute/940115-1.c compilation, -O3 -fssa
FAIL: gcc.c-torture/execute/940122-1.c compilation, -O3 -fssa
FAIL: gcc.c-torture/execute/950511-1.c compilation, -O3 -fssa
FAIL: gcc.c-torture/execute/950512-1.c compilation, -O3 -fssa
FAIL: gcc.c-torture/execute/950706-1.c compilation, -O3 -fssa
FAIL: gcc.c-torture/execute/960301-1.c compilation, -O3 -fssa
FAIL: gcc.c-torture/execute/960321-1.c compilation, -O3 -fssa
FAIL: gcc.c-torture/execute/960416-1.c compilation, -O3 -fssa
FAIL: gcc.c-torture/execute/960419-1.c compilation, -O3 -fssa
FAIL: gcc.c-torture/execute/960512-1.c compilation, -O3 -fssa
FAIL: gcc.c-torture/execute/960608-1.c compilation, -O3 -fssa
FAIL: gcc.c-torture/execute/961122-1.c compilation, -O3 -fssa
FAIL: gcc.c-torture/execute/961213-1.c compilation, -O3 -fssa
FAIL: gcc.c-torture/execute/961223-1.c compilation, -O3 -fssa
FAIL: gcc.c-torture/execute/970217-1.c compilation, -O3 -fssa
FAIL: gcc.c-torture/execute/980526-3.c compilation, -O3 -fssa
FAIL: gcc.c-torture/execute/980618-1.c compilation, -O3 -fssa
FAIL: gcc.c-torture/execute/980707-1.c compilation, -O3 -fssa
FAIL: gcc.c-torture/execute/981019-1.c compilation, -O3 -fssa
FAIL: gcc.c-torture/execute/990106-1.c compilation, -O3 -fssa
FAIL: gcc.c-torture/execute/990117-1.c compilation, -O3 -fssa
FAIL: gcc.c-torture/execute/990326-1.c compilation, -O3 -fssa
FAIL: gcc.c-torture/execute/990413-2.c compilation, -O3 -fssa
FAIL: gcc.c-torture/execute/990525-1.c compilation, -O3 -fssa
FAIL: gcc.c-torture/execute/990531-1.c compilation, -O3 -fssa
FAIL: gcc.c-torture/execute/990628-1.c compilation, -O3 -fssa
FAIL: gcc.c-torture/execute/991016-1.c compilation, -O3 -fssa
FAIL: gcc.c-torture/execute/991019-1.c compilation, -O3 -fssa
FAIL: gcc.c-torture/execute/991023-1.c compilation, -O3 -fssa
FAIL: gcc.c-torture/execute/991112-1.c compilation, -O3 -fssa
FAIL: gcc.c-torture/execute/991118-1.c compilation, -O3 -fssa
FAIL: gcc.c-torture/execute/991228-1.c compilation, -O3 -fssa
FAIL: gcc.c-torture/execute/bf-sign-2.c compilation, -O3 -fssa
FAIL: gcc.c-torture/execute/bf64-1.c compilation, -O3 -fssa
FAIL: gcc.c-torture/execute/cbrt.c compilation, -O3 -fssa
FAIL: gcc.c-torture/execute/cmpdi-1.c compilation, -O3 -fssa
FAIL: gcc.c-torture/execute/comp-goto-1.c compilation, -O3 -fssa
FAIL: gcc.c-torture/execute/complex-3.c compilation, -O3 -fssa
FAIL: gcc.c-torture/execute/compndlit-1.c compilation, -O3 -fssa
FAIL: gcc.c-torture/execute/divconst-2.c compilation, -O3 -fssa
FAIL: gcc.c-torture/execute/gofast.c compilation, -O3 -fssa
FAIL: gcc.c-torture/execute/int-compare.c compilation, -O3 -fssa
FAIL: gcc.c-torture/execute/memcpy-bi.c compilation, -O3 -fssa
FAIL: gcc.c-torture/execute/nestfunc-1.c compilation, -O3 -fssa
FAIL: gcc.c-torture/execute/strct-pack-4.c compilation, -O3 -fssa
FAIL: gcc.c-torture/execute/strct-varg-1.c compilation, -O3 -fssa
FAIL: gcc.c-torture/execute/struct-ret-2.c compilation, -O3 -fssa
FAIL: gcc.c-torture/execute/tstdi-1.c compilation, -O3 -fssa
FAIL: gcc.c-torture/execute/ieee/920810-1.c compilation, -O3 -fssa
FAIL: gcc.c-torture/execute/ieee/mzero2.c compilation, -O3 -fssa
FAIL: gcc.c-torture/special/920730-1.c, -O3 -fssa
FAIL: gcc.c-torture/special/920730-1.c, -O3 -fssa -traditional
FAIL: gcc.c-torture/unsorted/BUG2.c, -O3 -fssa
FAIL: gcc.c-torture/unsorted/BUG3.c, -O3 -fssa
FAIL: gcc.c-torture/unsorted/BUG4.c, -O3 -fssa
FAIL: gcc.c-torture/unsorted/HIcmp.c, -O3 -fssa
FAIL: gcc.c-torture/unsorted/QIcmp.c, -O3 -fssa
FAIL: gcc.c-torture/unsorted/SIcmp.c, -O3 -fssa
FAIL: gcc.c-torture/unsorted/UHIcmp.c, -O3 -fssa
FAIL: gcc.c-torture/unsorted/UQIcmp.c, -O3 -fssa
FAIL: gcc.c-torture/unsorted/USIcmp.c, -O3 -fssa
FAIL: gcc.c-torture/unsorted/a3.c, -O3 -fssa
FAIL: gcc.c-torture/unsorted/aa.c, -O3 -fssa
FAIL: gcc.c-torture/unsorted/addcc.c, -O3 -fssa
FAIL: gcc.c-torture/unsorted/andm.c, -O3 -fssa
FAIL: gcc.c-torture/unsorted/aos.c, -O3 -fssa
FAIL: gcc.c-torture/unsorted/ase.c, -O3 -fssa
FAIL: gcc.c-torture/unsorted/b1.c, -O3 -fssa
FAIL: gcc.c-torture/unsorted/b2.c, -O3 -fssa
FAIL: gcc.c-torture/unsorted/bad.c, -O3 -fssa
FAIL: gcc.c-torture/unsorted/bb0.c, -O3 -fssa
FAIL: gcc.c-torture/unsorted/bb1.c, -O3 -fssa
FAIL: gcc.c-torture/unsorted/bfins.c, -O3 -fssa
FAIL: gcc.c-torture/unsorted/bit.c, -O3 -fssa
FAIL: gcc.c-torture/unsorted/bitf.c, -O3 -fssa
FAIL: gcc.c-torture/unsorted/bitw.c, -O3 -fssa
FAIL: gcc.c-torture/unsorted/bt386.c, -O3 -fssa
FAIL: gcc.c-torture/unsorted/buns.c, -O3 -fssa
FAIL: gcc.c-torture/unsorted/c.c, -O3 -fssa
FAIL: gcc.c-torture/unsorted/cc.c, -O3 -fssa
FAIL: gcc.c-torture/unsorted/cmphi.c, -O3 -fssa
FAIL: gcc.c-torture/unsorted/comb.c, -O3 -fssa
FAIL: gcc.c-torture/unsorted/cvt.c, -O3 -fssa
FAIL: gcc.c-torture/unsorted/d.c, -O3 -fssa
FAIL: gcc.c-torture/unsorted/dead.c, -O3 -fssa
FAIL: gcc.c-torture/unsorted/di.c, -O3 -fssa
FAIL: gcc.c-torture/unsorted/dimul.c, -O3 -fssa
FAIL: gcc.c-torture/unsorted/dm.c, -O3 -fssa
FAIL: gcc.c-torture/unsorted/ex.c, -O3 -fssa
FAIL: gcc.c-torture/unsorted/flo.c, -O3 -fssa
FAIL: gcc.c-torture/unsorted/forgetcc.c, -O3 -fssa
FAIL: gcc.c-torture/unsorted/g.c, -O3 -fssa
FAIL: gcc.c-torture/unsorted/hi.c, -O3 -fssa
FAIL: gcc.c-torture/unsorted/ic.c, -O3 -fssa
FAIL: gcc.c-torture/unsorted/lbug.c, -O3 -fssa
FAIL: gcc.c-torture/unsorted/lll.c, -O3 -fssa
FAIL: gcc.c-torture/unsorted/mchar.c, -O3 -fssa
FAIL: gcc.c-torture/unsorted/modcc.c, -O3 -fssa
FAIL: gcc.c-torture/unsorted/mword1.c, -O3 -fssa
FAIL: gcc.c-torture/unsorted/n1.c, -O3 -fssa
FAIL: gcc.c-torture/unsorted/opt.c, -O3 -fssa
FAIL: gcc.c-torture/unsorted/r.c, -O3 -fssa
FAIL: gcc.c-torture/unsorted/r1.c, -O3 -fssa
FAIL: gcc.c-torture/unsorted/scc.c, -O3 -fssa
FAIL: gcc.c-torture/unsorted/scond.c, -O3 -fssa
FAIL: gcc.c-torture/unsorted/set386.c, -O3 -fssa
FAIL: gcc.c-torture/unsorted/sne.c, -O3 -fssa
FAIL: gcc.c-torture/unsorted/test.c, -O3 -fssa
FAIL: gcc.c-torture/unsorted/tmp.c, -O3 -fssa
FAIL: gcc.c-torture/unsorted/udivmod4.c, -O3 -fssa
FAIL: gcc.c-torture/unsorted/xb.c, -O3 -fssa
FAIL: gcc.c-torture/unsorted/xfoo.c, -O3 -fssa
FAIL: gcc.c-torture/unsorted/xi.c, -O3 -fssa
FAIL: gcc.c-torture/unsorted/xmtst.c, -O3 -fssa
FAIL: gcc.dg/20000614-1.c (test for excess errors)
FAIL: gcc.dg/20000614-2.c (test for excess errors)
FAIL: gcc.dg/991209-1.c (test for excess errors)
FAIL: gcc.dg/991214-1.c (test for excess errors)
FAIL: gcc.dg/compare2.c case 10 (test for bogus messages, line 29)
FAIL: gcc.dg/noreturn-1.c this function should not get any warnings (test for bogus messages, line 52)
FAIL: gcc.dg/noreturn-1.c detect return from tail call (test for warnings, line 59)
FAIL: gcc.dg/noreturn-2.c noreturn does return (test for bogus messages, line 12)
=== gcc Summary ===
# of expected passes 11308
# of unexpected failures 213
# of expected failures 35
# of unresolved testcases 88
# of unsupported tests 14
/tmp/egcs/gcc/xgcc version 2.96 20000626 (experimental)
=== ld tests ===
Running target unix
=== ld Summary ===
# of expected passes 26
=== libg++ tests ===
Running target unix
FAIL: tRandom.cc execution
=== libg++ Summary ===
# of expected passes 70
# of unexpected failures 1
# of expected failures 1
=== libio tests ===
Running target unix
=== libio Summary ===
# of expected passes 40
=== libstdc++ tests ===
Running target unix
=== libstdc++ Summary ===
# of expected passes 30
=== objc tests ===
Running target unix
FAIL: objc/execute/bf-1.m compilation, -O
FAIL: objc/execute/bf-10.m compilation, -O
FAIL: objc/execute/bf-11.m compilation, -O
FAIL: objc/execute/bf-12.m compilation, -O
FAIL: objc/execute/bf-13.m compilation, -O
FAIL: objc/execute/bf-14.m compilation, -O
FAIL: objc/execute/bf-15.m compilation, -O
FAIL: objc/execute/bf-16.m compilation, -O
FAIL: objc/execute/bf-17.m compilation, -O
FAIL: objc/execute/bf-18.m compilation, -O
FAIL: objc/execute/bf-19.m compilation, -O
FAIL: objc/execute/bf-2.m compilation, -O
FAIL: objc/execute/bf-20.m compilation, -O
FAIL: objc/execute/bf-3.m compilation, -O
FAIL: objc/execute/bf-4.m compilation, -O
FAIL: objc/execute/bf-5.m compilation, -O
FAIL: objc/execute/bf-6.m compilation, -O
FAIL: objc/execute/bf-7.m compilation, -O
FAIL: objc/execute/bf-8.m compilation, -O
FAIL: objc/execute/bf-9.m compilation, -O
=== objc Summary ===
# of unexpected failures 20
# of untested testcases 20
/tmp/egcs/gcc/xgcc version 2.96 20000626 (experimental)
Compiler version: 2.96 20000626 (experimental)
Platform: i386-pc-solaris2.7
BOOT_CFLAGS: -g -O9 -W -Wall
Counting all warnings,
there are 663 warnings in stage3 of this bootstrap.
Number of warnings per file:
284 /home/phd/oliva/src/egcs/gcc/f/intdoc.in
30 /home/phd/oliva/src/egcs/gcc/combine.c
28 /home/phd/oliva/src/egcs/gcc/config/i386/gmon-sol2.c
19 /home/phd/oliva/src/egcs/gcc/dwarfout.c
18 /home/phd/oliva/src/egcs/libobjc/objc/hash.h
16 /home/phd/oliva/src/egcs/gcc/collect2.c
15 /home/phd/oliva/src/egcs/gcc/gcc.c
14 /home/phd/oliva/src/egcs/gcc/expr.c
13 cc1plus
11 /home/phd/oliva/src/egcs/gcc/reg-stack.c
10 /home/phd/oliva/src/egcs/libiberty/pexecute.c
8 /usr/include/limits.h
8 /tmp/egcs/gcc/include/float.h
8 /home/phd/oliva/src/egcs/gcc/varasm.c
8 /home/phd/oliva/src/egcs/gcc/cp/decl.c
7 /home/phd/oliva/src/egcs/gcc/libgcc2.c
6 configure
6 /home/phd/oliva/src/egcs/gcc/cse.c
5 /home/phd/oliva/src/egcs/gcc/scan-decls.c
4 cxxmain.c
4 Makefile
4 /home/phd/oliva/src/egcs/librx/rx.c
4 /home/phd/oliva/src/egcs/libiberty/getopt.c
4 /home/phd/oliva/src/egcs/libg++/src/AllocRing.cc
4 /home/phd/oliva/src/egcs/gcc/tree.c
4 /home/phd/oliva/src/egcs/gcc/dwarf2out.c
4 /home/phd/oliva/src/egcs/gcc/diagnostic.c
4 /home/phd/oliva/src/egcs/gcc/cpplex.c
2 f/intdoc.h0
2 /home/phd/oliva/src/egcs/libobjc/selector.c
2 /home/phd/oliva/src/egcs/libobjc/objects.c
2 /home/phd/oliva/src/egcs/libobjc/archive.c
2 /home/phd/oliva/src/egcs/libiberty/xexit.c
2 /home/phd/oliva/src/egcs/libiberty/vasprintf.c
2 /home/phd/oliva/src/egcs/libiberty/sigsetmask.c
2 /home/phd/oliva/src/egcs/libiberty/setenv.c
2 /home/phd/oliva/src/egcs/libiberty/cp-demangle.c
2 /home/phd/oliva/src/egcs/gcc/ssa.c
2 /home/phd/oliva/src/egcs/gcc/regrename.c
2 /home/phd/oliva/src/egcs/gcc/regmove.c
2 /home/phd/oliva/src/egcs/gcc/loop.c
2 /home/phd/oliva/src/egcs/gcc/java/jcf-io.c
2 /home/phd/oliva/src/egcs/gcc/java/expr.c
2 /home/phd/oliva/src/egcs/gcc/intl/dcgettext.c
2 /home/phd/oliva/src/egcs/gcc/gengenrtl.c
2 /home/phd/oliva/src/egcs/gcc/function.c
2 /home/phd/oliva/src/egcs/gcc/fold-const.c
2 /home/phd/oliva/src/egcs/gcc/expmed.c
2 /home/phd/oliva/src/egcs/gcc/emit-rtl.c
2 /home/phd/oliva/src/egcs/gcc/cp/semantics.c
2 /home/phd/oliva/src/egcs/gcc/ch/decl.c
2 /home/phd/oliva/src/egcs/gcc/alias.c
1 ltconfig
1 /home/phd/oliva/src/egcs/libobjc/sarray.c
1 /home/phd/oliva/src/egcs/libobjc/Object.m
1 /home/phd/oliva/src/egcs/libffi/src/java_raw_api.c
1 /home/phd/oliva/src/egcs/libchill/concatstr.c
1 /home/phd/oliva/src/egcs/gcc/varray.c
1 /home/phd/oliva/src/egcs/gcc/toplev.c
1 /home/phd/oliva/src/egcs/gcc/stmt.c
1 /home/phd/oliva/src/egcs/gcc/rtl.c
1 /home/phd/oliva/src/egcs/gcc/reload1.c
1 /home/phd/oliva/src/egcs/gcc/recog.c
1 /home/phd/oliva/src/egcs/gcc/real.c
1 /home/phd/oliva/src/egcs/gcc/profile.c
1 /home/phd/oliva/src/egcs/gcc/prefix.c
1 /home/phd/oliva/src/egcs/gcc/objc/objc-act.c
1 /home/phd/oliva/src/egcs/gcc/mkdeps.c
1 /home/phd/oliva/src/egcs/gcc/java/jvgenmain.c
1 /home/phd/oliva/src/egcs/gcc/java/jcf-write.c
1 /home/phd/oliva/src/egcs/gcc/java/jcf-path.c
1 /home/phd/oliva/src/egcs/gcc/java/jcf-parse.c
1 /home/phd/oliva/src/egcs/gcc/java/class.c
1 /home/phd/oliva/src/egcs/gcc/java/check-init.c
1 /home/phd/oliva/src/egcs/gcc/intl/localealias.c
1 /home/phd/oliva/src/egcs/gcc/haifa-sched.c
1 /home/phd/oliva/src/egcs/gcc/graph.c
1 /home/phd/oliva/src/egcs/gcc/genrecog.c
1 /home/phd/oliva/src/egcs/gcc/genoutput.c
1 /home/phd/oliva/src/egcs/gcc/genextract.c
1 /home/phd/oliva/src/egcs/gcc/genattrtab.c
1 /home/phd/oliva/src/egcs/gcc/genattr.c
1 /home/phd/oliva/src/egcs/gcc/gcse.c
1 /home/phd/oliva/src/egcs/gcc/fix-header.c
1 /home/phd/oliva/src/egcs/gcc/final.c
1 /home/phd/oliva/src/egcs/gcc/f/expr.c
1 /home/phd/oliva/src/egcs/gcc/f/com.c
1 /home/phd/oliva/src/egcs/gcc/cpplib.c
1 /home/phd/oliva/src/egcs/gcc/cppinit.c
1 /home/phd/oliva/src/egcs/gcc/cpphash.c
1 /home/phd/oliva/src/egcs/gcc/cppfiles.c
1 /home/phd/oliva/src/egcs/gcc/cp/typeck.c
1 /home/phd/oliva/src/egcs/gcc/cp/rtti.c
1 /home/phd/oliva/src/egcs/gcc/cp/pt.c
1 /home/phd/oliva/src/egcs/gcc/cp/method.c
1 /home/phd/oliva/src/egcs/gcc/cp/lex.c
1 /home/phd/oliva/src/egcs/gcc/cp/error.c
1 /home/phd/oliva/src/egcs/gcc/cp/errfn.c
1 /home/phd/oliva/src/egcs/gcc/cp/class.c
1 /home/phd/oliva/src/egcs/gcc/cp/cfns.h
1 /home/phd/oliva/src/egcs/gcc/convert.c
1 /home/phd/oliva/src/egcs/gcc/ch/typeck.c
1 /home/phd/oliva/src/egcs/gcc/ch/tree.c
1 /home/phd/oliva/src/egcs/gcc/ch/tasking.c
1 /home/phd/oliva/src/egcs/gcc/ch/satisfy.c
1 /home/phd/oliva/src/egcs/gcc/ch/parse.c
1 /home/phd/oliva/src/egcs/gcc/ch/lex.c
1 /home/phd/oliva/src/egcs/gcc/ch/grant.c
1 /home/phd/oliva/src/egcs/gcc/ch/expr.c
1 /home/phd/oliva/src/egcs/gcc/ch/actions.c
1 /home/phd/oliva/src/egcs/gcc/calls.c
1 /home/phd/oliva/src/egcs/gcc/c-typeck.c
1 /home/phd/oliva/src/egcs/gcc/c-lex.c
1 /home/phd/oliva/src/egcs/gcc/c-common.c
1 /home/phd/oliva/src/egcs/gcc/c-aux-info.c
1 /home/phd/oliva/src/egcs/gcc/builtins.c
1 /home/phd/oliva/src/egcs/boehm-gc/mark_rts.c
Number of warning types:
284 Use of ANSI string concatenation
100 implicit declaration of function `???'
86 comparison between signed and unsigned
40 function declaration isn't a prototype
17 `noreturn' function does return
13 control reaches end of non-void function
13 Ignoring command line option '-Wstrict-prototypes'
9 `???' might be used uninitialized in this function
8 variable `???' might be clobbered by `longjmp' or `vfork'
8 this is the location of the previous definition
8 signed and unsigned type in conditional expression
7 pointer targets in passing arg ??? of `???' differ in signedness
6 `return' with no value, in function returning non-void
6 ??? format, ??? arg (arg ???)
5 unused parameter `???'
4 return type defaults to `int'
4 deleting `???' is undefined
4 comparison of distinct pointer types lacks a cast
4 ***********************************************************
3 passing arg ??? of `???' from incompatible pointer type
3 `???' defined but not used
2 unused variable `???'
2 trigraph ??/ ignored
2 overriding commands for target `???'
2 missing braces around initializer
2 ignoring old commands for target `???'
2 `FLT_MIN' redefined
2 `FLT_MAX' redefined
2 `DBL_MIN' redefined
2 `DBL_MAX' redefined
2 (near initialization for `???')
2 # followed by integer
1 using `???', extracted from `???'
1 type defaults to `int' in declaration of `???'
1 trigraph ??= ignored
1 then use the most recent one - libffi-1.20.
1 passing arg ??? of `???' discards qualifiers from pointer target type
1 no previous prototype for `???'
1 function returns address of local variable
1 assignment makes pointer from integer without a cast
1 This is beta code. If you're looking for a stable release
More information about the Gcc-testresults
mailing list