Results for 2.96 20000626 (experimental) testsuite on alphaev6-dec-osf4.0f
Alexandre Oliva
oliva@lsd.ic.unicamp.br
Tue Jun 27 10:13:00 GMT 2000
Native configuration is alphaev6-dec-osf4.0f
=== binutils tests ===
Running target unix
=== binutils Summary ===
# of expected passes 17
# of expected failures 3
# of untested testcases 6
=== g++ tests ===
Running target unix
FAIL: g++.eh/badalloc1.C Execution test
FAIL: g++.ext/instantiate1.C not instantiated (test for errors, line 18)
FAIL: g++.ext/instantiate1.C not instantiated (test for errors, line 20)
FAIL: g++.ext/instantiate2.C not instantiated (test for errors, line 16)
FAIL: g++.ext/instantiate3.C not instantiated (test for errors, line 13)
XPASS: g++.oliva/template7.C - conversion from int to non-scalar - (test for bogus messages, line 12)
FAIL: g++.other/crash18.C caused compiler crash
FAIL: g++.other/initstring.C (test for excess errors)
=== g++ Summary ===
# of expected passes 5902
# of unexpected failures 7
# of unexpected successes 1
# of expected failures 102
# of untested testcases 18
/l/dsk8h/tmp/egcs/gcc/testsuite/../g++ version 2.96 20000626 (experimental)
=== g77 tests ===
Running target unix
FAIL: g77.f-torture/compile/19990826-3.f, -O3 -fssa
FAIL: g77.f-torture/compile/20000511-1.f, -O3 -fssa
FAIL: g77.f-torture/compile/20000511-2.f, -O3 -fssa
FAIL: g77.f-torture/compile/20000518.f, -O3 -fssa
FAIL: g77.f-torture/compile/20000601-1.f, -O3 -fssa
FAIL: g77.f-torture/compile/980310-3.f, -O3 -fssa
FAIL: g77.f-torture/compile/980310-4.f, -O3 -fssa
FAIL: g77.f-torture/compile/980310-7.f, -O3 -fssa
FAIL: g77.f-torture/compile/980310-8.f, -O3 -fssa
FAIL: g77.f-torture/compile/980419-2.f, -O3 -fssa
FAIL: g77.f-torture/compile/981117-1.f, -O3 -fssa
FAIL: g77.f-torture/compile/990115-1.f, -O3 -fssa
FAIL: g77.f-torture/execute/19981119-0.f compilation, -O3 -fssa
FAIL: g77.f-torture/execute/19990325-0.f compilation, -O3 -fssa
FAIL: g77.f-torture/execute/19990325-1.f compilation, -O3 -fssa
FAIL: g77.f-torture/execute/19990419-1.f compilation, -O3 -fssa
FAIL: g77.f-torture/execute/20000503-1.f compilation, -O3 -fssa
FAIL: g77.f-torture/execute/970625-2.f compilation, -O3 -fssa
FAIL: g77.f-torture/execute/971102-1.f compilation, -O3 -fssa
FAIL: g77.f-torture/execute/auto0.f compilation, -O3 -fssa
FAIL: g77.f-torture/execute/auto1.f compilation, -O3 -fssa
FAIL: g77.f-torture/execute/claus.f compilation, -O3 -fssa
FAIL: g77.f-torture/execute/dnrm2.f compilation, -O3 -fssa
FAIL: g77.f-torture/execute/labug1.f compilation, -O3 -fssa
FAIL: g77.f-torture/execute/short.f compilation, -O3 -fssa
FAIL: g77.f-torture/execute/u77-test.f compilation, -O3 -fssa
=== g77 Summary ===
# of expected passes 919
# of unexpected failures 26
# of expected failures 8
# of untested testcases 14
=== gcc tests ===
Running target unix
FAIL: gcc.c-torture/code_quality/920608-1.c, -O3 -fssa
FAIL: gcc.c-torture/compile/20000120-2.c, -O3 -fssa
FAIL: gcc.c-torture/compile/20000127-1.c, -O3 -fssa
FAIL: gcc.c-torture/compile/20000211-1.c, -O3 -fssa
FAIL: gcc.c-torture/compile/20000329-1.c, -O3 -fssa
FAIL: gcc.c-torture/compile/20000427-1.c, -O3 -fssa
FAIL: gcc.c-torture/compile/20000511-1.c, -O3 -fssa
FAIL: gcc.c-torture/compile/900116-1.c, -O3 -fssa
FAIL: gcc.c-torture/compile/900407-1.c, -O3 -fssa
FAIL: gcc.c-torture/compile/920409-2.c, -O3 -fssa
FAIL: gcc.c-torture/compile/920410-1.c, -O3 -fssa
FAIL: gcc.c-torture/compile/920410-2.c, -O3 -fssa
FAIL: gcc.c-torture/compile/920413-1.c, -O3 -fssa
FAIL: gcc.c-torture/compile/920428-2.c, -O3 -fssa
FAIL: gcc.c-torture/compile/920428-7.c, -O3 -fssa
FAIL: gcc.c-torture/compile/920501-10.c, -O3 -fssa
FAIL: gcc.c-torture/compile/920501-12.c, -O3 -fssa
FAIL: gcc.c-torture/compile/920501-15.c, -O3 -fssa
FAIL: gcc.c-torture/compile/920501-18.c, -O3 -fssa
FAIL: gcc.c-torture/compile/920501-2.c, -O3 -fssa
FAIL: gcc.c-torture/compile/920501-23.c, -O3 -fssa
FAIL: gcc.c-torture/compile/920501-4.c, -O3 -fssa
FAIL: gcc.c-torture/compile/920611-2.c, -O3 -fssa
FAIL: gcc.c-torture/compile/920624-1.c, -O3 -fssa
FAIL: gcc.c-torture/compile/920625-1.c, -O3 -fssa
FAIL: gcc.c-torture/compile/920710-2.c, -O3 -fssa
FAIL: gcc.c-torture/compile/920723-1.c, -O3 -fssa
FAIL: gcc.c-torture/compile/920808-1.c, -O3 -fssa
FAIL: gcc.c-torture/compile/920825-2.c, -O3 -fssa
FAIL: gcc.c-torture/compile/920928-2.c, -O3 -fssa
FAIL: gcc.c-torture/compile/920928-3.c, -O3 -fssa
FAIL: gcc.c-torture/compile/921011-1.c, -O3 -fssa
FAIL: gcc.c-torture/compile/921011-2.c, -O3 -fssa
FAIL: gcc.c-torture/compile/921024-1.c, -O3 -fssa
FAIL: gcc.c-torture/compile/921103-1.c, -O3 -fssa
FAIL: gcc.c-torture/compile/921111-1.c, -O3 -fssa
FAIL: gcc.c-torture/compile/921202-1.c, -O3 -fssa
FAIL: gcc.c-torture/compile/921202-2.c, -O3 -fssa
FAIL: gcc.c-torture/compile/921206-1.c, -O3 -fssa
FAIL: gcc.c-torture/compile/930109-2.c, -O3 -fssa
FAIL: gcc.c-torture/compile/930120-1.c, -O3 -fssa
FAIL: gcc.c-torture/compile/930210-1.c, -O3 -fssa
FAIL: gcc.c-torture/compile/930217-1.c, -O3 -fssa
FAIL: gcc.c-torture/compile/930222-1.c, -O3 -fssa
FAIL: gcc.c-torture/compile/930325-1.c, -O3 -fssa
FAIL: gcc.c-torture/compile/930411-1.c, -O3 -fssa
FAIL: gcc.c-torture/compile/930421-1.c, -O3 -fssa
FAIL: gcc.c-torture/compile/930513-1.c, -O3 -fssa
FAIL: gcc.c-torture/compile/930513-3.c, -O3 -fssa
FAIL: gcc.c-torture/compile/930523-1.c, -O3 -fssa
FAIL: gcc.c-torture/compile/930529-1.c, -O3 -fssa
FAIL: gcc.c-torture/compile/930602-1.c, -O3 -fssa
FAIL: gcc.c-torture/compile/930611-1.c, -O3 -fssa
FAIL: gcc.c-torture/compile/931003-1.c, -O3 -fssa
FAIL: gcc.c-torture/compile/931013-1.c, -O3 -fssa
FAIL: gcc.c-torture/compile/931013-2.c, -O3 -fssa
FAIL: gcc.c-torture/compile/941014-2.c, -O3 -fssa
FAIL: gcc.c-torture/compile/941014-3.c, -O3 -fssa
FAIL: gcc.c-torture/compile/950512-1.c, -O3 -fssa
FAIL: gcc.c-torture/compile/950607-1.c, -O3 -fssa
FAIL: gcc.c-torture/compile/950612-1.c, -O3 -fssa
FAIL: gcc.c-torture/compile/950618-1.c, -O3 -fssa
FAIL: gcc.c-torture/compile/950729-1.c, -O3 -fssa
FAIL: gcc.c-torture/compile/950816-3.c, -O3 -fssa
FAIL: gcc.c-torture/compile/950922-1.c, -O3 -fssa
FAIL: gcc.c-torture/compile/951004-1.c, -O3 -fssa
FAIL: gcc.c-torture/compile/960514-1.c, -O3 -fssa
FAIL: gcc.c-torture/compile/961004-1.c, -O3 -fssa
FAIL: gcc.c-torture/compile/961019-1.c, -O3 -fssa
FAIL: gcc.c-torture/compile/980329-1.c, -O3 -fssa
FAIL: gcc.c-torture/compile/980408-1.c, -O3 -fssa
FAIL: gcc.c-torture/compile/980506-1.c, -O3 -fssa
FAIL: gcc.c-torture/compile/980506-2.c, -O3 -fssa
FAIL: gcc.c-torture/compile/980511-1.c, -O3 -fssa
FAIL: gcc.c-torture/compile/980726-1.c, -O3 -fssa
FAIL: gcc.c-torture/compile/980816-1.c, -O3 -fssa
FAIL: gcc.c-torture/compile/980821-1.c, -O3 -fssa
FAIL: gcc.c-torture/compile/981001-2.c, -O3 -fssa
FAIL: gcc.c-torture/compile/990517-1.c, -O3 -fssa
FAIL: gcc.c-torture/compile/990523-1.c, -O3 -fssa
FAIL: gcc.c-torture/compile/990625-2.c, -O3 -fssa
FAIL: gcc.c-torture/compile/990801-1.c, -O3 -fssa
FAIL: gcc.c-torture/compile/990913-1.c, -O3 -fssa
FAIL: gcc.c-torture/compile/991008-1.c, -O3 -fssa
FAIL: gcc.c-torture/compile/991213-1.c, -O3 -fssa
FAIL: gcc.c-torture/compile/991213-2.c, -O3 -fssa
FAIL: gcc.c-torture/compile/991214-1.c, -O3 -fssa
FAIL: gcc.c-torture/compile/991214-2.c, -O3 -fssa
FAIL: gcc.c-torture/compile/991229-3.c, -O3 -fssa
FAIL: gcc.c-torture/execute/20000113-1.c compilation, -O3 -fssa
FAIL: gcc.c-torture/execute/20000205-1.c compilation, -O3 -fssa
FAIL: gcc.c-torture/execute/20000217-1.c compilation, -O3 -fssa
FAIL: gcc.c-torture/execute/20000224-1.c compilation, -O3 -fssa
FAIL: gcc.c-torture/execute/20000225-1.c compilation, -O3 -fssa
FAIL: gcc.c-torture/execute/20000412-1.c compilation, -O3 -fssa
FAIL: gcc.c-torture/execute/20000412-2.c compilation, -O3 -fssa
FAIL: gcc.c-torture/execute/20000412-3.c compilation, -O3 -fssa
FAIL: gcc.c-torture/execute/20000412-4.c compilation, -O3 -fssa
FAIL: gcc.c-torture/execute/20000412-6.c compilation, -O3 -fssa
FAIL: gcc.c-torture/execute/20000422-1.c compilation, -O3 -fssa
FAIL: gcc.c-torture/execute/20000503-1.c compilation, -O3 -fssa
FAIL: gcc.c-torture/execute/20000511-1.c compilation, -O3 -fssa
FAIL: gcc.c-torture/execute/20000519-1.c compilation, -O3 -fssa
FAIL: gcc.c-torture/execute/20000605-1.c compilation, -O3 -fssa
FAIL: gcc.c-torture/execute/20000605-2.c compilation, -O3 -fssa
FAIL: gcc.c-torture/execute/20000605-3.c compilation, -O3 -fssa
FAIL: gcc.c-torture/execute/920302-1.c compilation, -O3 -fssa
FAIL: gcc.c-torture/execute/920411-1.c compilation, -O3 -fssa
FAIL: gcc.c-torture/execute/920428-1.c compilation, -O3 -fssa
FAIL: gcc.c-torture/execute/920501-1.c compilation, -O3 -fssa
FAIL: gcc.c-torture/execute/920501-2.c compilation, -O3 -fssa
FAIL: gcc.c-torture/execute/920501-3.c compilation, -O3 -fssa
FAIL: gcc.c-torture/execute/920501-6.c compilation, -O3 -fssa
FAIL: gcc.c-torture/execute/920501-7.c compilation, -O3 -fssa
FAIL: gcc.c-torture/execute/920501-8.c compilation, -O3 -fssa
FAIL: gcc.c-torture/execute/920520-1.c compilation, -O3 -fssa
FAIL: gcc.c-torture/execute/920612-1.c compilation, -O3 -fssa
FAIL: gcc.c-torture/execute/920612-2.c compilation, -O3 -fssa
FAIL: gcc.c-torture/execute/920625-1.c compilation, -O3 -fssa
FAIL: gcc.c-torture/execute/920721-3.c compilation, -O3 -fssa
FAIL: gcc.c-torture/execute/920721-4.c compilation, -O3 -fssa
FAIL: gcc.c-torture/execute/920726-1.c compilation, -O3 -fssa
FAIL: gcc.c-torture/execute/920728-1.c compilation, -O3 -fssa
FAIL: gcc.c-torture/execute/920731-1.c compilation, -O3 -fssa
FAIL: gcc.c-torture/execute/920908-1.c compilation, -O3 -fssa
FAIL: gcc.c-torture/execute/920908-2.c compilation, -O3 -fssa
FAIL: gcc.c-torture/execute/920909-1.c compilation, -O3 -fssa
FAIL: gcc.c-torture/execute/920929-1.c compilation, -O3 -fssa
FAIL: gcc.c-torture/execute/921013-1.c compilation, -O3 -fssa
FAIL: gcc.c-torture/execute/921117-1.c compilation, -O3 -fssa
FAIL: gcc.c-torture/execute/921123-1.c compilation, -O3 -fssa
FAIL: gcc.c-torture/execute/921202-1.c compilation, -O3 -fssa
FAIL: gcc.c-torture/execute/921204-1.c compilation, -O3 -fssa
FAIL: gcc.c-torture/execute/921208-2.c compilation, -O3 -fssa
FAIL: gcc.c-torture/execute/930208-1.c compilation, -O3 -fssa
FAIL: gcc.c-torture/execute/930406-1.c compilation, -O3 -fssa
FAIL: gcc.c-torture/execute/930513-2.c compilation, -O3 -fssa
FAIL: gcc.c-torture/execute/930518-1.c compilation, -O3 -fssa
FAIL: gcc.c-torture/execute/930526-1.c compilation, -O3 -fssa
FAIL: gcc.c-torture/execute/930529-1.c execution, -O3 -fomit-frame-pointer
FAIL: gcc.c-torture/execute/930529-1.c execution, -O3 -fomit-frame-pointer -funroll-loops
FAIL: gcc.c-torture/execute/930529-1.c execution, -O3 -fomit-frame-pointer -funroll-all-loops -finline-functions
FAIL: gcc.c-torture/execute/930529-1.c execution, -O3 -g
FAIL: gcc.c-torture/execute/930529-1.c compilation, -O3 -fssa
FAIL: gcc.c-torture/execute/930603-2.c compilation, -O3 -fssa
FAIL: gcc.c-torture/execute/930614-2.c compilation, -O3 -fssa
FAIL: gcc.c-torture/execute/930621-1.c compilation, -O3 -fssa
FAIL: gcc.c-torture/execute/930628-1.c compilation, -O3 -fssa
FAIL: gcc.c-torture/execute/930630-1.c compilation, -O3 -fssa
FAIL: gcc.c-torture/execute/930818-1.c compilation, -O3 -fssa
FAIL: gcc.c-torture/execute/930921-1.c compilation, -O3 -fssa
FAIL: gcc.c-torture/execute/930929-1.c compilation, -O3 -fssa
FAIL: gcc.c-torture/execute/931004-10.c compilation, -O3 -fssa
FAIL: gcc.c-torture/execute/931004-12.c compilation, -O3 -fssa
FAIL: gcc.c-torture/execute/931004-14.c compilation, -O3 -fssa
FAIL: gcc.c-torture/execute/931004-2.c compilation, -O3 -fssa
FAIL: gcc.c-torture/execute/931004-4.c compilation, -O3 -fssa
FAIL: gcc.c-torture/execute/931004-6.c compilation, -O3 -fssa
FAIL: gcc.c-torture/execute/931004-8.c compilation, -O3 -fssa
FAIL: gcc.c-torture/execute/931009-1.c compilation, -O3 -fssa
FAIL: gcc.c-torture/execute/931031-1.c compilation, -O3 -fssa
FAIL: gcc.c-torture/execute/931102-1.c compilation, -O3 -fssa
FAIL: gcc.c-torture/execute/931102-2.c compilation, -O3 -fssa
FAIL: gcc.c-torture/execute/931110-1.c compilation, -O3 -fssa
FAIL: gcc.c-torture/execute/931228-1.c compilation, -O3 -fssa
FAIL: gcc.c-torture/execute/941101-1.c compilation, -O3 -fssa
FAIL: gcc.c-torture/execute/950322-1.c compilation, -O3 -fssa
FAIL: gcc.c-torture/execute/950512-1.c compilation, -O3 -fssa
FAIL: gcc.c-torture/execute/950607-2.c compilation, -O3 -fssa
FAIL: gcc.c-torture/execute/950612-1.c compilation, -O3 -fssa
FAIL: gcc.c-torture/execute/950706-1.c compilation, -O3 -fssa
FAIL: gcc.c-torture/execute/950710-1.c compilation, -O3 -fssa
FAIL: gcc.c-torture/execute/950714-1.c compilation, -O3 -fssa
FAIL: gcc.c-torture/execute/950906-1.c compilation, -O3 -fssa
FAIL: gcc.c-torture/execute/951003-1.c compilation, -O3 -fssa
FAIL: gcc.c-torture/execute/951204-1.c compilation, -O3 -fssa
FAIL: gcc.c-torture/execute/960116-1.c compilation, -O3 -fssa
FAIL: gcc.c-torture/execute/960209-1.c compilation, -O3 -fssa
FAIL: gcc.c-torture/execute/960301-1.c compilation, -O3 -fssa
FAIL: gcc.c-torture/execute/960317-1.c compilation, -O3 -fssa
FAIL: gcc.c-torture/execute/960321-1.c compilation, -O3 -fssa
FAIL: gcc.c-torture/execute/960416-1.c compilation, -O3 -fssa
FAIL: gcc.c-torture/execute/960419-2.c compilation, -O3 -fssa
FAIL: gcc.c-torture/execute/960521-1.c compilation, -O3 -fssa
FAIL: gcc.c-torture/execute/960909-1.c compilation, -O3 -fssa
FAIL: gcc.c-torture/execute/961004-1.c compilation, -O3 -fssa
FAIL: gcc.c-torture/execute/961017-1.c compilation, -O3 -fssa
FAIL: gcc.c-torture/execute/961017-2.c compilation, -O3 -fssa
FAIL: gcc.c-torture/execute/961125-1.c compilation, -O3 -fssa
FAIL: gcc.c-torture/execute/961213-1.c compilation, -O3 -fssa
FAIL: gcc.c-torture/execute/961223-1.c compilation, -O3 -fssa
FAIL: gcc.c-torture/execute/970217-1.c compilation, -O3 -fssa
FAIL: gcc.c-torture/execute/980205.c compilation, -O3 -fssa
FAIL: gcc.c-torture/execute/980505-2.c compilation, -O3 -fssa
FAIL: gcc.c-torture/execute/980506-2.c compilation, -O3 -fssa
FAIL: gcc.c-torture/execute/980506-3.c compilation, -O3 -fssa
FAIL: gcc.c-torture/execute/980526-2.c compilation, -O3 -fssa
FAIL: gcc.c-torture/execute/980602-1.c compilation, -O3 -fssa
FAIL: gcc.c-torture/execute/980602-2.c compilation, -O3 -fssa
FAIL: gcc.c-torture/execute/980605-1.c compilation, -O3 -fssa
FAIL: gcc.c-torture/execute/980608-1.c compilation, -O3 -fssa
FAIL: gcc.c-torture/execute/980612-1.c compilation, -O3 -fssa
FAIL: gcc.c-torture/execute/980617-1.c compilation, -O3 -fssa
FAIL: gcc.c-torture/execute/980701-1.c compilation, -O3 -fssa
FAIL: gcc.c-torture/execute/980707-1.c compilation, -O3 -fssa
FAIL: gcc.c-torture/execute/980716-1.c compilation, -O3 -fssa
FAIL: gcc.c-torture/execute/980929-1.c compilation, -O3 -fssa
FAIL: gcc.c-torture/execute/981001-1.c compilation, -O3 -fssa
FAIL: gcc.c-torture/execute/990106-2.c compilation, -O3 -fssa
FAIL: gcc.c-torture/execute/990127-1.c compilation, -O3 -fssa
FAIL: gcc.c-torture/execute/990128-1.c compilation, -O3 -fssa
FAIL: gcc.c-torture/execute/990130-1.c compilation, -O3 -fssa
FAIL: gcc.c-torture/execute/990222-1.c compilation, -O3 -fssa
FAIL: gcc.c-torture/execute/990326-1.c compilation, -O3 -fssa
FAIL: gcc.c-torture/execute/990404-1.c compilation, -O3 -fssa
FAIL: gcc.c-torture/execute/990525-1.c compilation, -O3 -fssa
FAIL: gcc.c-torture/execute/990527-1.c compilation, -O3 -fssa
FAIL: gcc.c-torture/execute/990604-1.c compilation, -O3 -fssa
FAIL: gcc.c-torture/execute/990628-1.c compilation, -O3 -fssa
FAIL: gcc.c-torture/execute/990804-1.c compilation, -O3 -fssa
FAIL: gcc.c-torture/execute/990811-1.c compilation, -O3 -fssa
FAIL: gcc.c-torture/execute/990827-1.c compilation, -O3 -fssa
FAIL: gcc.c-torture/execute/991016-1.c compilation, -O3 -fssa
FAIL: gcc.c-torture/execute/991019-1.c compilation, -O3 -fssa
FAIL: gcc.c-torture/execute/991023-1.c compilation, -O3 -fssa
FAIL: gcc.c-torture/execute/991201-1.c compilation, -O3 -fssa
FAIL: gcc.c-torture/execute/991202-1.c compilation, -O3 -fssa
FAIL: gcc.c-torture/execute/991216-2.c compilation, -O3 -fssa
FAIL: gcc.c-torture/execute/991216-3.c compilation, -O3 -fssa
FAIL: gcc.c-torture/execute/991216-4.c compilation, -O3 -fssa
FAIL: gcc.c-torture/execute/991228-1.c compilation, -O3 -fssa
FAIL: gcc.c-torture/execute/arith-1.c compilation, -O3 -fssa
FAIL: gcc.c-torture/execute/arith-rand.c compilation, -O3 -fssa
FAIL: gcc.c-torture/execute/bcp-1.c compilation, -O3 -fssa
FAIL: gcc.c-torture/execute/bf-sign-2.c compilation, -O3 -fssa
FAIL: gcc.c-torture/execute/cbrt.c compilation, -O3 -fssa
FAIL: gcc.c-torture/execute/cmpdi-1.c compilation, -O3 -fssa
FAIL: gcc.c-torture/execute/cmpsi-1.c compilation, -O3 -fssa
FAIL: gcc.c-torture/execute/comp-goto-1.c compilation, -O3 -fssa
FAIL: gcc.c-torture/execute/conversion.c compilation, -O3 -fssa
FAIL: gcc.c-torture/execute/dbra-1.c compilation, -O3 -fssa
FAIL: gcc.c-torture/execute/divconst-2.c compilation, -O3 -fssa
FAIL: gcc.c-torture/execute/divmod-1.c compilation, -O3 -fssa
FAIL: gcc.c-torture/execute/enum-1.c compilation, -O3 -fssa
FAIL: gcc.c-torture/execute/inst-check.c compilation, -O3 -fssa
FAIL: gcc.c-torture/execute/loop-1.c compilation, -O3 -fssa
FAIL: gcc.c-torture/execute/loop-2.c compilation, -O3 -fssa
FAIL: gcc.c-torture/execute/loop-2b.c compilation, -O3 -fssa
FAIL: gcc.c-torture/execute/loop-2c.c compilation, -O3 -fssa
FAIL: gcc.c-torture/execute/loop-2d.c compilation, -O3 -fssa
FAIL: gcc.c-torture/execute/loop-2e.c compilation, -O3 -fssa
FAIL: gcc.c-torture/execute/loop-2f.c compilation, -O3 -fssa
FAIL: gcc.c-torture/execute/loop-2g.c compilation, -O3 -fssa
FAIL: gcc.c-torture/execute/loop-3.c compilation, -O3 -fssa
FAIL: gcc.c-torture/execute/loop-3b.c compilation, -O3 -fssa
FAIL: gcc.c-torture/execute/loop-3c.c compilation, -O3 -fssa
FAIL: gcc.c-torture/execute/loop-4.c compilation, -O3 -fssa
FAIL: gcc.c-torture/execute/loop-4b.c compilation, -O3 -fssa
FAIL: gcc.c-torture/execute/loop-5.c compilation, -O3 -fssa
FAIL: gcc.c-torture/execute/loop-6.c compilation, -O3 -fssa
FAIL: gcc.c-torture/execute/memcpy-1.c compilation, -O3 -fssa
FAIL: gcc.c-torture/execute/memcpy-bi.c compilation, -O3 -fssa
FAIL: gcc.c-torture/execute/nestfunc-1.c compilation, -O3 -fssa
FAIL: gcc.c-torture/execute/packed-1.c compilation, -O3 -fssa
FAIL: gcc.c-torture/execute/pending-4.c compilation, -O3 -fssa
FAIL: gcc.c-torture/execute/ptr-arith-1.c compilation, -O3 -fssa
FAIL: gcc.c-torture/execute/strct-pack-1.c compilation, -O3 -fssa
FAIL: gcc.c-torture/execute/strct-pack-3.c compilation, -O3 -fssa
FAIL: gcc.c-torture/execute/strct-pack-4.c compilation, -O3 -fssa
FAIL: gcc.c-torture/execute/strct-stdarg-1.c compilation, -O3 -fssa
FAIL: gcc.c-torture/execute/strct-varg-1.c compilation, -O3 -fssa
FAIL: gcc.c-torture/execute/struct-ini-2.c compilation, -O3 -fssa
FAIL: gcc.c-torture/execute/struct-ret-2.c compilation, -O3 -fssa
FAIL: gcc.c-torture/execute/va-arg-1.c compilation, -O3 -fssa
FAIL: gcc.c-torture/execute/va-arg-10.c compilation, -O3 -fssa
FAIL: gcc.c-torture/execute/va-arg-11.c compilation, -O3 -fssa
FAIL: gcc.c-torture/execute/va-arg-12.c compilation, -O3 -fssa
FAIL: gcc.c-torture/execute/va-arg-14.c compilation, -O3 -fssa
FAIL: gcc.c-torture/execute/va-arg-15.c compilation, -O3 -fssa
FAIL: gcc.c-torture/execute/va-arg-16.c compilation, -O3 -fssa
FAIL: gcc.c-torture/execute/va-arg-17.c compilation, -O3 -fssa
FAIL: gcc.c-torture/execute/va-arg-18.c compilation, -O3 -fssa
FAIL: gcc.c-torture/execute/va-arg-19.c compilation, -O3 -fssa
FAIL: gcc.c-torture/execute/va-arg-3.c compilation, -O3 -fssa
FAIL: gcc.c-torture/execute/va-arg-4.c compilation, -O3 -fssa
FAIL: gcc.c-torture/execute/va-arg-5.c compilation, -O3 -fssa
FAIL: gcc.c-torture/execute/va-arg-6.c compilation, -O3 -fssa
FAIL: gcc.c-torture/execute/va-arg-7.c compilation, -O3 -fssa
FAIL: gcc.c-torture/execute/va-arg-9.c compilation, -O3 -fssa
FAIL: gcc.c-torture/execute/ieee/20000320-1.c execution, -O0
FAIL: gcc.c-torture/execute/ieee/20000320-1.c execution, -O1
FAIL: gcc.c-torture/execute/ieee/20000320-1.c execution, -O2
FAIL: gcc.c-torture/execute/ieee/20000320-1.c execution, -O3 -fomit-frame-pointer
FAIL: gcc.c-torture/execute/ieee/20000320-1.c execution, -O3 -g
FAIL: gcc.c-torture/execute/ieee/20000320-1.c execution, -O3 -fssa
FAIL: gcc.c-torture/execute/ieee/20000320-1.c execution, -Os
FAIL: gcc.c-torture/execute/ieee/980619-1.c compilation, -O3 -fssa
FAIL: gcc.c-torture/execute/ieee/fp-cmp-2.c execution, -O0
FAIL: gcc.c-torture/execute/ieee/fp-cmp-2.c execution, -O1
FAIL: gcc.c-torture/execute/ieee/fp-cmp-2.c execution, -O2
FAIL: gcc.c-torture/execute/ieee/fp-cmp-2.c execution, -O3 -fomit-frame-pointer
FAIL: gcc.c-torture/execute/ieee/fp-cmp-2.c execution, -O3 -fomit-frame-pointer -funroll-loops
FAIL: gcc.c-torture/execute/ieee/fp-cmp-2.c execution, -O3 -fomit-frame-pointer -funroll-all-loops -finline-functions
FAIL: gcc.c-torture/execute/ieee/fp-cmp-2.c execution, -O3 -g
FAIL: gcc.c-torture/execute/ieee/fp-cmp-2.c execution, -O3 -fssa
FAIL: gcc.c-torture/execute/ieee/fp-cmp-2.c execution, -Os
FAIL: gcc.c-torture/execute/ieee/fp-cmp-4.c execution, -O0
FAIL: gcc.c-torture/execute/ieee/fp-cmp-4.c execution, -O1
FAIL: gcc.c-torture/execute/ieee/fp-cmp-4.c execution, -O2
FAIL: gcc.c-torture/execute/ieee/fp-cmp-4.c execution, -O3 -fomit-frame-pointer
FAIL: gcc.c-torture/execute/ieee/fp-cmp-4.c execution, -O3 -fomit-frame-pointer -funroll-loops
FAIL: gcc.c-torture/execute/ieee/fp-cmp-4.c execution, -O3 -fomit-frame-pointer -funroll-all-loops -finline-functions
FAIL: gcc.c-torture/execute/ieee/fp-cmp-4.c execution, -O3 -g
FAIL: gcc.c-torture/execute/ieee/fp-cmp-4.c compilation, -O3 -fssa
FAIL: gcc.c-torture/execute/ieee/fp-cmp-4.c execution, -Os
FAIL: gcc.c-torture/execute/ieee/minuszero.c compilation, -O3 -fssa
FAIL: gcc.c-torture/execute/ieee/mzero2.c execution, -O0
FAIL: gcc.c-torture/execute/ieee/mzero2.c execution, -O1
FAIL: gcc.c-torture/execute/ieee/mzero2.c execution, -O2
FAIL: gcc.c-torture/execute/ieee/mzero2.c execution, -O3 -fomit-frame-pointer
FAIL: gcc.c-torture/execute/ieee/mzero2.c execution, -O3 -g
FAIL: gcc.c-torture/execute/ieee/mzero2.c execution, -O3 -fssa
FAIL: gcc.c-torture/execute/ieee/mzero2.c execution, -Os
XPASS: gcc.c-torture/execute/memcheck/blkarg.c execution, -O0
XPASS: gcc.c-torture/execute/memcheck/blkarg.c execution, -O1
XPASS: gcc.c-torture/execute/memcheck/blkarg.c execution, -O2
XPASS: gcc.c-torture/execute/memcheck/blkarg.c execution, -Os
FAIL: gcc.c-torture/execute/memcheck/t4.c compilation, -O3 -fssa
FAIL: gcc.c-torture/execute/memcheck/t5.c compilation, -O3 -fssa
FAIL: gcc.c-torture/execute/memcheck/t6.c compilation, -O3 -fssa
FAIL: gcc.c-torture/execute/memcheck/t7.c compilation, -O3 -fssa
FAIL: gcc.c-torture/noncompile/920923-1.c
FAIL: gcc.c-torture/special/920730-1.c, -O3 -fssa
FAIL: gcc.c-torture/special/920730-1.c, -O3 -fssa -traditional
FAIL: gcc.c-torture/unsorted/386.c, -O3 -fssa
FAIL: gcc.c-torture/unsorted/BUG21.c, -O3 -fssa
FAIL: gcc.c-torture/unsorted/andsparc.c, -O3 -fssa
FAIL: gcc.c-torture/unsorted/a3.c, -O3 -fssa
FAIL: gcc.c-torture/unsorted/aa.c, -O3 -fssa
FAIL: gcc.c-torture/unsorted/aaa.c, -O3 -fssa
FAIL: gcc.c-torture/unsorted/abs.c, -O3 -fssa
FAIL: gcc.c-torture/unsorted/ac.c, -O3 -fssa
FAIL: gcc.c-torture/unsorted/acc.c, -O3 -fssa
FAIL: gcc.c-torture/unsorted/add.c, -O3 -fssa
FAIL: gcc.c-torture/unsorted/add386.c, -O3 -fssa
FAIL: gcc.c-torture/unsorted/addcc.c, -O3 -fssa
FAIL: gcc.c-torture/unsorted/andmem.c, -O3 -fssa
FAIL: gcc.c-torture/unsorted/call386.c, -O3 -fssa
FAIL: gcc.c-torture/unsorted/as.c, -O3 -fssa
FAIL: gcc.c-torture/unsorted/ase.c, -O3 -fssa
FAIL: gcc.c-torture/unsorted/bb0.c, -O3 -fssa
FAIL: gcc.c-torture/unsorted/bcopy.c, -O3 -fssa
FAIL: gcc.c-torture/unsorted/bf.c, -O3 -fssa
FAIL: gcc.c-torture/unsorted/bfx.c, -O3 -fssa
FAIL: gcc.c-torture/unsorted/bitw.c, -O3 -fssa
FAIL: gcc.c-torture/unsorted/bt.c, -O3 -fssa
FAIL: gcc.c-torture/unsorted/bt386.c, -O3 -fssa
FAIL: gcc.c-torture/unsorted/bug.c, -O3 -fssa
FAIL: gcc.c-torture/unsorted/buns.c, -O3 -fssa
FAIL: gcc.c-torture/unsorted/c1.c, -O3 -fssa
FAIL: gcc.c-torture/unsorted/cc.c, -O3 -fssa
FAIL: gcc.c-torture/unsorted/charmtst.c, -O3 -fssa
FAIL: gcc.c-torture/unsorted/cmb.c, -O3 -fssa
FAIL: gcc.c-torture/unsorted/cmpsi386.c, -O3 -fssa
FAIL: gcc.c-torture/unsorted/const.c, -O3 -fssa
FAIL: gcc.c-torture/unsorted/csebug.c, -O3 -fssa
FAIL: gcc.c-torture/unsorted/d.c, -O3 -fssa
FAIL: gcc.c-torture/unsorted/ddd.c, -O3 -fssa
FAIL: gcc.c-torture/unsorted/dead.c, -O3 -fssa
FAIL: gcc.c-torture/unsorted/dshift.c, -O3 -fssa
FAIL: gcc.c-torture/unsorted/e.c, -O3 -fssa
FAIL: gcc.c-torture/unsorted/fnul.c, -O3 -fssa
FAIL: gcc.c-torture/unsorted/fq.c, -O3 -fssa
FAIL: gcc.c-torture/unsorted/gen_tst.c, -O3 -fssa
FAIL: gcc.c-torture/unsorted/gronk.c, -O3 -fssa
FAIL: gcc.c-torture/unsorted/i.c, -O3 -fssa
FAIL: gcc.c-torture/unsorted/ic.c, -O3 -fssa
FAIL: gcc.c-torture/unsorted/icmp.c, -O3 -fssa
FAIL: gcc.c-torture/unsorted/l.c, -O3 -fssa
FAIL: gcc.c-torture/unsorted/lll.c, -O3 -fssa
FAIL: gcc.c-torture/unsorted/logic.c, -O3 -fssa
FAIL: gcc.c-torture/unsorted/loop-1.c, -O3 -fssa
FAIL: gcc.c-torture/unsorted/loop386.c, -O3 -fssa
FAIL: gcc.c-torture/unsorted/lop.c, -O3 -fssa
FAIL: gcc.c-torture/unsorted/m5.c, -O3 -fssa
FAIL: gcc.c-torture/unsorted/m68.c, -O3 -fssa
FAIL: gcc.c-torture/unsorted/mcmp.c, -O3 -fssa
FAIL: gcc.c-torture/unsorted/memtst.c, -O3 -fssa
FAIL: gcc.c-torture/unsorted/move.c, -O3 -fssa
FAIL: gcc.c-torture/unsorted/mregtst.c, -O3 -fssa
FAIL: gcc.c-torture/unsorted/mtst.c, -O3 -fssa
FAIL: gcc.c-torture/unsorted/mword.c, -O3 -fssa
FAIL: gcc.c-torture/unsorted/omit.c, -O3 -fssa
FAIL: gcc.c-torture/unsorted/opout.c, -O3 -fssa
FAIL: gcc.c-torture/unsorted/or.c, -O3 -fssa
FAIL: gcc.c-torture/unsorted/or386.c, -O3 -fssa
FAIL: gcc.c-torture/unsorted/parms.c, -O3 -fssa
FAIL: gcc.c-torture/unsorted/pass.c, -O3 -fssa
FAIL: gcc.c-torture/unsorted/q.c, -O3 -fssa
FAIL: gcc.c-torture/unsorted/rel.c, -O3 -fssa
FAIL: gcc.c-torture/unsorted/rmsc.c, -O3 -fssa
FAIL: gcc.c-torture/unsorted/run.c, -O3 -fssa
FAIL: gcc.c-torture/unsorted/selfrec.c, -O3 -fssa
FAIL: gcc.c-torture/unsorted/shand.c, -O3 -fssa
FAIL: gcc.c-torture/unsorted/shft.c, -O3 -fssa
FAIL: gcc.c-torture/unsorted/shloop.c, -O3 -fssa
FAIL: gcc.c-torture/unsorted/signext.c, -O3 -fssa
FAIL: gcc.c-torture/unsorted/sim.c, -O3 -fssa
FAIL: gcc.c-torture/unsorted/sound.c, -O3 -fssa
FAIL: gcc.c-torture/unsorted/sparcbug.c, -O3 -fssa
FAIL: gcc.c-torture/unsorted/speed.c, -O3 -fssa
FAIL: gcc.c-torture/unsorted/sub32.c, -O3 -fssa
FAIL: gcc.c-torture/unsorted/subcc.c, -O3 -fssa
FAIL: gcc.c-torture/unsorted/t.c, -O3 -fssa
FAIL: gcc.c-torture/unsorted/test-flow.c, -O3 -fssa
FAIL: gcc.c-torture/unsorted/test-loop.c, -O3 -fssa
FAIL: gcc.c-torture/unsorted/time.c, -O3 -fssa
FAIL: gcc.c-torture/unsorted/udconvert.c, -O3 -fssa
FAIL: gcc.c-torture/unsorted/udivmod4.c, -O3 -fssa
FAIL: gcc.c-torture/unsorted/w.c, -O3 -fssa
FAIL: gcc.c-torture/unsorted/uuarg.c, -O3 -fssa
FAIL: gcc.c-torture/unsorted/x.c, -O3 -fssa
FAIL: gcc.c-torture/unsorted/xb.c, -O3 -fssa
FAIL: gcc.c-torture/unsorted/xc.c, -O3 -fssa
FAIL: gcc.c-torture/unsorted/xlop.c, -O3 -fssa
FAIL: gcc.c-torture/unsorted/xopt.c, -O3 -fssa
FAIL: gcc.c-torture/unsorted/xorn.c, -O3 -fssa
FAIL: gcc.c-torture/unsorted/xpp.c, -O3 -fssa
FAIL: gcc.c-torture/unsorted/xs.c, -O3 -fssa
FAIL: gcc.c-torture/unsorted/xsh.c, -O3 -fssa
FAIL: gcc.dg/20000419-2.c (test for excess errors)
FAIL: gcc.dg/980217-1.c (test for excess errors)
FAIL: gcc.dg/compare2.c case 10 (test for bogus messages, line 29)
FAIL: gcc.dg/noreturn-1.c this function should not get any warnings (test for bogus messages, line 52)
FAIL: gcc.dg/noreturn-1.c detect return from tail call (test for warnings, line 59)
FAIL: gcc.dg/special/weak-1.c (test for excess errors)
FAIL: gcc.dg/special/weak-2.c (test for excess errors)
FAIL: wkali-2a.o
=== gcc Summary ===
# of expected passes 10924
# of unexpected failures 434
# of unexpected successes 4
# of expected failures 31
# of unresolved testcases 203
# of unsupported tests 38
/l/dsk8h/tmp/egcs/gcc/xgcc version 2.96 20000626 (experimental)
=== libg++ tests ===
Running target unix
FAIL: tBag.cc compilation
FAIL: tDeque.cc compilation
FAIL: tMap.cc compilation
FAIL: tPQ.cc compilation
FAIL: tPlex.cc compilation
FAIL: tQueue.cc compilation
FAIL: tSet.cc compilation
FAIL: tStack.cc compilation
=== libg++ Summary ===
# of expected passes 48
# of unexpected failures 8
# of expected failures 16
=== libio tests ===
Running target unix
=== libio Summary ===
# of expected passes 40
=== libstdc++ tests ===
Running target unix
=== libstdc++ Summary ===
# of expected passes 30
=== objc tests ===
Running target unix
=== objc Summary ===
# of expected passes 40
/l/dsk8h/tmp/egcs/gcc/xgcc version 2.96 20000626 (experimental)
Compiler version: 2.96 20000626 (experimental)
Platform: alphaev6-dec-osf4.0f
BOOT_CFLAGS: -g -O9 -W -Wall
Counting all warnings,
there are 592 warnings in stage3 of this bootstrap.
Number of warnings per file:
284 /home/lsd/oliva/src/egcs/gcc/f/intdoc.in
86 /home/lsd/oliva/src/egcs/include/getopt.h
40 /home/lsd/oliva/src/egcs/librx/rx.c
36 /home/lsd/oliva/src/egcs/libobjc/objc/hash.h
26 cc1plus
12 configure
12 /home/lsd/oliva/src/egcs/gcc/libgcc2.c
8 /home/lsd/oliva/src/egcs/librx/rx.h
8 /home/lsd/oliva/src/egcs/gcc/mips-tfile.c
6 Makefile
5 /home/lsd/oliva/src/egcs/gcc/scan-decls.c
4 /home/lsd/oliva/src/egcs/libobjc/selector.c
4 /home/lsd/oliva/src/egcs/libobjc/objects.c
4 /home/lsd/oliva/src/egcs/libobjc/archive.c
4 /home/lsd/oliva/src/egcs/libiberty/getopt.c
4 /home/lsd/oliva/src/egcs/libg++/src/AllocRing.cc
3 /home/lsd/oliva/src/egcs/gcc/gcc.c
3 /home/lsd/oliva/src/egcs/gcc/cpplex.c
3 /home/lsd/oliva/src/egcs/gcc/combine.c
2 f/intdoc.h0
2 /home/lsd/oliva/src/egcs/libiberty/xexit.c
2 /home/lsd/oliva/src/egcs/libiberty/vasprintf.c
2 /home/lsd/oliva/src/egcs/libiberty/cp-demangle.c
2 /home/lsd/oliva/src/egcs/libffi/src/java_raw_api.c
2 /home/lsd/oliva/src/egcs/libchill/concatstr.c
2 /home/lsd/oliva/src/egcs/gcc/regrename.c
2 /home/lsd/oliva/src/egcs/gcc/cp/semantics.c
2 /home/lsd/oliva/src/egcs/gcc/config/alpha/alpha.c
2 /home/lsd/oliva/src/egcs/gcc/collect2.c
2 /home/lsd/oliva/src/egcs/boehm-gc/mark_rts.c
1 cxxmain.c
1 /home/lsd/oliva/src/egcs/gcc/tree.c
1 /home/lsd/oliva/src/egcs/gcc/ssa.c
1 /home/lsd/oliva/src/egcs/gcc/rtl.c
1 /home/lsd/oliva/src/egcs/gcc/mips-tdump.c
1 /home/lsd/oliva/src/egcs/gcc/loop.c
1 /home/lsd/oliva/src/egcs/gcc/java/jcf-write.c
1 /home/lsd/oliva/src/egcs/gcc/java/class.c
1 /home/lsd/oliva/src/egcs/gcc/intl/localealias.c
1 /home/lsd/oliva/src/egcs/gcc/intl/dcgettext.c
1 /home/lsd/oliva/src/egcs/gcc/gcse.c
1 /home/lsd/oliva/src/egcs/gcc/fold-const.c
1 /home/lsd/oliva/src/egcs/gcc/f/expr.c
1 /home/lsd/oliva/src/egcs/gcc/f/com.c
1 /home/lsd/oliva/src/egcs/gcc/cp/error.c
1 /home/lsd/oliva/src/egcs/gcc/cp/errfn.c
1 /home/lsd/oliva/src/egcs/gcc/cp/cfns.h
1 /home/lsd/oliva/src/egcs/gcc/convert.c
Number of warning types:
284 Use of ANSI string concatenation
96 function declaration isn't a prototype
60 implicit declaration of function `???'
36 cast to pointer from integer of different size
26 Ignoring command line option '-Wstrict-prototypes'
11 comparison between signed and unsigned
8 comparison of distinct pointer types lacks a cast
8 ***********************************************************
7 pointer targets in passing arg ??? of `???' differ in signedness
7 `noreturn' function does return
5 unused parameter `???'
4 deleting `???' is undefined
4 cast from pointer to integer of different size
4 `???' might be used uninitialized in this function
3 passing arg ??? of `???' from incompatible pointer type
3 overriding commands for target `???'
3 ignoring old commands for target `???'
2 unused variable `???'
2 trigraph ??/ ignored
2 then use the most recent one - libffi-1.20.
2 signed and unsigned type in conditional expression
2 no previous prototype for `???'
2 function returns address of local variable
2 assignment makes pointer from integer without a cast
2 `???' defined but not used
2 This is beta code. If you're looking for a stable release
2 # followed by integer
1 trigraph ??= ignored
1 missing initializer
1 (near initialization for `???')
More information about the Gcc-testresults
mailing list