Results for 2.96 20000626 (experimental) testsuite on i686-pc-linux-gnu
Kaveh R. Ghazi
ghazi@caip.rutgers.edu
Tue Jun 27 07:21:00 GMT 2000
Native configuration is i686-pc-linux-gnu
=== libio tests ===
Running target unix
=== libio Summary ===
# of expected passes 40
=== libstdc++ tests ===
Running target unix
=== libstdc++ Summary ===
# of expected passes 30
=== gcc tests ===
Running target unix
FAIL: gcc.c-torture/execute/20000225-1.c execution, -O2
FAIL: gcc.c-torture/execute/20000225-1.c execution, -O3 -fomit-frame-pointer
FAIL: gcc.c-torture/execute/20000225-1.c execution, -O3 -fomit-frame-pointer -funroll-loops
FAIL: gcc.c-torture/execute/20000225-1.c execution, -O3 -fomit-frame-pointer -funroll-all-loops -finline-functions
FAIL: gcc.c-torture/execute/20000225-1.c execution, -O3 -g
FAIL: gcc.c-torture/execute/20000225-1.c execution, -O3 -fssa
FAIL: gcc.c-torture/execute/20000225-1.c execution, -Os
FAIL: gcc.c-torture/execute/20000412-2.c execution, -O2
FAIL: gcc.c-torture/execute/20000412-2.c execution, -O3 -fomit-frame-pointer
FAIL: gcc.c-torture/execute/20000412-2.c execution, -O3 -g
FAIL: gcc.c-torture/execute/20000412-2.c execution, -O3 -fssa
FAIL: gcc.c-torture/execute/20000412-2.c execution, -Os
FAIL: gcc.c-torture/execute/20000419-1.c execution, -O2
FAIL: gcc.c-torture/execute/20000419-1.c execution, -Os
FAIL: gcc.dg/20000503-1.c (test for excess errors)
FAIL: gcc.dg/20000614-1.c (test for excess errors)
FAIL: gcc.dg/20000614-2.c execution test
FAIL: gcc.dg/991214-1.c (test for excess errors)
FAIL: gcc.dg/compare2.c case 10 (test for bogus messages, line 29)
FAIL: gcc.dg/noreturn-1.c this function should not get any warnings (test for bogus messages, line 52)
FAIL: gcc.dg/noreturn-1.c detect return from tail call (test for warnings, line 59)
FAIL: gcc.dg/noreturn-2.c noreturn does return (test for bogus messages, line 12)
FAIL: gcc.dg/special/weak-1.c execution test
=== gcc Summary ===
# of expected passes 11585
# of unexpected failures 23
# of expected failures 35
# of unsupported tests 15
/home/ghazi/gcc-testing/build/gcc/xgcc version 2.96 20000626 (experimental)
=== g++ tests ===
Running target unix
FAIL: g++.dg/special/conpr-1.C execution test
FAIL: g++.dg/special/conpr-2.C execution test
FAIL: g++.dg/special/conpr-3.C execution test
FAIL: g++.dg/special/conpr-3.C execution test
FAIL: g++.ext/initp1.C Execution test
FAIL: g++.ext/instantiate1.C not instantiated (test for errors, line 18)
FAIL: g++.ext/instantiate1.C not instantiated (test for errors, line 20)
XPASS: g++.oliva/template7.C - conversion from int to non-scalar - (test for bogus messages, line 12)
FAIL: g++.other/crash18.C (test for excess errors)
FAIL: g++.other/initstring.C (test for excess errors)
FAIL: g++.other/type.C caused compiler crash
=== g++ Summary ===
# of expected passes 5918
# of unexpected failures 10
# of unexpected successes 1
# of expected failures 98
# of untested testcases 8
/home/ghazi/gcc-testing/build/gcc/testsuite/../g++ version 2.96 20000626 (experimental)
=== g77 tests ===
Running target unix
FAIL: g77.f-torture/execute/short.f execution, -Os
=== g77 Summary ===
# of expected passes 957
# of unexpected failures 1
# of expected failures 9
=== objc tests ===
Running target unix
=== objc Summary ===
# of expected passes 40
/home/ghazi/gcc-testing/build/gcc/xgcc version 2.96 20000626 (experimental)
Compiler version: 2.96 20000626 (experimental)
Platform: i686-pc-linux-gnu
configure flags: --host=i686-pc-linux --verbose
More information about the Gcc-testresults
mailing list