Results for 2.96 20000612 (experimental) testsuite on mips-sgi-irix6.5 with --enable-checking

Billinghurst, David (CRTS) David.Billinghurst@riotinto.com.au
Thu Jun 15 18:40:00 GMT 2000


There are a substantial number of gcc ICE triggered by --enable checking,
but only three different ones:
 - ICE in `simple_memory_operand', at config/mips/mips.c:732
 - ICE in `mips_expand_prologue', at config/mips/mips.c:7007
 - ICE in `add_abstract_origin_attribute', at dwarf2out.c:7429
Details to gcc-bugs

Native configuration is mips-sgi-irix6.5

		=== objc tests ===


Running target unix

		=== objc Summary ===

# of expected passes		40
/exd4/billingd/obj/egcs-20000612-enable-checking/gcc/xgcc version 2.96
20000612 (experimental)

		=== gcc tests ===


Running target unix
FAIL: gcc.c-torture/compile/940712-1.c,  -O0  
FAIL: gcc.c-torture/compile/980726-1.c,  -O0  
FAIL: gcc.c-torture/compile/980726-1.c,  -O1  
FAIL: gcc.c-torture/compile/980726-1.c,  -O2  
FAIL: gcc.c-torture/compile/980726-1.c,  -O3 -fomit-frame-pointer  
FAIL: gcc.c-torture/compile/980726-1.c,  -O3 -g  
FAIL: gcc.c-torture/compile/980726-1.c,  -O3 -fssa  
FAIL: gcc.c-torture/compile/980726-1.c,  -Os  
FAIL: gcc.c-torture/execute/20000225-1.c execution,  -O2 
FAIL: gcc.c-torture/execute/20000225-1.c execution,  -O3
-fomit-frame-pointer 
FAIL: gcc.c-torture/execute/20000225-1.c execution,  -O3
-fomit-frame-pointer -funroll-loops 
FAIL: gcc.c-torture/execute/20000225-1.c execution,  -O3
-fomit-frame-pointer -funroll-all-loops -finline-functions 
FAIL: gcc.c-torture/execute/20000225-1.c execution,  -O3 -g 
FAIL: gcc.c-torture/execute/20000225-1.c execution,  -O3 -fssa 
FAIL: gcc.c-torture/execute/20000225-1.c execution,  -Os 
FAIL: gcc.c-torture/execute/20000412-2.c execution,  -O2 
FAIL: gcc.c-torture/execute/20000412-2.c execution,  -O3
-fomit-frame-pointer 
FAIL: gcc.c-torture/execute/20000412-2.c execution,  -O3 -g 
FAIL: gcc.c-torture/execute/20000412-2.c execution,  -O3 -fssa 
FAIL: gcc.c-torture/execute/20000412-2.c execution,  -Os 
FAIL: gcc.c-torture/execute/930719-1.c compilation,  -O0 
FAIL: gcc.c-torture/execute/950612-1.c compilation,  -O3
-fomit-frame-pointer 
FAIL: gcc.c-torture/execute/950612-1.c compilation,  -O3
-fomit-frame-pointer -funroll-loops 
FAIL: gcc.c-torture/execute/950612-1.c compilation,  -O3
-fomit-frame-pointer -funroll-all-loops -finline-functions 
FAIL: gcc.c-torture/execute/950612-1.c compilation,  -O3 -g 
FAIL: gcc.c-torture/execute/950612-1.c compilation,  -O3 -fssa 
FAIL: gcc.c-torture/execute/struct-ret-1.c compilation,  -O0 
FAIL: gcc.c-torture/execute/struct-ret-1.c compilation,  -O1 
FAIL: gcc.c-torture/execute/struct-ret-1.c compilation,  -O2 
FAIL: gcc.c-torture/execute/struct-ret-1.c compilation,  -O3
-fomit-frame-pointer 
FAIL: gcc.c-torture/execute/struct-ret-1.c compilation,  -O3 -g 
FAIL: gcc.c-torture/execute/struct-ret-1.c compilation,  -O3 -fssa 
FAIL: gcc.c-torture/execute/struct-ret-1.c compilation,  -Os 
FAIL: gcc.c-torture/execute/va-arg-15.c execution,  -O0 
FAIL: gcc.c-torture/execute/va-arg-15.c execution,  -O1 
FAIL: gcc.c-torture/execute/va-arg-15.c execution,  -O2 
FAIL: gcc.c-torture/execute/va-arg-15.c execution,  -O3 -fomit-frame-pointer

FAIL: gcc.c-torture/execute/va-arg-15.c execution,  -O3 -fomit-frame-pointer
-funroll-loops 
FAIL: gcc.c-torture/execute/va-arg-15.c execution,  -O3 -fomit-frame-pointer
-funroll-all-loops -finline-functions 
FAIL: gcc.c-torture/execute/va-arg-15.c execution,  -O3 -g 
FAIL: gcc.c-torture/execute/va-arg-15.c execution,  -O3 -fssa 
FAIL: gcc.c-torture/execute/va-arg-15.c execution,  -Os 
FAIL: gcc.c-torture/execute/va-arg-16.c execution,  -O0 
FAIL: gcc.c-torture/execute/va-arg-16.c execution,  -O1 
FAIL: gcc.c-torture/execute/va-arg-16.c execution,  -O2 
FAIL: gcc.c-torture/execute/va-arg-16.c execution,  -O3 -fomit-frame-pointer

FAIL: gcc.c-torture/execute/va-arg-16.c execution,  -O3 -g 
FAIL: gcc.c-torture/execute/va-arg-16.c execution,  -O3 -fssa 
FAIL: gcc.c-torture/execute/va-arg-16.c execution,  -Os 
FAIL: gcc.c-torture/execute/va-arg-17.c execution,  -O0 
FAIL: gcc.c-torture/execute/va-arg-17.c execution,  -O1 
FAIL: gcc.c-torture/execute/va-arg-17.c execution,  -O2 
FAIL: gcc.c-torture/execute/va-arg-17.c execution,  -O3 -fomit-frame-pointer

FAIL: gcc.c-torture/execute/va-arg-17.c execution,  -O3 -g 
FAIL: gcc.c-torture/execute/va-arg-17.c execution,  -O3 -fssa 
FAIL: gcc.c-torture/execute/va-arg-17.c execution,  -Os 
FAIL: gcc.c-torture/execute/ieee/20000320-1.c execution,  -O0 
FAIL: gcc.c-torture/execute/ieee/20000320-1.c execution,  -O1 
FAIL: gcc.c-torture/execute/ieee/20000320-1.c execution,  -O2 
FAIL: gcc.c-torture/execute/ieee/20000320-1.c execution,  -O3
-fomit-frame-pointer 
FAIL: gcc.c-torture/execute/ieee/20000320-1.c execution,  -O3 -g 
FAIL: gcc.c-torture/execute/ieee/20000320-1.c execution,  -O3 -fssa 
FAIL: gcc.c-torture/execute/ieee/20000320-1.c execution,  -Os 
FAIL: gcc.c-torture/execute/ieee/fp-cmp-4.c compilation,  -O0 
FAIL: gcc.c-torture/execute/ieee/fp-cmp-4.c compilation,  -O1 
FAIL: gcc.c-torture/execute/ieee/fp-cmp-4.c compilation,  -O2 
FAIL: gcc.c-torture/execute/ieee/fp-cmp-4.c compilation,  -O3
-fomit-frame-pointer 
FAIL: gcc.c-torture/execute/ieee/fp-cmp-4.c compilation,  -O3
-fomit-frame-pointer -funroll-loops 
FAIL: gcc.c-torture/execute/ieee/fp-cmp-4.c compilation,  -O3
-fomit-frame-pointer -funroll-all-loops -finline-functions 
FAIL: gcc.c-torture/execute/ieee/fp-cmp-4.c compilation,  -O3 -g 
FAIL: gcc.c-torture/execute/ieee/fp-cmp-4.c compilation,  -O3 -fssa 
FAIL: gcc.c-torture/execute/ieee/fp-cmp-4.c compilation,  -Os 
XPASS: gcc.c-torture/execute/memcheck/blkarg.c execution,  -O0 
XPASS: gcc.c-torture/execute/memcheck/blkarg.c execution,  -O1 
XPASS: gcc.c-torture/execute/memcheck/blkarg.c execution,  -O2 
XPASS: gcc.c-torture/execute/memcheck/blkarg.c execution,  -Os 
FAIL: gcc.c-torture/unsorted/b.c,  -O0  
FAIL: gcc.c-torture/unsorted/b.c,  -O1  
FAIL: gcc.c-torture/unsorted/b.c,  -O2  
FAIL: gcc.c-torture/unsorted/b.c,  -O3 -fomit-frame-pointer  
FAIL: gcc.c-torture/unsorted/b.c,  -O3 -g  
FAIL: gcc.c-torture/unsorted/b.c,  -O3 -fssa  
FAIL: gcc.c-torture/unsorted/b.c,  -Os  
FAIL: gcc.c-torture/unsorted/s.c,  -O0  
FAIL: gcc.c-torture/unsorted/s.c,  -O1  
FAIL: gcc.c-torture/unsorted/s.c,  -O2  
FAIL: gcc.c-torture/unsorted/s.c,  -O3 -fomit-frame-pointer  
FAIL: gcc.c-torture/unsorted/s.c,  -O3 -g  
FAIL: gcc.c-torture/unsorted/s.c,  -O3 -fssa  
FAIL: gcc.c-torture/unsorted/s.c,  -Os  
FAIL: gcc.c-torture/unsorted/load8.c,  -O0  
FAIL: gcc.c-torture/unsorted/load8.c,  -O1  
FAIL: gcc.c-torture/unsorted/load8.c,  -O2  
FAIL: gcc.c-torture/unsorted/load8.c,  -O3 -fomit-frame-pointer  
FAIL: gcc.c-torture/unsorted/load8.c,  -O3 -g  
FAIL: gcc.c-torture/unsorted/load8.c,  -O3 -fssa  
FAIL: gcc.c-torture/unsorted/load8.c,  -Os  
FAIL: gcc.c-torture/unsorted/HIset.c,  -O0  
FAIL: gcc.c-torture/unsorted/HIset.c,  -O1  
FAIL: gcc.c-torture/unsorted/HIset.c,  -O2  
FAIL: gcc.c-torture/unsorted/HIset.c,  -O3 -fomit-frame-pointer  
FAIL: gcc.c-torture/unsorted/HIset.c,  -O3 -g  
FAIL: gcc.c-torture/unsorted/HIset.c,  -O3 -fssa  
FAIL: gcc.c-torture/unsorted/HIset.c,  -Os  
FAIL: gcc.c-torture/unsorted/QIset.c,  -O0  
FAIL: gcc.c-torture/unsorted/QIset.c,  -O1  
FAIL: gcc.c-torture/unsorted/QIset.c,  -O2  
FAIL: gcc.c-torture/unsorted/QIset.c,  -O3 -fomit-frame-pointer  
FAIL: gcc.c-torture/unsorted/QIset.c,  -O3 -g  
FAIL: gcc.c-torture/unsorted/QIset.c,  -O3 -fssa  
FAIL: gcc.c-torture/unsorted/QIset.c,  -Os  
FAIL: gcc.c-torture/unsorted/SIset.c,  -O0  
FAIL: gcc.c-torture/unsorted/SIset.c,  -O1  
FAIL: gcc.c-torture/unsorted/SIset.c,  -O2  
FAIL: gcc.c-torture/unsorted/SIset.c,  -O3 -fomit-frame-pointer  
FAIL: gcc.c-torture/unsorted/SIset.c,  -O3 -g  
FAIL: gcc.c-torture/unsorted/SIset.c,  -O3 -fssa  
FAIL: gcc.c-torture/unsorted/SIset.c,  -Os  
FAIL: gcc.c-torture/unsorted/SFset.c,  -O0  
FAIL: gcc.c-torture/unsorted/SFset.c,  -O1  
FAIL: gcc.c-torture/unsorted/SFset.c,  -O2  
FAIL: gcc.c-torture/unsorted/SFset.c,  -O3 -fomit-frame-pointer  
FAIL: gcc.c-torture/unsorted/SFset.c,  -O3 -g  
FAIL: gcc.c-torture/unsorted/SFset.c,  -O3 -fssa  
FAIL: gcc.c-torture/unsorted/SFset.c,  -Os  
FAIL: gcc.c-torture/unsorted/UHIcmp.c,  -O0  
FAIL: gcc.c-torture/unsorted/UHIcmp.c,  -O1  
FAIL: gcc.c-torture/unsorted/UHIcmp.c,  -O2  
FAIL: gcc.c-torture/unsorted/UHIcmp.c,  -O3 -fomit-frame-pointer  
FAIL: gcc.c-torture/unsorted/UHIcmp.c,  -O3 -g  
FAIL: gcc.c-torture/unsorted/UHIcmp.c,  -O3 -fssa  
FAIL: gcc.c-torture/unsorted/UHIcmp.c,  -Os  
FAIL: gcc.c-torture/unsorted/UQIcmp.c,  -O0  
FAIL: gcc.c-torture/unsorted/UQIcmp.c,  -O1  
FAIL: gcc.c-torture/unsorted/UQIcmp.c,  -O2  
FAIL: gcc.c-torture/unsorted/UQIcmp.c,  -O3 -fomit-frame-pointer  
FAIL: gcc.c-torture/unsorted/UQIcmp.c,  -O3 -g  
FAIL: gcc.c-torture/unsorted/UQIcmp.c,  -O3 -fssa  
FAIL: gcc.c-torture/unsorted/UQIcmp.c,  -Os  
FAIL: gcc.c-torture/unsorted/USIcmp.c,  -O0  
FAIL: gcc.c-torture/unsorted/USIcmp.c,  -O1  
FAIL: gcc.c-torture/unsorted/USIcmp.c,  -O2  
FAIL: gcc.c-torture/unsorted/USIcmp.c,  -O3 -fomit-frame-pointer  
FAIL: gcc.c-torture/unsorted/USIcmp.c,  -O3 -g  
FAIL: gcc.c-torture/unsorted/USIcmp.c,  -O3 -fssa  
FAIL: gcc.c-torture/unsorted/USIcmp.c,  -Os  
FAIL: gcc.c-torture/unsorted/DFcmp.c,  -O0  
FAIL: gcc.c-torture/unsorted/DFcmp.c,  -O1  
FAIL: gcc.c-torture/unsorted/DFcmp.c,  -O2  
FAIL: gcc.c-torture/unsorted/DFcmp.c,  -O3 -fomit-frame-pointer  
FAIL: gcc.c-torture/unsorted/DFcmp.c,  -O3 -g  
FAIL: gcc.c-torture/unsorted/DFcmp.c,  -O3 -fssa  
FAIL: gcc.c-torture/unsorted/DFcmp.c,  -Os  
FAIL: gcc.c-torture/unsorted/HIcmp.c,  -O0  
FAIL: gcc.c-torture/unsorted/HIcmp.c,  -O1  
FAIL: gcc.c-torture/unsorted/HIcmp.c,  -O2  
FAIL: gcc.c-torture/unsorted/HIcmp.c,  -O3 -fomit-frame-pointer  
FAIL: gcc.c-torture/unsorted/HIcmp.c,  -O3 -g  
FAIL: gcc.c-torture/unsorted/HIcmp.c,  -O3 -fssa  
FAIL: gcc.c-torture/unsorted/HIcmp.c,  -Os  
FAIL: gcc.c-torture/unsorted/QIcmp.c,  -O0  
FAIL: gcc.c-torture/unsorted/QIcmp.c,  -O1  
FAIL: gcc.c-torture/unsorted/QIcmp.c,  -O2  
FAIL: gcc.c-torture/unsorted/QIcmp.c,  -O3 -fomit-frame-pointer  
FAIL: gcc.c-torture/unsorted/QIcmp.c,  -O3 -g  
FAIL: gcc.c-torture/unsorted/QIcmp.c,  -O3 -fssa  
FAIL: gcc.c-torture/unsorted/QIcmp.c,  -Os  
FAIL: gcc.c-torture/unsorted/SIcmp.c,  -O0  
FAIL: gcc.c-torture/unsorted/SIcmp.c,  -O1  
FAIL: gcc.c-torture/unsorted/SIcmp.c,  -O2  
FAIL: gcc.c-torture/unsorted/SIcmp.c,  -O3 -fomit-frame-pointer  
FAIL: gcc.c-torture/unsorted/SIcmp.c,  -O3 -g  
FAIL: gcc.c-torture/unsorted/SIcmp.c,  -O3 -fssa  
FAIL: gcc.c-torture/unsorted/SIcmp.c,  -Os  
FAIL: gcc.c-torture/unsorted/structret.c,  -O0  
FAIL: gcc.c-torture/unsorted/structret.c,  -O1  
FAIL: gcc.c-torture/unsorted/structret.c,  -O2  
FAIL: gcc.c-torture/unsorted/structret.c,  -O3 -fomit-frame-pointer  
FAIL: gcc.c-torture/unsorted/structret.c,  -O3 -g  
FAIL: gcc.c-torture/unsorted/structret.c,  -O3 -fssa  
FAIL: gcc.c-torture/unsorted/structret.c,  -Os  
FAIL: gcc.dg/20000419-2.c (test for excess errors)
FAIL: gcc.dg/compare2.c case 10 (test for bogus messages, line 29)
FAIL: gcc.dg/dwarf2-1.c (test for excess errors)
FAIL: gcc.dg/va-arg-1.c (test for excess errors)
FAIL: alias-1.c
FAIL: wkali-1.c
FAIL: wkali-2b.o

		=== gcc Summary ===

# of expected passes		11318
# of unexpected failures	184
# of unexpected successes	4
# of expected failures		31
# of unresolved testcases	22
# of unsupported tests		35
/exd4/billingd/obj/egcs-20000612-enable-checking/gcc/xgcc version 2.96
20000612 (experimental)

		=== g77 tests ===


Running target unix
FAIL: g77.f-torture/execute/short.f execution,  -Os 

		=== g77 Summary ===

# of expected passes		957
# of unexpected failures	1
# of expected failures		9
		=== g++ tests ===


Running target unix
FAIL: g++.dg/special/conpr-1.C execution test
FAIL: g++.dg/special/conpr-2.C execution test
FAIL: g++.dg/special/conpr-3.C execution test
FAIL: g++.dg/special/conpr-3.C execution test
XPASS: g++.brendan/parse4.C - referenced below (test for bogus messages,
line 15)
FAIL: g++.ext/initp1.C  Execution test
FAIL: g++.ext/instantiate1.C not instantiated (test for errors, line 18)
FAIL: g++.ext/instantiate1.C not instantiated (test for errors, line 20)
FAIL: g++.ext/instantiate2.C not instantiated (test for errors, line 16)
FAIL: g++.ext/instantiate3.C not instantiated (test for errors, line 13)
FAIL: g++.other/crash18.C (test for excess errors)
FAIL: g++.other/friend1.C caused compiler crash
FAIL: g++.other/inline11.C (test for excess errors)
FAIL: g++.other/new3.C  Execution test
FAIL: g++.pt/alignof.C caused compiler crash
FAIL: g++.pt/t21.C caused compiler crash
FAIL: g++.pt/t28.C caused compiler crash

		=== g++ Summary ===

# of expected passes		5846
# of unexpected failures	16
# of unexpected successes	1
# of expected failures		101
# of untested testcases		18
/exd4/billingd/obj/egcs-20000612-enable-checking/gcc/testsuite/../g++
version 2.96 20000612 (experimental)

		=== libstdc++ tests ===


Running target unix

		=== libstdc++ Summary ===

# of expected passes		30
		=== libio tests ===


Running target unix

		=== libio Summary ===

# of expected passes		40

Compiler version: 2.96 20000612 (experimental) 
Platform: mips-sgi-irix6.5
configure flags: --host=mips-sgi-irix6.5 --enable-shared --enable-haifa
--enable-pthreads --enable-checking
--prefix=/exd4/billingd/tmp/egcs-20000612



More information about the Gcc-testresults mailing list