Results for 2.96 20000612 (experimental) testsuite on alphaev6-dec-osf4.0f

Alexandre Oliva oliva@lsd.ic.unicamp.br
Tue Jun 13 20:10:00 GMT 2000


Native configuration is alphaev6-dec-osf4.0f

		=== binutils tests ===


Running target unix
FAIL: strip with saving a symbol
FAIL: run stripped executable with saving a symbol

		=== binutils Summary ===

# of expected passes		20
# of unexpected failures	2
# of expected failures		4
		=== g++ tests ===


Running target unix
XPASS: g++.brendan/parse4.C - referenced below (test for bogus messages, line 15)
FAIL: g++.eh/badalloc1.C (test for excess errors)
FAIL: g++.ext/instantiate1.C not instantiated (test for errors, line 18)
FAIL: g++.ext/instantiate1.C not instantiated (test for errors, line 20)
FAIL: g++.ext/instantiate2.C not instantiated (test for errors, line 16)
FAIL: g++.ext/instantiate3.C not instantiated (test for errors, line 13)
FAIL: g++.other/crash18.C caused compiler crash
FAIL: g++.other/inline11.C (test for excess errors)
FAIL: g++.pt/static6.C (test for excess errors)

		=== g++ Summary ===

# of expected passes		5859
# of unexpected failures	8
# of unexpected successes	1
# of expected failures		102
# of untested testcases		18
/l/dsk8h/tmp/egcs/gcc/testsuite/../g++ version 2.96 20000612 (experimental)

		=== g77 tests ===


Running target unix

		=== g77 Summary ===

# of expected passes		958
# of expected failures		9
		=== gcc tests ===


Running target unix
FAIL: gcc.c-torture/execute/930529-1.c execution,  -O3 -fomit-frame-pointer 
FAIL: gcc.c-torture/execute/930529-1.c execution,  -O3 -fomit-frame-pointer -funroll-loops 
FAIL: gcc.c-torture/execute/930529-1.c execution,  -O3 -fomit-frame-pointer -funroll-all-loops -finline-functions 
FAIL: gcc.c-torture/execute/930529-1.c execution,  -O3 -g 
FAIL: gcc.c-torture/execute/930529-1.c execution,  -O3 -fssa 
FAIL: gcc.c-torture/execute/ieee/20000320-1.c execution,  -O0 
FAIL: gcc.c-torture/execute/ieee/20000320-1.c execution,  -O1 
FAIL: gcc.c-torture/execute/ieee/20000320-1.c execution,  -O2 
FAIL: gcc.c-torture/execute/ieee/20000320-1.c execution,  -O3 -fomit-frame-pointer 
FAIL: gcc.c-torture/execute/ieee/20000320-1.c execution,  -O3 -g 
FAIL: gcc.c-torture/execute/ieee/20000320-1.c execution,  -O3 -fssa 
FAIL: gcc.c-torture/execute/ieee/20000320-1.c execution,  -Os 
FAIL: gcc.c-torture/execute/ieee/fp-cmp-2.c execution,  -O0 
FAIL: gcc.c-torture/execute/ieee/fp-cmp-2.c execution,  -O1 
FAIL: gcc.c-torture/execute/ieee/fp-cmp-2.c execution,  -O2 
FAIL: gcc.c-torture/execute/ieee/fp-cmp-2.c execution,  -O3 -fomit-frame-pointer 
FAIL: gcc.c-torture/execute/ieee/fp-cmp-2.c execution,  -O3 -fomit-frame-pointer -funroll-loops 
FAIL: gcc.c-torture/execute/ieee/fp-cmp-2.c execution,  -O3 -fomit-frame-pointer -funroll-all-loops -finline-functions 
FAIL: gcc.c-torture/execute/ieee/fp-cmp-2.c execution,  -O3 -g 
FAIL: gcc.c-torture/execute/ieee/fp-cmp-2.c execution,  -O3 -fssa 
FAIL: gcc.c-torture/execute/ieee/fp-cmp-2.c execution,  -Os 
FAIL: gcc.c-torture/execute/ieee/fp-cmp-4.c execution,  -O0 
FAIL: gcc.c-torture/execute/ieee/fp-cmp-4.c execution,  -O1 
FAIL: gcc.c-torture/execute/ieee/fp-cmp-4.c execution,  -O2 
FAIL: gcc.c-torture/execute/ieee/fp-cmp-4.c execution,  -O3 -fomit-frame-pointer 
FAIL: gcc.c-torture/execute/ieee/fp-cmp-4.c execution,  -O3 -fomit-frame-pointer -funroll-loops 
FAIL: gcc.c-torture/execute/ieee/fp-cmp-4.c execution,  -O3 -fomit-frame-pointer -funroll-all-loops -finline-functions 
FAIL: gcc.c-torture/execute/ieee/fp-cmp-4.c execution,  -O3 -g 
FAIL: gcc.c-torture/execute/ieee/fp-cmp-4.c execution,  -O3 -fssa 
FAIL: gcc.c-torture/execute/ieee/fp-cmp-4.c execution,  -Os 
FAIL: gcc.c-torture/execute/ieee/mzero2.c execution,  -O0 
FAIL: gcc.c-torture/execute/ieee/mzero2.c execution,  -O1 
FAIL: gcc.c-torture/execute/ieee/mzero2.c execution,  -O2 
FAIL: gcc.c-torture/execute/ieee/mzero2.c execution,  -O3 -fomit-frame-pointer 
FAIL: gcc.c-torture/execute/ieee/mzero2.c execution,  -O3 -g 
FAIL: gcc.c-torture/execute/ieee/mzero2.c execution,  -O3 -fssa 
FAIL: gcc.c-torture/execute/ieee/mzero2.c execution,  -Os 
XPASS: gcc.c-torture/execute/memcheck/blkarg.c execution,  -O0 
XPASS: gcc.c-torture/execute/memcheck/blkarg.c execution,  -O1 
XPASS: gcc.c-torture/execute/memcheck/blkarg.c execution,  -O2 
XPASS: gcc.c-torture/execute/memcheck/blkarg.c execution,  -Os 
FAIL: gcc.dg/20000419-2.c (test for excess errors)
FAIL: gcc.dg/compare2.c case 10 (test for bogus messages, line 29)
FAIL: gcc.dg/noreturn-1.c this function should not get any warnings (test for bogus messages, line 52)
FAIL: gcc.dg/noreturn-1.c detect return from tail call (test for warnings, line 59)
FAIL: gcc.dg/special/weak-1.c (test for excess errors)
FAIL: gcc.dg/special/weak-2.c (test for excess errors)
FAIL: wkali-2a.o

		=== gcc Summary ===

# of expected passes		11478
# of unexpected failures	44
# of unexpected successes	4
# of expected failures		31
# of unsupported tests		36
/l/dsk8h/tmp/egcs/gcc/xgcc version 2.96 20000612 (experimental)

		=== libg++ tests ===


Running target unix
FAIL: tBag.cc compilation
FAIL: tDeque.cc compilation
FAIL: tMap.cc compilation
FAIL: tPQ.cc compilation
FAIL: tPlex.cc compilation
FAIL: tQueue.cc compilation
FAIL: tSet.cc compilation
FAIL: tStack.cc compilation

		=== libg++ Summary ===

# of expected passes		48
# of unexpected failures	8
# of expected failures		16
		=== libio tests ===


Running target unix

		=== libio Summary ===

# of expected passes		40
		=== libstdc++ tests ===


Running target unix

		=== libstdc++ Summary ===

# of expected passes		30
		=== objc tests ===


Running target unix

		=== objc Summary ===

# of expected passes		40
/l/dsk8h/tmp/egcs/gcc/xgcc version 2.96 20000612 (experimental)


Compiler version: 2.96 20000612 (experimental) 
Platform: alphaev6-dec-osf4.0f

BOOT_CFLAGS: -g -O9 -W -Wall

Counting all warnings,
there are 276 warnings in stage3 of this bootstrap.

Number of warnings per file:
     86	/home/lsd/oliva/src/egcs/include/getopt.h
     40	/home/lsd/oliva/src/egcs/librx/rx.c
     26	cc1plus
     12	configure
     10	/home/lsd/oliva/src/egcs/libiberty/pexecute.c
     10	/home/lsd/oliva/src/egcs/gcc/libgcc2.c
      8	/home/lsd/oliva/src/egcs/librx/rx.h
      8	/home/lsd/oliva/src/egcs/gcc/mips-tfile.c
      7	/home/lsd/oliva/src/egcs/gcc/collect2.c
      6	Makefile
      6	/home/lsd/oliva/src/egcs/libg++/src/AllocRing.cc
      5	/home/lsd/oliva/src/egcs/gcc/scan-decls.c
      4	/home/lsd/oliva/src/egcs/libobjc/selector.c
      4	/home/lsd/oliva/src/egcs/libobjc/objects.c
      4	/home/lsd/oliva/src/egcs/libobjc/archive.c
      4	/home/lsd/oliva/src/egcs/libiberty/getopt.c
      3	/home/lsd/oliva/src/egcs/gcc/cpplex.c
      3	/home/lsd/oliva/src/egcs/gcc/combine.c
      2	/home/lsd/oliva/src/egcs/libiberty/xstrerror.c
      2	/home/lsd/oliva/src/egcs/libchill/concatstr.c
      2	/home/lsd/oliva/src/egcs/gcc/regrename.c
      2	/home/lsd/oliva/src/egcs/gcc/gcc.c
      2	/home/lsd/oliva/src/egcs/gcc/fix-header.c
      2	/home/lsd/oliva/src/egcs/gcc/config/alpha/alpha.c
      2	/home/lsd/oliva/src/egcs/boehm-gc/mark_rts.c
      1	cxxmain.c
      1	/home/lsd/oliva/src/egcs/gcc/rtl.c
      1	/home/lsd/oliva/src/egcs/gcc/mips-tdump.c
      1	/home/lsd/oliva/src/egcs/gcc/loop.c
      1	/home/lsd/oliva/src/egcs/gcc/java/jcf-write.c
      1	/home/lsd/oliva/src/egcs/gcc/java/class.c
      1	/home/lsd/oliva/src/egcs/gcc/intl/localealias.c
      1	/home/lsd/oliva/src/egcs/gcc/intl/dcgettext.c
      1	/home/lsd/oliva/src/egcs/gcc/gcse.c
      1	/home/lsd/oliva/src/egcs/gcc/fold-const.c
      1	/home/lsd/oliva/src/egcs/gcc/f/expr.c
      1	/home/lsd/oliva/src/egcs/gcc/f/com.c
      1	/home/lsd/oliva/src/egcs/gcc/cp/error.c
      1	/home/lsd/oliva/src/egcs/gcc/cp/errfn.c
      1	/home/lsd/oliva/src/egcs/gcc/cp/class.c
      1	/home/lsd/oliva/src/egcs/gcc/cp/cfns.h

Number of warning types:
     94	function declaration isn't a prototype
     36	cast to pointer from integer of different size
     26	Ignoring command line option '-Wstrict-prototypes'
     17	`???' in identifier
     14	type mismatch in implicit declaration for built-in function `???'
     11	comparison between signed and unsigned
      9	pointer targets in passing arg ??? of `???' differ in signedness
      8	comparison of distinct pointer types lacks a cast
      8	***********************************************************
      7	`noreturn' function does return
      6	`???' is not a pointer-to-object type
      5	unused parameter `???'
      4	implicit declaration of function `???'
      4	cast from pointer to integer of different size
      3	overriding commands for target `???'
      3	ignoring old commands for target `???'
      3	`???' might be used uninitialized in this function
      2	trigraph ??/ ignored
      2	then use the most recent one - libffi-1.20.
      2	signed and unsigned type in conditional expression
      2	passing arg ??? of `???' from incompatible pointer type
      2	no previous prototype for `???'
      2	function returns address of local variable
      2	This is beta code.  If you're looking for a stable release
      1	trigraph ??= ignored
      1	missing initializer
      1	empty body in an if-statement
      1	(near initialization for `???')


More information about the Gcc-testresults mailing list