Results for 2.96 20000612 (experimental) testsuite on i686-pc-cygwin

Tim Prince tprince@computer.org
Tue Jun 13 07:11:00 GMT 2000


Native configuration is i686-pc-cygwin
  === g++ tests === (incomplete)

Running target unix
FAIL: g++.dg/special/conpr-1.C (test for excess errors)
FAIL: conpr-2a.o
FAIL: conpr-3a.o
FAIL: g++.benjamin/15071.C (test for excess errors)
FAIL: g++.benjamin/15822.C (test for excess errors)
FAIL: g++.benjamin/typeid01.C (test for excess errors)
FAIL: g++.bob/delete1.C (test for excess errors)

  === g++ Summary ===
# of expected passes  221
# of unexpected failures 7
# of expected failures  4
# of untested testcases  4
e:/src/gnu/egcs-20000605/w2k/gcc/testsuite/../g++ version 2.96 20000612
(experimental)

  === gcc tests ===

Running target unix
FAIL: gcc.c-torture/execute/20000225-1.c execution,  -O2
FAIL: gcc.c-torture/execute/20000225-1.c
execution,  -O3 -fomit-frame-pointer
FAIL: gcc.c-torture/execute/20000225-1.c
execution,  -O3 -fomit-frame-pointer -funroll-loops
FAIL: gcc.c-torture/execute/20000225-1.c
execution,  -O3 -fomit-frame-pointer -funroll-all-loops -finline-functio
ns
FAIL: gcc.c-torture/execute/20000225-1.c execution,  -O3 -g
FAIL: gcc.c-torture/execute/20000225-1.c execution,  -O3 -fssa
FAIL: gcc.c-torture/execute/20000225-1.c execution,  -Os
FAIL: gcc.c-torture/execute/20000412-2.c execution,  -O2
FAIL: gcc.c-torture/execute/20000412-2.c
execution,  -O3 -fomit-frame-pointer
FAIL: gcc.c-torture/execute/20000412-2.c execution,  -O3 -g
FAIL: gcc.c-torture/execute/20000412-2.c execution,  -O3 -fssa
FAIL: gcc.c-torture/execute/20000412-2.c execution,  -Os
FAIL: gcc.c-torture/execute/20000419-1.c execution,  -O2
FAIL: gcc.c-torture/execute/20000419-1.c execution,  -Os
FAIL: gcc.c-torture/execute/20000516-1.c execution,  -O0
FAIL: gcc.c-torture/execute/20000516-1.c execution,  -O1
FAIL: gcc.c-torture/execute/20000516-1.c execution,  -O2
FAIL: gcc.c-torture/execute/20000516-1.c
execution,  -O3 -fomit-frame-pointer
FAIL: gcc.c-torture/execute/20000516-1.c execution,  -O3 -g
FAIL: gcc.c-torture/execute/20000516-1.c execution,  -O3 -fssa
FAIL: gcc.c-torture/execute/20000516-1.c execution,  -Os
FAIL: gcc.c-torture/execute/ieee/rbug.c execution,  -O0
FAIL: gcc.c-torture/execute/ieee/rbug.c execution,  -O1
FAIL: gcc.c-torture/execute/ieee/rbug.c execution,  -O2
FAIL: gcc.c-torture/execute/ieee/rbug.c execution,  -Os
FAIL: gcc.c-torture/special/981006-1.c (test for excess errors)
FAIL: gcc.dg/990213-2.c (test for excess errors)
FAIL: gcc.dg/990214-1.c (test for excess errors)
FAIL: gcc.dg/991214-1.c (test for excess errors)
FAIL: gcc.dg/compare2.c case 10 (test for bogus messages, line 29)
FAIL: gcc.dg/cpp-if2.c wide charconst recognition (test for bogus
messages, line 9)
FAIL: gcc.dg/noreturn-1.c this function should not get any warnings
(test for bogus messages, line 52)
FAIL: gcc.dg/noreturn-1.c detect return from tail call (test for
warnings, line 59)
FAIL: gcc.dg/noreturn-2.c noreturn does return (test for bogus messages,
line 12)
FAIL: gcc.misc-tests/gcov-1.c execution test
FAIL: gcov failed: spawn failed
FAIL: gcc.misc-tests/gcov-2.c execution test (PRMS 8294)

  === gcc Summary ===
# of expected passes  11531
# of unexpected failures 37
# of expected failures  35
# of unsupported tests  17
e:/src/gnu/egcs-20000605/w2k/gcc/xgcc version 2.96 20000612
(experimental)

  === libio tests ===

Running target unix
FAIL: hounddog.cc compilation
FAIL: hounddog.cc compilation -b0
FAIL: hounddog.cc compilation -b2
FAIL: putbackdog.cc compilation
FAIL: putbackdog.cc compilation -b0
FAIL: putbackdog.cc compilation -b2
FAIL: tFile.cc compilation
FAIL: tFile.cc compilation -b0
FAIL: tFile.cc compilation -b3
FAIL: tiomanip.cc compilation
FAIL: tiomisc.cc compilation

  === libio Summary ===
# of expected passes  7
# of unexpected failures 11
# of expected failures  22
  === libstdc++ tests ===

Running target unix
FAIL: tcomplex.cc compilation
FAIL: tcomplex.cc -O compilation
FAIL: tlist.cc compilation
FAIL: tlist.cc -O compilation
FAIL: tmap.cc compilation
FAIL: tmap.cc -O compilation
FAIL: tstring.cc compilation
FAIL: tstring.cc -O compilation
FAIL: tvector.cc compilation
FAIL: tvector.cc -O compilation

  === libstdc++ Summary ===
# of unexpected failures 10
# of expected failures  20

Compiler version: 2.96 20000612 (experimental)

Platform: i686-pc-cygwin
configure flags: --host=i686-pc-cygwin

Tim Prince



More information about the Gcc-testresults mailing list