Results for 2.96 20000612 (experimental) testsuite on i386-unknown-freebsd3.4

Loren James Rittle rittle@latour.rsch.comm.mot.com
Mon Jun 12 20:03:00 GMT 2000


Native configuration is i386-unknown-freebsd3.4 (libstdc++-v2)

		=== libio tests ===


Running target unix

		=== libio Summary ===

# of expected passes		40
		=== libstdc++ tests ===


Running target unix

		=== libstdc++ Summary ===

# of expected passes		30
		=== gcc tests ===


Running target unix
FAIL: gcc.c-torture/execute/20000225-1.c execution,  -O2 
FAIL: gcc.c-torture/execute/20000225-1.c execution,  -O3 -fomit-frame-pointer 
FAIL: gcc.c-torture/execute/20000225-1.c execution,  -O3 -fomit-frame-pointer -funroll-loops 
FAIL: gcc.c-torture/execute/20000225-1.c execution,  -O3 -fomit-frame-pointer -funroll-all-loops -finline-functions 
FAIL: gcc.c-torture/execute/20000225-1.c execution,  -O3 -g 
FAIL: gcc.c-torture/execute/20000225-1.c execution,  -O3 -fssa 
FAIL: gcc.c-torture/execute/20000225-1.c execution,  -Os 
FAIL: gcc.c-torture/execute/20000412-2.c execution,  -O2 
FAIL: gcc.c-torture/execute/20000412-2.c execution,  -O3 -fomit-frame-pointer 
FAIL: gcc.c-torture/execute/20000412-2.c execution,  -O3 -g 
FAIL: gcc.c-torture/execute/20000412-2.c execution,  -O3 -fssa 
FAIL: gcc.c-torture/execute/20000412-2.c execution,  -Os 
FAIL: gcc.c-torture/execute/20000419-1.c execution,  -O2 
FAIL: gcc.c-torture/execute/20000419-1.c execution,  -Os 
XPASS: gcc.c-torture/execute/ieee/rbug.c execution,  -O3 -fomit-frame-pointer 
XPASS: gcc.c-torture/execute/ieee/rbug.c execution,  -O3 -g 
XPASS: gcc.c-torture/execute/ieee/rbug.c execution,  -O3 -fssa 
FAIL: gcc.dg/991209-1.c (test for excess errors)
FAIL: gcc.dg/991214-1.c (test for excess errors)
FAIL: gcc.dg/compare2.c case 10 (test for bogus messages, line 29)
FAIL: gcc.dg/noreturn-1.c this function should not get any warnings (test for bogus messages, line 52)
FAIL: gcc.dg/noreturn-1.c detect return from tail call (test for warnings, line 59)
FAIL: gcc.dg/noreturn-2.c noreturn does return (test for bogus messages, line 12)

		=== gcc Summary ===

# of expected passes		11532
# of unexpected failures	20
# of unexpected successes	3
# of expected failures		46
# of unsupported tests		15
/usr/tmp/z2/gcc/xgcc version 2.96 20000612 (experimental)

		=== g++ tests ===


Running target unix
XPASS: g++.brendan/parse4.C - referenced below (test for bogus messages, line 15)
FAIL: g++.ext/instantiate1.C not instantiated (test for errors, line 18)
FAIL: g++.ext/instantiate1.C not instantiated (test for errors, line 20)
FAIL: g++.mike/p6610a.C  Execution test
FAIL: g++.other/headers1.C (test for excess errors)

		=== g++ Summary ===

# of expected passes		5872
# of unexpected failures	4
# of unexpected successes	1
# of expected failures		97
# of untested testcases		14
/usr/tmp/z2/gcc/testsuite/../g++ version 2.96 20000612 (experimental)

		=== g77 tests ===


Running target unix
FAIL: g77.f-torture/execute/short.f execution,  -Os 

		=== g77 Summary ===

# of expected passes		957
# of unexpected failures	1
# of expected failures		9
		=== objc tests ===


Running target unix

		=== objc Summary ===

# of expected passes		40
/usr/tmp/z2/gcc/xgcc version 2.96 20000612 (experimental)


Compiler version: 2.96 20000612 (experimental) 
Platform: i386-unknown-freebsd3.4
configure flags: --host=i386-unknown-freebsd3.4 --enable-shared --with-gnu-as --with-as=/usr/local/beta-gcc/bin/as --with-gnu-ld --with-ld=/usr/local/beta-gcc/bin/ld


More information about the Gcc-testresults mailing list