Results for 2.96 20000611 (experimental) testsuite on sparc-sun-solaris2.6
Theodore Papadopoulo
Theodore.Papadopoulo@sophia.inria.fr
Sun Jun 11 21:18:00 GMT 2000
Native configuration is sparc-sun-solaris2.6
=== libio tests ===
Running target unix
FAIL: tFile.cc execution
FAIL: tFile.cc execution -b0
FAIL: tFile.cc execution -b3
FAIL: tfformat.c execution
=== libio Summary ===
# of expected passes 33
# of unexpected failures 4
# of expected failures 4
=== libstdc++ tests ===
Running target unix
=== libstdc++ Summary ===
# of expected passes 30
=== gcc tests ===
Running target unix
FAIL: gcc.c-torture/compile/20000405-3.c, -O0
FAIL: gcc.c-torture/compile/20000405-3.c, -O1
FAIL: gcc.c-torture/compile/20000405-3.c, -O2
FAIL: gcc.c-torture/compile/20000405-3.c, -O3 -fomit-frame-pointer
FAIL: gcc.c-torture/compile/20000405-3.c, -O3 -g
FAIL: gcc.c-torture/compile/20000405-3.c, -O3 -fssa
FAIL: gcc.c-torture/compile/20000405-3.c, -Os
FAIL: gcc.c-torture/execute/20000225-1.c execution, -O2
FAIL: gcc.c-torture/execute/20000225-1.c execution, -O3 -fomit-frame-pointer
FAIL: gcc.c-torture/execute/20000225-1.c execution, -O3 -fomit-frame-pointer -funroll-loops
FAIL: gcc.c-torture/execute/20000225-1.c execution, -O3 -fomit-frame-pointer -funroll-all-loops -finline-functions
FAIL: gcc.c-torture/execute/20000225-1.c execution, -O3 -g
FAIL: gcc.c-torture/execute/20000225-1.c execution, -O3 -fssa
FAIL: gcc.c-torture/execute/20000225-1.c execution, -Os
FAIL: gcc.c-torture/execute/20000412-2.c execution, -O2
FAIL: gcc.c-torture/execute/20000412-2.c execution, -O3 -fomit-frame-pointer
FAIL: gcc.c-torture/execute/20000412-2.c execution, -O3 -g
FAIL: gcc.c-torture/execute/20000412-2.c execution, -O3 -fssa
FAIL: gcc.c-torture/execute/20000412-2.c execution, -Os
FAIL: gcc.c-torture/execute/920501-6.c compilation, -O3 -fssa
FAIL: gcc.c-torture/execute/990324-1.c execution, -O3 -fomit-frame-pointer
FAIL: gcc.c-torture/execute/990324-1.c execution, -O3 -g
FAIL: gcc.c-torture/execute/990324-1.c execution, -O3 -fssa
FAIL: gcc.c-torture/execute/va-arg-12.c execution, -O1
FAIL: gcc.c-torture/execute/va-arg-12.c execution, -O2
FAIL: gcc.c-torture/execute/va-arg-12.c execution, -O3 -fomit-frame-pointer
FAIL: gcc.c-torture/execute/va-arg-12.c execution, -O3 -g
FAIL: gcc.c-torture/execute/va-arg-12.c execution, -O3 -fssa
FAIL: gcc.c-torture/execute/va-arg-12.c execution, -Os
FAIL: gcc.c-torture/execute/va-arg-15.c execution, -O1
FAIL: gcc.c-torture/execute/va-arg-15.c execution, -O2
FAIL: gcc.c-torture/execute/va-arg-15.c execution, -O3 -fomit-frame-pointer
FAIL: gcc.c-torture/execute/va-arg-15.c execution, -O3 -fomit-frame-pointer -funroll-loops
FAIL: gcc.c-torture/execute/va-arg-15.c execution, -O3 -fomit-frame-pointer -funroll-all-loops -finline-functions
FAIL: gcc.c-torture/execute/va-arg-15.c execution, -O3 -g
FAIL: gcc.c-torture/execute/va-arg-15.c execution, -O3 -fssa
FAIL: gcc.c-torture/execute/va-arg-15.c execution, -Os
FAIL: gcc.c-torture/execute/va-arg-16.c execution, -O1
FAIL: gcc.c-torture/execute/va-arg-16.c execution, -O2
FAIL: gcc.c-torture/execute/va-arg-16.c execution, -O3 -fomit-frame-pointer
FAIL: gcc.c-torture/execute/va-arg-16.c execution, -O3 -g
FAIL: gcc.c-torture/execute/va-arg-16.c execution, -O3 -fssa
FAIL: gcc.c-torture/execute/va-arg-16.c execution, -Os
FAIL: gcc.c-torture/execute/va-arg-20.c execution, -O1
FAIL: gcc.c-torture/execute/va-arg-20.c execution, -O2
FAIL: gcc.c-torture/execute/va-arg-20.c execution, -Os
FAIL: gcc.dg/compare2.c case 10 (test for bogus messages, line 29)
FAIL: gcc.dg/cpp-if2.c wide charconst recognition (test for bogus messages, line 9)
FAIL: gcc.dg/noreturn-1.c this function should not get any warnings (test for bogus messages, line 52)
FAIL: gcc.dg/noreturn-1.c detect return from tail call (test for warnings, line 59)
FAIL: gcc.dg/noreturn-2.c noreturn does return (test for bogus messages, line 12)
=== gcc Summary ===
# of expected passes 11470
# of unexpected failures 51
# of expected failures 35
# of unresolved testcases 1
# of unsupported tests 33
/1/egcs/egcs-solaris/gcc/xgcc version 2.96 20000611 (experimental)
=== g++ tests ===
Running target unix
XPASS: g++.brendan/parse4.C - referenced below (test for bogus messages, line 15)
FAIL: g++.ext/instantiate1.C not instantiated (test for errors, line 18)
FAIL: g++.ext/instantiate1.C not instantiated (test for errors, line 20)
FAIL: g++.other/vaarg3.C promote (test for errors, line 26)
=== g++ Summary ===
# of expected passes 5871
# of unexpected failures 3
# of unexpected successes 1
# of expected failures 96
# of untested testcases 16
/1/egcs/egcs-solaris/gcc/testsuite/../g++ version 2.96 20000611 (experimental)
=== g77 tests ===
Running target unix
=== g77 Summary ===
# of expected passes 958
# of expected failures 9
=== objc tests ===
Running target unix
FAIL: objc/execute/bf-1.m compilation, -O
FAIL: objc/execute/bf-10.m compilation, -O
FAIL: objc/execute/bf-11.m compilation, -O
FAIL: objc/execute/bf-12.m compilation, -O
FAIL: objc/execute/bf-13.m compilation, -O
FAIL: objc/execute/bf-14.m compilation, -O
FAIL: objc/execute/bf-15.m compilation, -O
FAIL: objc/execute/bf-16.m compilation, -O
FAIL: objc/execute/bf-17.m compilation, -O
FAIL: objc/execute/bf-18.m compilation, -O
FAIL: objc/execute/bf-19.m compilation, -O
FAIL: objc/execute/bf-2.m compilation, -O
FAIL: objc/execute/bf-20.m compilation, -O
FAIL: objc/execute/bf-3.m compilation, -O
FAIL: objc/execute/bf-4.m compilation, -O
FAIL: objc/execute/bf-5.m compilation, -O
FAIL: objc/execute/bf-6.m compilation, -O
FAIL: objc/execute/bf-7.m compilation, -O
FAIL: objc/execute/bf-8.m compilation, -O
FAIL: objc/execute/bf-9.m compilation, -O
=== objc Summary ===
# of unexpected failures 20
# of untested testcases 20
/1/egcs/egcs-solaris/gcc/xgcc version 2.96 20000611 (experimental)
Compiler version: 2.96 20000611 (experimental)
Platform: sparc-sun-solaris2.6
configure flags: --host=sparc-sun-solaris2.6 --srcdir=../egcs --prefix=/net/home/robotvis/gnu/egcs --enable-threads=posix --with-gnu-as --with-gnu-ld --with-as=/net/home/robotvis/gnu/binutils/bin/as --with-ld=/net/home/robotvis/gnu/binutils/bin/ld
Counting all warnings,
there are 153 warnings in stage3 of this bootstrap.
Number of warnings per file:
29 ../../egcs/gcc/combine.c
20 ../../egcs/gcc/collect2.c
13 cc1plus
11 ../../egcs/gcc/gcc.c
11 ../../egcs/gcc/expr.c
7 ../../egcs/gcc/libgcc2.c
6 ../../egcs/gcc/frame-dwarf2.c
6 ../../egcs/gcc/cse.c
5 ../../egcs/gcc/scan-decls.c
5 ../../../egcs/gcc/cp/decl.c
4 ../../egcs/gcc/config/sparc/sparc.c
3 ../../egcs/gcc/cpplex.c
2 ../../egcs/gcc/reload1.c
2 ../../egcs/gcc/regrename.c
2 ../../egcs/gcc/regmove.c
2 ../../egcs/gcc/function.c
2 ../../egcs/gcc/fold-const.c
2 ../../egcs/gcc/fix-header.c
2 ../../egcs/gcc/alias.c
2 ../../../egcs/gcc/intl/dcgettext.c
2 ../../../egcs/gcc/cp/class.c
1 ../../egcs/gcc/loop.c
1 ../../egcs/gcc/gcse.c
1 ../../egcs/gcc/flow.c
1 ../../egcs/gcc/expmed.c
1 ../../egcs/gcc/dwarfout.c
1 ../../egcs/gcc/dwarf2out.c
1 ../../egcs/gcc/c-common.c
1 ../../../egcs/gcc/java/jcf-write.c
1 ../../../egcs/gcc/java/class.c
1 ../../../egcs/gcc/intl/localealias.c
1 ../../../egcs/gcc/f/expr.c
1 ../../../egcs/gcc/f/com.c
1 ../../../egcs/gcc/cp/error.c
1 ../../../egcs/gcc/cp/errfn.c
1 ../../../egcs/gcc/cp/cfns.h
Number of warning types:
53 comparison between signed and unsigned
34 function declaration isn't a prototype
14 signed and unsigned type in conditional expression
13 Ignoring command line option '-Wstrict-prototypes'
9 pointer targets in passing arg ??? of \`???' differ in signedness
5 \`???' might be used uninitialized in this function
5 \`???' in identifier
5 (near initialization for \`???')
3 missing braces around initializer
2 trigraph ??/ ignored
2 passing arg ??? of \`???' from incompatible pointer type
2 missing initializer
2 empty body in an if-statement
1 unused parameter \`???'
1 trigraph ??= ignored
1 passing arg ??? of \`???' discards qualifiers from pointer target type
1 implicit declaration of function \`???'
More information about the Gcc-testresults
mailing list