Results for 2.96 20000611 (experimental) testsuite on alphaev6-unknown-linux-gnu
Brad Lucier
lucier@popov.math.purdue.edu
Sun Jun 11 18:08:00 GMT 2000
Native configuration is alphaev6-unknown-linux-gnu
=== libio tests ===
Running target unix
=== libio Summary ===
# of expected passes 40
=== libstdc++ tests ===
Running target unix
=== libstdc++ Summary ===
# of expected passes 30
=== gcc tests ===
Running target unix
FAIL: gcc.c-torture/execute/930529-1.c execution, -O3 -fomit-frame-pointer
FAIL: gcc.c-torture/execute/930529-1.c execution, -O3 -fomit-frame-pointer -funroll-loops
FAIL: gcc.c-torture/execute/930529-1.c execution, -O3 -fomit-frame-pointer -funroll-all-loops -finline-functions
FAIL: gcc.c-torture/execute/930529-1.c execution, -O3 -g
FAIL: gcc.c-torture/execute/930529-1.c execution, -O3 -fssa
XPASS: gcc.c-torture/execute/memcheck/blkarg.c execution, -O0
XPASS: gcc.c-torture/execute/memcheck/blkarg.c execution, -O1
XPASS: gcc.c-torture/execute/memcheck/blkarg.c execution, -O2
XPASS: gcc.c-torture/execute/memcheck/blkarg.c execution, -Os
FAIL: gcc.dg/compare2.c case 10 (test for bogus messages, line 29)
FAIL: gcc.dg/noreturn-1.c this function should not get any warnings (test for bogus messages, line 52)
FAIL: gcc.dg/noreturn-1.c detect return from tail call (test for warnings, line 59)
=== gcc Summary ===
# of expected passes 11521
# of unexpected failures 8
# of unexpected successes 4
# of expected failures 31
# of unsupported tests 33
/export/u11/lucier/programs/egcs/objdir/gcc/xgcc version 2.96 20000611 (experimental)
=== g++ tests ===
Running target unix
XPASS: g++.brendan/parse4.C - referenced below (test for bogus messages, line 15)
FAIL: g++.eh/badalloc1.C (test for excess errors)
FAIL: g++.other/crash18.C caused compiler crash
=== g++ Summary ===
# of expected passes 5867
# of unexpected failures 2
# of unexpected successes 1
# of expected failures 98
# of untested testcases 18
/export/u11/lucier/programs/egcs/objdir/gcc/testsuite/../g++ version 2.96 20000611 (experimental)
=== g77 tests ===
Running target unix
=== g77 Summary ===
# of expected passes 958
# of expected failures 9
=== objc tests ===
Running target unix
=== objc Summary ===
# of expected passes 40
/export/u11/lucier/programs/egcs/objdir/gcc/xgcc version 2.96 20000611 (experimental)
Compiler version: 2.96 20000611 (experimental)
Platform: alphaev6-unknown-linux-gnu
configure flags: --host=alphaev6-unknown-linux-gnu --prefix=/export/u10/egcs-test
Counting all warnings,
there are 87 warnings in stage3 of this bootstrap.
Number of warnings per file:
26 cc1plus
5 ../../gcc/collect2.c
4 /usr/include/bits/mathinline.h
4 ../../gcc/libgcc2.c
4 ../../gcc/genopinit.c
3 /usr/include/bits/string2.h
3 ../../gcc/gcc.c
3 ../../gcc/cpplex.c
3 ../../gcc/combine.c
2 ../../gcc/regrename.c
2 ../../gcc/print-tree.c
2 ../../gcc/genattrtab.c
2 ../../gcc/genattr.c
2 ../../gcc/config/alpha/alpha.c
2 ../../../gcc/f/fini.c
1 ../../gcc/print-rtl.c
1 ../../gcc/optabs.c
1 ../../gcc/loop.c
1 ../../gcc/genrecog.c
1 ../../gcc/genpeep.c
1 ../../gcc/genflags.c
1 ../../gcc/genemit.c
1 ../../gcc/gcse.c
1 ../../gcc/fold-const.c
1 ../../gcc/c-common.c
1 ../../../gcc/java/jcf-write.c
1 ../../../gcc/java/class.c
1 ../../../gcc/intl/l10nflist.c
1 ../../../gcc/intl/dcgettext.c
1 ../../../gcc/f/expr.c
1 ../../../gcc/f/com.c
1 ../../../gcc/cp/error.c
1 ../../../gcc/cp/errfn.c
1 ../../../gcc/cp/class.c
1 ../../../gcc/cp/cfns.h
Number of warning types:
26 Ignoring command line option '-Wstrict-prototypes'
16 ANSI C forbids braced-groups within expressions
8 comparison between signed and unsigned
6 no previous prototype for \`???'
5 signed and unsigned type in conditional expression
5 function declaration isn't a prototype
5 \`???' in identifier
3 \`???' might be used uninitialized in this function
3 ??? format, ??? arg (arg ???)
2 trigraph ??/ ignored
2 passing arg ??? of \`???' from incompatible pointer type
2 empty body in an if-statement
1 unused parameter \`???'
1 trigraph ??= ignored
1 pointer targets in passing arg ??? of \`???' differ in signedness
1 Use of ANSI string concatenation
More information about the Gcc-testresults
mailing list