Results for 2.96 20000611 (experimental) testsuite on i686-redhat-linux-gnu

Horst von Brand vonbrand@sleipnir.valparaiso.cl
Sun Jun 11 17:17:00 GMT 2000


Native configuration is i686-redhat-linux-gnu

		=== libio tests ===


Running target unix

		=== libio Summary ===

# of expected passes		40
		=== libstdc++ tests ===


Running target unix

		=== libstdc++ Summary ===

# of expected passes		30
		=== gcc tests ===


Running target unix
FAIL: gcc.c-torture/execute/20000225-1.c execution,  -O2 
FAIL: gcc.c-torture/execute/20000225-1.c execution,  -O3 -fomit-frame-pointer 
FAIL: gcc.c-torture/execute/20000225-1.c execution,  -O3 -fomit-frame-pointer -funroll-loops 
FAIL: gcc.c-torture/execute/20000225-1.c execution,  -O3 -fomit-frame-pointer -funroll-all-loops -finline-functions 
FAIL: gcc.c-torture/execute/20000225-1.c execution,  -O3 -g 
FAIL: gcc.c-torture/execute/20000225-1.c execution,  -O3 -fssa 
FAIL: gcc.c-torture/execute/20000225-1.c execution,  -Os 
FAIL: gcc.c-torture/execute/20000412-2.c execution,  -O2 
FAIL: gcc.c-torture/execute/20000412-2.c execution,  -O3 -fomit-frame-pointer 
FAIL: gcc.c-torture/execute/20000412-2.c execution,  -O3 -g 
FAIL: gcc.c-torture/execute/20000412-2.c execution,  -O3 -fssa 
FAIL: gcc.c-torture/execute/20000412-2.c execution,  -Os 
FAIL: gcc.c-torture/execute/20000419-1.c execution,  -O2 
FAIL: gcc.c-torture/execute/20000419-1.c execution,  -Os 
FAIL: gcc.dg/20000503-1.c (test for excess errors)
FAIL: gcc.dg/991214-1.c (test for excess errors)
FAIL: gcc.dg/compare2.c case 10 (test for bogus messages, line 29)
FAIL: gcc.dg/noreturn-1.c this function should not get any warnings (test for bogus messages, line 52)
FAIL: gcc.dg/noreturn-1.c detect return from tail call (test for warnings, line 59)
FAIL: gcc.dg/noreturn-2.c noreturn does return (test for bogus messages, line 12)

		=== gcc Summary ===

# of expected passes		11548
# of unexpected failures	20
# of expected failures		35
# of unsupported tests		14
/usr/src/build/GCC/build-gcc-20000611/gcc/xgcc version 2.96 20000611 (experimental)

		=== g++ tests ===


Running target unix
XPASS: g++.brendan/parse4.C - referenced below (test for bogus messages, line 15)
FAIL: g++.eh/badalloc1.C  Execution test
FAIL: g++.eh/cleanup2.C  Execution test
FAIL: g++.eh/spec1.C  Execution test
FAIL: g++.eh/spec2.C  Execution test
FAIL: g++.eh/spec3.C  Execution test
FAIL: g++.eh/spec4.C  Execution test
FAIL: g++.eh/tmpl1.C  Execution test
FAIL: g++.ext/instantiate1.C not instantiated (test for errors, line 18)
FAIL: g++.ext/instantiate1.C not instantiated (test for errors, line 20)
FAIL: g++.mike/dyncast1.C  Execution test
FAIL: g++.mike/dyncast2.C  Execution test
FAIL: g++.mike/eh33.C  Execution test
FAIL: g++.mike/eh50.C  Execution test
FAIL: g++.mike/eh51.C  Execution test

		=== g++ Summary ===

# of expected passes		5871
# of unexpected failures	14
# of unexpected successes	1
# of expected failures		97
# of untested testcases		8
/usr/src/build/GCC/build-gcc-20000611/gcc/testsuite/../g++ version 2.96 20000611 (experimental)

		=== g77 tests ===


Running target unix
FAIL: g77.f-torture/execute/short.f execution,  -Os 

		=== g77 Summary ===

# of expected passes		957
# of unexpected failures	1
# of expected failures		9
		=== objc tests ===


Running target unix
FAIL: objc/execute/bf-1.m compilation,  -O 
FAIL: objc/execute/bf-10.m compilation,  -O 
FAIL: objc/execute/bf-11.m compilation,  -O 
FAIL: objc/execute/bf-12.m compilation,  -O 
FAIL: objc/execute/bf-13.m compilation,  -O 
FAIL: objc/execute/bf-14.m compilation,  -O 
FAIL: objc/execute/bf-15.m compilation,  -O 
FAIL: objc/execute/bf-16.m compilation,  -O 
FAIL: objc/execute/bf-17.m compilation,  -O 
FAIL: objc/execute/bf-18.m compilation,  -O 
FAIL: objc/execute/bf-19.m compilation,  -O 
FAIL: objc/execute/bf-2.m compilation,  -O 
FAIL: objc/execute/bf-20.m compilation,  -O 
FAIL: objc/execute/bf-3.m compilation,  -O 
FAIL: objc/execute/bf-4.m compilation,  -O 
FAIL: objc/execute/bf-5.m compilation,  -O 
FAIL: objc/execute/bf-6.m compilation,  -O 
FAIL: objc/execute/bf-7.m compilation,  -O 
FAIL: objc/execute/bf-8.m compilation,  -O 
FAIL: objc/execute/bf-9.m compilation,  -O 

		=== objc Summary ===

# of unexpected failures	20
# of untested testcases		20
/usr/src/build/GCC/build-gcc-20000611/gcc/xgcc version 2.96 20000611 (experimental)


Compiler version: 2.96 20000611 (experimental) 
Platform: i686-redhat-linux-gnu
configure flags: --host=i686-redhat-linux --enable-shared --enable-threads --enable-haifa --prefix=/usr


More information about the Gcc-testresults mailing list