Results for 2.96 20000609 (experimental) testsuite on sparc-sun-solaris2.5.1

Mike Stump mrs@windriver.com
Fri Jun 9 19:20:00 GMT 2000


Native configuration is sparc-sun-solaris2.5.1

		=== gcc tests ===


Running target unix
FAIL: gcc.c-torture/compile/20000405-3.c,  -O0  
FAIL: gcc.c-torture/compile/20000405-3.c,  -O1  
FAIL: gcc.c-torture/compile/20000405-3.c,  -O2  
FAIL: gcc.c-torture/compile/20000405-3.c,  -O3 -fomit-frame-pointer  
FAIL: gcc.c-torture/compile/20000405-3.c,  -O3 -g  
FAIL: gcc.c-torture/compile/20000405-3.c,  -O3 -fssa  
FAIL: gcc.c-torture/compile/20000405-3.c,  -Os  
FAIL: gcc.c-torture/execute/20000225-1.c execution,  -O2 
FAIL: gcc.c-torture/execute/20000225-1.c execution,  -O3 -fomit-frame-pointer 
FAIL: gcc.c-torture/execute/20000225-1.c execution,  -O3 -fomit-frame-pointer -funroll-loops 
FAIL: gcc.c-torture/execute/20000225-1.c execution,  -O3 -fomit-frame-pointer -funroll-all-loops -finline-functions 
FAIL: gcc.c-torture/execute/20000225-1.c execution,  -O3 -g 
FAIL: gcc.c-torture/execute/20000225-1.c execution,  -O3 -fssa 
FAIL: gcc.c-torture/execute/20000225-1.c execution,  -Os 
FAIL: gcc.c-torture/execute/20000412-2.c execution,  -O2 
FAIL: gcc.c-torture/execute/20000412-2.c execution,  -O3 -fomit-frame-pointer 
FAIL: gcc.c-torture/execute/20000412-2.c execution,  -O3 -g 
FAIL: gcc.c-torture/execute/20000412-2.c execution,  -O3 -fssa 
FAIL: gcc.c-torture/execute/20000412-2.c execution,  -Os 
FAIL: gcc.c-torture/execute/920501-6.c compilation,  -O3 -fssa 
FAIL: gcc.c-torture/execute/990324-1.c execution,  -O3 -fomit-frame-pointer 
FAIL: gcc.c-torture/execute/990324-1.c execution,  -O3 -g 
FAIL: gcc.c-torture/execute/990324-1.c execution,  -O3 -fssa 
FAIL: gcc.c-torture/execute/va-arg-12.c execution,  -O1 
FAIL: gcc.c-torture/execute/va-arg-12.c execution,  -O2 
FAIL: gcc.c-torture/execute/va-arg-12.c execution,  -O3 -fomit-frame-pointer 
FAIL: gcc.c-torture/execute/va-arg-12.c execution,  -O3 -g 
FAIL: gcc.c-torture/execute/va-arg-12.c execution,  -O3 -fssa 
FAIL: gcc.c-torture/execute/va-arg-12.c execution,  -Os 
FAIL: gcc.c-torture/execute/va-arg-15.c execution,  -O1 
FAIL: gcc.c-torture/execute/va-arg-15.c execution,  -O2 
FAIL: gcc.c-torture/execute/va-arg-15.c execution,  -O3 -fomit-frame-pointer 
FAIL: gcc.c-torture/execute/va-arg-15.c execution,  -O3 -fomit-frame-pointer -funroll-loops 
FAIL: gcc.c-torture/execute/va-arg-15.c execution,  -O3 -fomit-frame-pointer -funroll-all-loops -finline-functions 
FAIL: gcc.c-torture/execute/va-arg-15.c execution,  -O3 -g 
FAIL: gcc.c-torture/execute/va-arg-15.c execution,  -O3 -fssa 
FAIL: gcc.c-torture/execute/va-arg-15.c execution,  -Os 
FAIL: gcc.c-torture/execute/va-arg-16.c execution,  -O1 
FAIL: gcc.c-torture/execute/va-arg-16.c execution,  -O2 
FAIL: gcc.c-torture/execute/va-arg-16.c execution,  -O3 -fomit-frame-pointer 
FAIL: gcc.c-torture/execute/va-arg-16.c execution,  -O3 -g 
FAIL: gcc.c-torture/execute/va-arg-16.c execution,  -O3 -fssa 
FAIL: gcc.c-torture/execute/va-arg-16.c execution,  -Os 
FAIL: gcc.c-torture/execute/va-arg-20.c execution,  -O1 
FAIL: gcc.c-torture/execute/va-arg-20.c execution,  -O2 
FAIL: gcc.c-torture/execute/va-arg-20.c execution,  -Os 
FAIL: gcc.dg/compare2.c case 10 (test for bogus messages, line 29)
FAIL: gcc.dg/cpp-if2.c wide charconst recognition (test for bogus messages, line 9)
FAIL: gcc.dg/noreturn-1.c this function should not get any warnings (test for bogus messages, line 52)
FAIL: gcc.dg/noreturn-1.c detect return from tail call (test for warnings, line 59)
FAIL: gcc.dg/noreturn-2.c noreturn does return (test for bogus messages, line 12)

		=== gcc Summary ===

# of expected passes		11455
# of unexpected failures	51
# of expected failures		28
# of unresolved testcases	1
# of unsupported tests		32
/folk/mrs/net/egcs-sol/gcc/xgcc version 2.96 20000609 (experimental)

		=== g++ tests ===


Running target unix
FAIL: g++.dg/special/conpr-1.C execution test
FAIL: g++.dg/special/conpr-2.C execution test
FAIL: g++.dg/special/conpr-3.C execution test
FAIL: g++.dg/special/conpr-3.C execution test
FAIL: g++.benjamin/15071.C (test for excess errors)
FAIL: g++.brendan/copy9.C (test for excess errors)
XPASS: g++.brendan/parse4.C - referenced below (test for bogus messages, line 15)
FAIL: g++.brendan/ptolemy2.C (test for excess errors)
FAIL: g++.ext/initp1.C  Execution test
FAIL: g++.ext/instantiate1.C not instantiated (test for errors, line 18)
FAIL: g++.ext/instantiate1.C not instantiated (test for errors, line 20)
FAIL: g++.ext/instantiate2.C not instantiated (test for errors, line 16)
FAIL: g++.ext/instantiate3.C not instantiated (test for errors, line 13)
FAIL: g++.ext/pretty2.C  Execution test
FAIL: g++.jason/2371.C (test for excess errors)
FAIL: g++.jason/template24.C (test for excess errors)
FAIL: g++.jason/template31.C (test for excess errors)
FAIL: g++.jason/typeid1.C (test for excess errors)
FAIL: g++.law/arg8.C (test for excess errors)
FAIL: g++.law/code-gen5.C (test for excess errors)
FAIL: g++.law/cvt2.C (test for excess errors)
FAIL: g++.law/virtual3.C (test for excess errors)
FAIL: g++.mike/eh2.C (test for excess errors)
FAIL: g++.mike/net34.C (test for excess errors)
FAIL: g++.mike/net46.C (test for excess errors)
FAIL: g++.mike/p658.C (test for excess errors)
FAIL: g++.other/crash18.C (test for excess errors)
FAIL: g++.other/decl4.C  (test for bogus messages, line 7)
FAIL: g++.other/inline7.C (test for excess errors)
FAIL: g++.other/inline8.C (test for excess errors)
FAIL: g++.other/mangle1.C name clash (test for errors, line 9)
FAIL: g++.other/mangle1.C name clash (test for errors, line 10)
FAIL: g++.other/mangle1.C name clash (test for errors, line 12)
FAIL: g++.other/mangle1.C name clash (test for errors, line 13)
FAIL: g++.other/mangle1.C name clash (test for errors, line 15)
FAIL: g++.other/mangle1.C name clash (test for errors, line 16)
FAIL: g++.other/mangle1.C name clash (test for errors, line 18)
FAIL: g++.other/mangle1.C name clash (test for errors, line 19)
FAIL: g++.other/mangle1.C name clash (test for errors, line 21)
FAIL: g++.other/mangle1.C name clash (test for errors, line 22)
FAIL: g++.other/mangle1.C name clash (test for errors, line 24)
FAIL: g++.other/mangle1.C name clash (test for errors, line 25)
FAIL: g++.other/mangle1.C name clash (test for errors, line 28)
FAIL: g++.other/mangle1.C name clash (test for errors, line 29)
FAIL: g++.other/mangle1.C name clash (test for errors, line 32)
FAIL: g++.other/mangle1.C name clash (test for errors, line 33)
FAIL: g++.other/mangle1.C name clash (test for errors, line 36)
FAIL: g++.other/mangle1.C name clash (test for errors, line 37)
FAIL: g++.other/mangle1.C name clash (test for errors, line 40)
FAIL: g++.other/mangle1.C name clash (test for errors, line 41)
FAIL: g++.other/mangle1.C name clash (test for errors, line 43)
FAIL: g++.other/mangle1.C name clash (test for errors, line 44)
FAIL: g++.other/static8.C duplicate declaration (test for errors, line 6)
FAIL: g++.other/vaarg3.C promote (test for errors, line 26)
FAIL: g++.robertl/eb115.C (test for excess errors)
FAIL: g++.robertl/eb118.C (test for excess errors)
FAIL: g++.robertl/eb21.C (test for excess errors)
FAIL: g++.robertl/eb27.C (test for excess errors)
FAIL: g++.robertl/eb41.C (test for excess errors)
FAIL: g++.robertl/eb44.C (test for excess errors)
FAIL: g++.robertl/eb46.C (test for excess errors)
FAIL: g++.robertl/eb54.C (test for excess errors)
FAIL: g++.robertl/eb69.C (test for excess errors)
FAIL: g++.robertl/eb73.C (test for excess errors)
FAIL: g++.robertl/eb77.C (test for excess errors)

		=== g++ Summary ===

# of expected passes		5778
# of unexpected failures	64
# of unexpected successes	1
# of expected failures		122
# of untested testcases		16
/folk/mrs/net/egcs-sol/gcc/testsuite/../g++ version 2.96 20000609 (experimental)

		=== g77 tests ===


Running target unix

		=== g77 Summary ===

# of expected passes		958
# of expected failures		9
		=== objc tests ===


Running target unix
FAIL: objc/execute/bf-1.m compilation,  -O 
FAIL: objc/execute/bf-10.m compilation,  -O 
FAIL: objc/execute/bf-11.m compilation,  -O 
FAIL: objc/execute/bf-12.m compilation,  -O 
FAIL: objc/execute/bf-13.m compilation,  -O 
FAIL: objc/execute/bf-14.m compilation,  -O 
FAIL: objc/execute/bf-15.m compilation,  -O 
FAIL: objc/execute/bf-16.m compilation,  -O 
FAIL: objc/execute/bf-17.m compilation,  -O 
FAIL: objc/execute/bf-18.m compilation,  -O 
FAIL: objc/execute/bf-19.m compilation,  -O 
FAIL: objc/execute/bf-2.m compilation,  -O 
FAIL: objc/execute/bf-20.m compilation,  -O 
FAIL: objc/execute/bf-3.m compilation,  -O 
FAIL: objc/execute/bf-4.m compilation,  -O 
FAIL: objc/execute/bf-5.m compilation,  -O 
FAIL: objc/execute/bf-6.m compilation,  -O 
FAIL: objc/execute/bf-7.m compilation,  -O 
FAIL: objc/execute/bf-8.m compilation,  -O 
FAIL: objc/execute/bf-9.m compilation,  -O 

		=== objc Summary ===

# of unexpected failures	20
# of untested testcases		20
/folk/mrs/net/egcs-sol/gcc/xgcc version 2.96 20000609 (experimental)

		=== libio tests ===


Running target unix
FAIL: hounddog.cc compilation 
FAIL: hounddog.cc compilation -b0
FAIL: hounddog.cc compilation -b2
FAIL: putbackdog.cc compilation 
FAIL: putbackdog.cc compilation -b0
FAIL: putbackdog.cc compilation -b2
FAIL: tFile.cc compilation 
FAIL: tFile.cc compilation -b0
FAIL: tFile.cc compilation -b3
FAIL: tfformat.c execution 
FAIL: tiomanip.cc compilation 
FAIL: tiomisc.cc compilation 

		=== libio Summary ===

# of expected passes		6
# of unexpected failures	12
# of expected failures		23
		=== libstdc++ tests ===


Running target unix
FAIL: tcomplex.cc compilation
FAIL: tcomplex.cc -O compilation
FAIL: tlist.cc compilation
FAIL: tlist.cc -O compilation
FAIL: tmap.cc compilation
FAIL: tmap.cc -O compilation
FAIL: tstring.cc compilation
FAIL: tstring.cc -O compilation
FAIL: tvector.cc compilation
FAIL: tvector.cc -O compilation

		=== libstdc++ Summary ===

# of unexpected failures	10
# of expected failures		20

Compiler version: 2.96 20000609 (experimental) 
Platform: sparc-sun-solaris2.5.1
configure flags: --host=sparc-sun-solaris2.5.1 --prefix=/folk/mrs/packages/egcs-20000519 --with-gnu-as --with-gnu-ld


More information about the Gcc-testresults mailing list