Results for 2.96 20000605 (experimental) testsuite on i686-pc-linux-gnu
Vin Shelton
ethersoft@rcn.com
Mon Jun 5 17:52:00 GMT 2000
Native configuration is i686-pc-linux-gnu
=== libio tests ===
Running target unix
FAIL: tFile.cc execution
FAIL: tFile.cc execution -b0
FAIL: tFile.cc execution -b3
FAIL: tiomanip.cc execution
=== libio Summary ===
# of expected passes 32
# of unexpected failures 4
# of expected failures 4
=== libstdc++ tests ===
Running target unix
FAIL: tcomplex.cc output
FAIL: tcomplex.cc -O execution
FAIL: tlist.cc -O execution
FAIL: tmap.cc -O execution
=== libstdc++ Summary ===
# of expected passes 23
# of unexpected failures 4
# of expected failures 3
=== gcc tests ===
Running target unix
FAIL: gcc.c-torture/execute/20000225-1.c execution, -O2
FAIL: gcc.c-torture/execute/20000225-1.c execution, -O3 -fomit-frame-pointer
FAIL: gcc.c-torture/execute/20000225-1.c execution, -O3 -fomit-frame-pointer -funroll-loops
FAIL: gcc.c-torture/execute/20000225-1.c execution, -O3 -fomit-frame-pointer -funroll-all-loops -finline-functions
FAIL: gcc.c-torture/execute/20000225-1.c execution, -O3 -g
FAIL: gcc.c-torture/execute/20000225-1.c execution, -O3 -fssa
FAIL: gcc.c-torture/execute/20000225-1.c execution, -Os
FAIL: gcc.c-torture/execute/20000412-2.c execution, -O2
FAIL: gcc.c-torture/execute/20000412-2.c execution, -O3 -fomit-frame-pointer
FAIL: gcc.c-torture/execute/20000412-2.c execution, -O3 -g
FAIL: gcc.c-torture/execute/20000412-2.c execution, -O3 -fssa
FAIL: gcc.c-torture/execute/20000412-2.c execution, -Os
FAIL: gcc.c-torture/execute/20000419-1.c execution, -O2
FAIL: gcc.c-torture/execute/20000419-1.c execution, -Os
FAIL: gcc.dg/20000503-1.c (test for excess errors)
FAIL: gcc.dg/991214-1.c (test for excess errors)
FAIL: gcc.dg/compare2.c case 10 (test for bogus messages, line 29)
FAIL: gcc.dg/noreturn-1.c this function should not get any warnings (test for bogus messages, line 52)
FAIL: gcc.dg/noreturn-1.c detect return from tail call (test for warnings, line 59)
FAIL: gcc.dg/noreturn-2.c noreturn does return (test for bogus messages, line 12)
=== gcc Summary ===
# of expected passes 11470
# of unexpected failures 20
# of expected failures 35
# of unsupported tests 14
/usr/local/build/egcs-2000-06-05/gcc/xgcc version 2.96 20000605 (experimental)
=== g++ tests ===
Running target unix
FAIL: g++.ext/instantiate1.C not instantiated (test for errors, line 18)
FAIL: g++.ext/instantiate1.C not instantiated (test for errors, line 20)
FAIL: g++.pt/infinite1.C excessive recursion (test for errors, line 6)
FAIL: g++.pt/infinite1.C starting here (test for errors, line 17)
FAIL: g++.pt/infinite1.C (test for excess errors)
FAIL: g++.pt/memtemp96.C (test for excess errors)
=== g++ Summary ===
# of expected passes 5870
# of unexpected failures 6
# of expected failures 99
# of untested testcases 8
/usr/local/build/egcs-2000-06-05/gcc/testsuite/../g++ version 2.96 20000605 (experimental)
=== g77 tests ===
Running target unix
FAIL: g77.f-torture/execute/20000503-1.f execution, -O0
FAIL: g77.f-torture/execute/20000503-1.f execution, -O1
FAIL: g77.f-torture/execute/20000503-1.f execution, -O2
FAIL: g77.f-torture/execute/20000503-1.f execution, -O2 -fomit-frame-pointer -finline-functions
FAIL: g77.f-torture/execute/20000503-1.f execution, -O2 -fomit-frame-pointer -finline-functions -funroll-loops
FAIL: g77.f-torture/execute/20000503-1.f execution, -O2 -fomit-frame-pointer -finline-functions -funroll-all-loops
FAIL: g77.f-torture/execute/20000503-1.f execution, -O3 -g
FAIL: g77.f-torture/execute/20000503-1.f execution, -O3 -fssa
FAIL: g77.f-torture/execute/20000503-1.f execution, -Os
FAIL: g77.f-torture/execute/short.f execution, -Os
=== g77 Summary ===
# of expected passes 957
# of unexpected failures 10
=== objc tests ===
Running target unix
=== objc Summary ===
# of expected passes 40
/usr/local/build/egcs-2000-06-05/gcc/xgcc version 2.96 20000605 (experimental)
Compiler version: 2.96 20000605 (experimental)
Platform: i686-pc-linux-gnu
configure flags: --host=i686-pc-linux --prefix=/usr/local/egcs-2000-06-05 --without-local-prefix --disable-nls
More information about the Gcc-testresults
mailing list