Results for 2.96 20000530 (experimental) testsuite on i386-unknown-freebsdelf4.0
Alexandre Oliva
oliva@mish.cs.utah.edu
Mon Jun 5 17:44:00 GMT 2000
Native configuration is i386-unknown-freebsdelf4.0
=== binutils tests ===
Running target unix
FAIL: strip
=== binutils Summary ===
# of expected passes 25
# of unexpected failures 1
=== g++ tests ===
Running target unix
FAIL: g++.oliva/template7.C caused compiler crash
=== g++ Summary ===
# of expected passes 5860
# of unexpected failures 1
# of expected failures 94
# of untested testcases 14
/a/marker/q/oliva/build/mish/egcs/gcc/testsuite/../g++ version 2.96 20000530 (experimental)
=== g77 tests ===
Running target unix
=== g77 Summary ===
# of expected passes 256
# of unresolved testcases 351
=== gas tests ===
Running target unix
=== gas Summary ===
# of expected passes 69
=== gcc tests ===
Running target unix
FAIL: gcc.c-torture/execute/20000225-1.c execution, -O2
FAIL: gcc.c-torture/execute/20000225-1.c execution, -O3 -fomit-frame-pointer
FAIL: gcc.c-torture/execute/20000225-1.c execution, -O3 -fomit-frame-pointer -funroll-loops
FAIL: gcc.c-torture/execute/20000225-1.c execution, -O3 -fomit-frame-pointer -funroll-all-loops -finline-functions
FAIL: gcc.c-torture/execute/20000225-1.c execution, -O3 -g
FAIL: gcc.c-torture/execute/20000225-1.c execution, -O3 -fssa
FAIL: gcc.c-torture/execute/20000225-1.c execution, -Os
FAIL: gcc.c-torture/execute/20000412-2.c execution, -O2
FAIL: gcc.c-torture/execute/20000412-2.c execution, -O3 -fomit-frame-pointer
FAIL: gcc.c-torture/execute/20000412-2.c execution, -O3 -g
FAIL: gcc.c-torture/execute/20000412-2.c execution, -O3 -fssa
FAIL: gcc.c-torture/execute/20000412-2.c execution, -Os
FAIL: gcc.c-torture/execute/20000419-1.c execution, -O2
FAIL: gcc.c-torture/execute/20000419-1.c execution, -Os
XPASS: gcc.c-torture/execute/ieee/rbug.c execution, -O3 -fomit-frame-pointer
XPASS: gcc.c-torture/execute/ieee/rbug.c execution, -O3 -g
XPASS: gcc.c-torture/execute/ieee/rbug.c execution, -O3 -fssa
FAIL: gcc.dg/991209-1.c (test for excess errors)
FAIL: gcc.dg/991214-1.c (test for excess errors)
FAIL: gcc.dg/compare2.c case 10 (test for bogus messages, line 29)
FAIL: gcc.dg/compare2.c case 12 (test for bogus messages, line 33)
FAIL: gcc.dg/noreturn-1.c this function should not get any warnings (test for bogus messages, line 52)
FAIL: gcc.dg/noreturn-1.c detect return from tail call (test for warnings, line 59)
FAIL: gcc.dg/noreturn-2.c (test for excess errors)
FAIL: gcc.dg/special/gcsec-1.c execution test
=== gcc Summary ===
# of expected passes 11433
# of unexpected failures 22
# of unexpected successes 3
# of expected failures 45
# of unsupported tests 14
/a/marker/q/oliva/build/mish/egcs/gcc/xgcc version 2.96 20000530 (experimental)
=== ld tests ===
Running target unix
FAIL: bootstrap with --static
=== ld Summary ===
# of expected passes 23
# of unexpected failures 1
=== libg++ tests ===
Running target unix
=== libg++ Summary ===
# of expected passes 72
=== libstdc++ tests ===
Running target unix
=== libstdc++ Summary ===
# of expected passes 30
=== objc tests ===
Running target unix
FAIL: objc/execute/bf-1.m compilation, -O
FAIL: objc/execute/bf-10.m compilation, -O
FAIL: objc/execute/bf-11.m compilation, -O
FAIL: objc/execute/bf-12.m compilation, -O
FAIL: objc/execute/bf-13.m compilation, -O
FAIL: objc/execute/bf-14.m compilation, -O
FAIL: objc/execute/bf-15.m compilation, -O
FAIL: objc/execute/bf-16.m compilation, -O
FAIL: objc/execute/bf-17.m compilation, -O
FAIL: objc/execute/bf-18.m compilation, -O
FAIL: objc/execute/bf-19.m compilation, -O
FAIL: objc/execute/bf-2.m compilation, -O
FAIL: objc/execute/bf-20.m compilation, -O
FAIL: objc/execute/bf-3.m compilation, -O
FAIL: objc/execute/bf-4.m compilation, -O
FAIL: objc/execute/bf-5.m compilation, -O
FAIL: objc/execute/bf-6.m compilation, -O
FAIL: objc/execute/bf-7.m compilation, -O
FAIL: objc/execute/bf-8.m compilation, -O
FAIL: objc/execute/bf-9.m compilation, -O
=== objc Summary ===
# of unexpected failures 20
# of untested testcases 20
/a/marker/q/oliva/build/mish/egcs/gcc/xgcc version 2.96 20000530 (experimental)
Compiler version: 2.96 20000530 (experimental)
Platform: i386-unknown-freebsdelf4.0
BOOT_CFLAGS: -g -O9 -W -Wall
Counting all warnings,
there are 311 warnings in stage3 of this bootstrap.
Number of warnings per file:
90 /home/css/guest/oliva/src/egcs/gcc/regclass.c
33 /home/css/guest/oliva/src/egcs/gcc/reload1.c
30 /home/css/guest/oliva/src/egcs/gcc/combine.c
13 cc1plus
10 /home/css/guest/oliva/src/egcs/libiberty/pexecute.c
10 /home/css/guest/oliva/src/egcs/gcc/reg-stack.c
9 /home/css/guest/oliva/src/egcs/gcc/libgcc2.c
8 /home/css/guest/oliva/src/egcs/gcc/expr.c
6 configure
6 /home/css/guest/oliva/src/egcs/libiberty/choose-temp.c
6 /home/css/guest/oliva/src/egcs/gcc/reload.c
6 /home/css/guest/oliva/src/egcs/gcc/collect2.c
5 /home/css/guest/oliva/src/egcs/gcc/diagnostic.c
5 /home/css/guest/oliva/src/egcs/gcc/cse.c
4 cxxmain.c
4 Makefile
4 /home/css/guest/oliva/src/egcs/librx/rx.c
4 /home/css/guest/oliva/src/egcs/libiberty/getopt.c
4 /home/css/guest/oliva/src/egcs/libg++/src/AllocRing.cc
3 /home/css/guest/oliva/src/egcs/gcc/regrename.c
3 /home/css/guest/oliva/src/egcs/gcc/gcc.c
3 /home/css/guest/oliva/src/egcs/gcc/cpplex.c
3 /home/css/guest/oliva/src/egcs/gcc/cp/decl.c
2 /home/css/guest/oliva/src/egcs/gcc/regmove.c
2 /home/css/guest/oliva/src/egcs/gcc/java/jcf-parse.c
2 /home/css/guest/oliva/src/egcs/gcc/java/expr.c
2 /home/css/guest/oliva/src/egcs/gcc/ifcvt.c
2 /home/css/guest/oliva/src/egcs/gcc/gengenrtl.c
2 /home/css/guest/oliva/src/egcs/gcc/function.c
2 /home/css/guest/oliva/src/egcs/gcc/fold-const.c
2 /home/css/guest/oliva/src/egcs/gcc/cp/class.c
2 /home/css/guest/oliva/src/egcs/gcc/config/i386/i386.c
2 /home/css/guest/oliva/src/egcs/gcc/calls.c
2 /home/css/guest/oliva/src/egcs/gcc/alias.c
1 /home/css/guest/oliva/src/egcs/zip/fileio.c(.text+0xb86)
1 /home/css/guest/oliva/src/egcs/libf2c/libI77/open.c
1 /home/css/guest/oliva/src/egcs/gcc/toplev.c
1 /home/css/guest/oliva/src/egcs/gcc/loop.c
1 /home/css/guest/oliva/src/egcs/gcc/java/jvgenmain.c
1 /home/css/guest/oliva/src/egcs/gcc/java/jcf-write.c
1 /home/css/guest/oliva/src/egcs/gcc/java/jcf-io.c
1 /home/css/guest/oliva/src/egcs/gcc/gcse.c
1 /home/css/guest/oliva/src/egcs/gcc/f/expr.c
1 /home/css/guest/oliva/src/egcs/gcc/expmed.c
1 /home/css/guest/oliva/src/egcs/gcc/emit-rtl.c
1 /home/css/guest/oliva/src/egcs/gcc/dwarfout.c
1 /home/css/guest/oliva/src/egcs/gcc/cp/error.c
1 /home/css/guest/oliva/src/egcs/gcc/cp/errfn.c
1 /home/css/guest/oliva/src/egcs/gcc/cp/decl2.c
1 /home/css/guest/oliva/src/egcs/gcc/cp/cfns.h
1 /home/css/guest/oliva/src/egcs/gcc/ch/decl.c
1 /home/css/guest/oliva/src/egcs/gcc/bb-reorder.c
1 /home/css/guest/oliva/src/egcs/boehm-gc/mark_rts.c
1 /home/css/guest/oliva/src/egcs/binutils/bucomm.c(.text+0x431)
Number of warning types:
136 signed and unsigned type in conditional expression
61 comparison between signed and unsigned
18 `noreturn' function does return
13 Ignoring command line option '-Wstrict-prototypes'
12 control reaches end of non-void function
11 `???' might be used uninitialized in this function
8 variable `???' might be clobbered by `longjmp' or `vfork'
8 mktemp() possibly used unsafely; consider using mkstemp()
5 `???' in identifier
4 unused parameter `???'
4 function declaration isn't a prototype
4 comparison of distinct pointer types lacks a cast
4 `???' is not a pointer-to-object
4 ***********************************************************
2 trigraph ??/ ignored
2 passing arg ??? of `???' from incompatible pointer type
2 overriding commands for target `???'
2 ignoring old commands for target `???'
1 trigraph ??= ignored
1 then use the most recent one - libffi-1.20.
1 pointer targets in passing arg ??? of `???' differ in signedness
1 passing arg ??? of `???' discards qualifiers from pointer target type
1 no previous prototype for `???'
1 implicit declaration of function `???'
1 function returns address of local variable
1 empty body in an if-statement
1 assignment makes pointer from integer without a cast
1 assignment discards qualifiers from pointer target type
1 This is beta code. If you're looking for a stable release
More information about the Gcc-testresults
mailing list