Results for haifa-enabled 2.96 20000530 (experimental) testsuite on sparc-sun-sunos4.1.4

David Schuler schuld@btv.ibm.com
Thu Jun 1 10:07:00 GMT 2000


Native configuration is sparc-sun-sunos4.1.4

		=== libio tests ===


Running target unix

		=== libio Summary ===

# of expected passes		40
		=== libstdc++ tests ===


Running target unix

		=== libstdc++ Summary ===

# of expected passes		30
		=== gcc tests ===


Running target unix
FAIL: gcc.c-torture/compile/20000405-3.c,  -O0  
FAIL: gcc.c-torture/compile/20000405-3.c,  -O1  
FAIL: gcc.c-torture/compile/20000405-3.c,  -O2  
FAIL: gcc.c-torture/compile/20000405-3.c,  -O3 -fomit-frame-pointer  
FAIL: gcc.c-torture/compile/20000405-3.c,  -O3 -g  
FAIL: gcc.c-torture/compile/20000405-3.c,  -O3 -fssa  
FAIL: gcc.c-torture/compile/20000405-3.c,  -Os  
FAIL: gcc.c-torture/execute/20000225-1.c execution,  -O2 
FAIL: gcc.c-torture/execute/20000225-1.c execution,  -O3 -fomit-frame-pointer 
FAIL: gcc.c-torture/execute/20000225-1.c execution,  -O3 -fomit-frame-pointer -funroll-loops 
FAIL: gcc.c-torture/execute/20000225-1.c execution,  -O3 -fomit-frame-pointer -funroll-all-loops -finline-functions 
FAIL: gcc.c-torture/execute/20000225-1.c execution,  -O3 -g 
FAIL: gcc.c-torture/execute/20000225-1.c execution,  -O3 -fssa 
FAIL: gcc.c-torture/execute/20000225-1.c execution,  -Os 
FAIL: gcc.c-torture/execute/20000412-2.c execution,  -O2 
FAIL: gcc.c-torture/execute/20000412-2.c execution,  -O3 -fomit-frame-pointer 
FAIL: gcc.c-torture/execute/20000412-2.c execution,  -O3 -g 
FAIL: gcc.c-torture/execute/20000412-2.c execution,  -O3 -fssa 
FAIL: gcc.c-torture/execute/20000412-2.c execution,  -Os 
FAIL: gcc.c-torture/execute/20000516-1.c execution,  -O0 
FAIL: gcc.c-torture/execute/20000516-1.c execution,  -O1 
FAIL: gcc.c-torture/execute/20000516-1.c execution,  -O2 
FAIL: gcc.c-torture/execute/20000516-1.c execution,  -O3 -fomit-frame-pointer 
FAIL: gcc.c-torture/execute/20000516-1.c execution,  -O3 -g 
FAIL: gcc.c-torture/execute/20000516-1.c execution,  -O3 -fssa 
FAIL: gcc.c-torture/execute/20000516-1.c execution,  -Os 
FAIL: gcc.c-torture/execute/920501-6.c compilation,  -O3 -fssa 
FAIL: gcc.c-torture/execute/990324-1.c execution,  -O3 -fomit-frame-pointer 
FAIL: gcc.c-torture/execute/990324-1.c execution,  -O3 -g 
FAIL: gcc.c-torture/execute/990324-1.c execution,  -O3 -fssa 
FAIL: gcc.c-torture/execute/va-arg-12.c execution,  -O1 
FAIL: gcc.c-torture/execute/va-arg-12.c execution,  -O2 
FAIL: gcc.c-torture/execute/va-arg-12.c execution,  -O3 -fomit-frame-pointer 
FAIL: gcc.c-torture/execute/va-arg-12.c execution,  -O3 -g 
FAIL: gcc.c-torture/execute/va-arg-12.c execution,  -O3 -fssa 
FAIL: gcc.c-torture/execute/va-arg-12.c execution,  -Os 
FAIL: gcc.c-torture/execute/va-arg-15.c execution,  -O1 
FAIL: gcc.c-torture/execute/va-arg-15.c execution,  -O2 
FAIL: gcc.c-torture/execute/va-arg-15.c execution,  -O3 -fomit-frame-pointer 
FAIL: gcc.c-torture/execute/va-arg-15.c execution,  -O3 -fomit-frame-pointer -funroll-loops 
FAIL: gcc.c-torture/execute/va-arg-15.c execution,  -O3 -fomit-frame-pointer -funroll-all-loops -finline-functions 
FAIL: gcc.c-torture/execute/va-arg-15.c execution,  -O3 -g 
FAIL: gcc.c-torture/execute/va-arg-15.c execution,  -O3 -fssa 
FAIL: gcc.c-torture/execute/va-arg-15.c execution,  -Os 
FAIL: gcc.c-torture/execute/va-arg-16.c execution,  -O1 
FAIL: gcc.c-torture/execute/va-arg-16.c execution,  -O2 
FAIL: gcc.c-torture/execute/va-arg-16.c execution,  -O3 -fomit-frame-pointer 
FAIL: gcc.c-torture/execute/va-arg-16.c execution,  -O3 -g 
FAIL: gcc.c-torture/execute/va-arg-16.c execution,  -O3 -fssa 
FAIL: gcc.c-torture/execute/va-arg-16.c execution,  -Os 
FAIL: gcc.c-torture/execute/va-arg-20.c execution,  -O1 
FAIL: gcc.c-torture/execute/va-arg-20.c execution,  -O2 
FAIL: gcc.c-torture/execute/va-arg-20.c execution,  -Os 
FAIL: gcc.c-torture/execute/va-arg-6.c execution,  -O1 
FAIL: gcc.c-torture/execute/va-arg-6.c execution,  -O2 
FAIL: gcc.c-torture/execute/va-arg-6.c execution,  -O3 -fomit-frame-pointer 
FAIL: gcc.c-torture/execute/va-arg-6.c execution,  -O3 -g 
FAIL: gcc.c-torture/execute/va-arg-6.c execution,  -O3 -fssa 
FAIL: gcc.c-torture/execute/va-arg-6.c execution,  -Os 
FAIL: gcc.dg/20000419-2.c (test for excess errors)
FAIL: gcc.dg/compare2.c case 10 (test for bogus messages, line 29)
FAIL: gcc.dg/compare2.c case 12 (test for bogus messages, line 33)
FAIL: gcc.dg/cpp-if2.c wide charconst recognition (test for bogus messages, line 9)
FAIL: gcc.dg/noreturn-1.c this function should not get any warnings (test for bogus messages, line 52)
FAIL: gcc.dg/noreturn-1.c detect return from tail call (test for warnings, line 59)
FAIL: gcc.dg/noreturn-2.c (test for excess errors)
FAIL: gcc.dg/special/weak-1.c (test for excess errors)
FAIL: gcc.dg/special/weak-2.c (test for excess errors)
FAIL: wkali-2a.o
FAIL: gcc.misc-tests/mg.c

		=== gcc Summary ===

# of expected passes		11354
# of unexpected failures	70
# of expected failures		34
# of unresolved testcases	1
# of unsupported tests		35
/home3/egcs/egcs-sunos/gcc/xgcc version 2.96 20000530 (experimental)


Compiler version: haifa-enabled 2.96 20000530 (experimental) 
Platform: sparc-sun-sunos4.1.4
configure flags: --with-gcc-version-trigger=/usr/local/src/EGCS/egcs-20000530/gcc/version.c --host=sparc-sun-sunos4.1.4 --prefix=/afs/btv.ibm.com/data/n37v/software/gnu-sunos/egcs --with-gnu-as --with-gnu-ld --enable-haifa --enable-multilib --norecursion




Counting all warnings,
there are 1430 warnings in stage3 of this bootstrap.

Number of warnings per file:
  84 ../../egcs/gcc/libgcc2.c
  78 cc1plus
  67 ../../egcs/gcc/config/sparc/sparc.c
  57 ../../egcs/gcc/collect2.c
  52 ../../egcs/gcc/dbxout.c
  50 ../../egcs/gcc/unroll.c
  41 ../../egcs/gcc/varasm.c
  40 ../../egcs/gcc/flow.c
  39 ../../egcs/gcc/loop.c
  36 ../../egcs/gcc/gcc.c
  34 ../../egcs/gcc/genattrtab.c
  33 ../../egcs/gcc/genrecog.c
  32 ../../egcs/gcc/gcov-io.h
  30 ../../egcs/gcc/final.c
  29 ../../egcs/gcc/combine.c
  27 ../../egcs/gcc/fix-header.c
  26 ../../egcs/gcc/haifa-sched.c
  25 ../../egcs/gcc/dwarf2out.c
  22 ../../egcs/gcc/gcse.c
  21 ../../egcs/gcc/toplev.c
  20 ../../egcs/gcc/print-rtl.c
  20 ../../../egcs/gcc/f/fini.c
  18 ../../egcs/gcc/diagnostic.c
  17 ../../egcs/gcc/graph.c
  16 ../../egcs/gcc/genemit.c
  15 ../../egcs/gcc/gcov.c
  14 cxxmain.c
  13 ../../egcs/gcc/tlink.c
  13 ../../egcs/gcc/regrename.c
  13 ../../egcs/gcc/ggc-page.c
  13 ../../egcs/gcc/cppinit.c
  13 ../../egcs/gcc/bb-reorder.c
  12 ../../egcs/gcc/profile.c
  12 ../../egcs/gcc/genoutput.c
  12 ../../../egcs/gcc/cp/decl.c
  11 ../../egcs/gcc/rtl.c
  11 ../../egcs/gcc/expr.c
  10 ../../egcs/gcc/scan.c
  10 ../../egcs/gcc/objc/objc-act.c
  10 ../../egcs/gcc/cpplex.c
  10 ../../egcs/gcc/cpperror.c
   9 ../../egcs/gcc/print-tree.c
   9 ../../egcs/gcc/ifcvt.c
   9 ../../egcs/gcc/errors.c
   8 ../../egcs/gcc/mkdeps.c
   8 ../../egcs/gcc/genpeep.c
   8 ../../egcs/gcc/genflags.c
   8 ../../egcs/gcc/genattr.c
   8 ../../egcs/gcc/bitmap.c
   7 ../../egcs/gcc/tree.c
   7 ../../egcs/gcc/ssa.c
   7 ../../egcs/gcc/genopinit.c
   7 ../../egcs/gcc/gengenrtl.c
   7 ../../egcs/gcc/cse.c
   7 ../../egcs/gcc/cppfiles.c
   7 ../../../egcs/gcc/java/lex.c
   6 ../../egcs/gcc/regmove.c
   6 ../../egcs/gcc/gensupport.c
   6 ../../../egcs/gcc/cp/ptree.c
   5 ../../egcs/gcc/scan-decls.c
   5 ../../egcs/gcc/reload1.c
   5 ../../egcs/gcc/genextract.c
   5 ../../egcs/gcc/gen-protos.c
   5 ../../../egcs/gcc/java/jv-scan.c
   5 ../../../egcs/gcc/java/jcf-io.c
   5 ../../../egcs/gcc/java/jcf-dump.c
   5 ../../../egcs/gcc/java/gjavah.c
   5 ../../../egcs/gcc/f/com.c
   4 ../../egcs/gcc/conflict.c
   4 ../../egcs/gcc/c-lex.c
   4 ../../../egcs/gcc/java/jvgenmain.c
   4 ../../../egcs/gcc/java/jcf-parse.c
   4 ../../../egcs/gcc/java/jcf-depend.c
   4 ../../../egcs/gcc/f/bad.c
   4 ../../../egcs/gcc/ch/lex.c
   3 /usr/share/misc/bison.simple
   3 ./parse.y
   3 ../../egcs/gcc/sbitmap.c
   3 ../../egcs/gcc/gencodes.c
   3 ../../egcs/gcc/f/g77spec.c
   3 ../../egcs/gcc/except.c
   3 ../../../egcs/gcc/java/jcf-write.c
   3 ../../../egcs/gcc/f/target.c
   3 ../../../egcs/gcc/f/stw.c
   3 ../../../egcs/gcc/f/storag.c
   3 ../../../egcs/gcc/cp/repo.c
   3 ../../../egcs/gcc/cp/lex.c
   3 ../../../egcs/gcc/cp/class.c
   3 ../../../egcs/gcc/ch/grant.c
   3 ../../../egcs/gcc/ch/decl.c
   2 /usr/lib/bison.simple
   2 ../../egcs/gcc/timevar.c
   2 ../../egcs/gcc/reorg.c
   2 ../../egcs/gcc/regclass.c
   2 ../../egcs/gcc/global.c
   2 ../../egcs/gcc/genconfig.c
   2 ../../egcs/gcc/gencheck.c
   2 ../../egcs/gcc/function.c
   2 ../../egcs/gcc/fold-const.c
   2 ../../egcs/gcc/calls.c
   2 ../../egcs/gcc/c-common.c
   2 ../../egcs/gcc/c-aux-info.c
   2 ../../egcs/gcc/alias.c
   2 ../../../egcs/gcc/java/lang.c
   2 ../../../egcs/gcc/f/src.c
   2 ../../../egcs/gcc/f/proj.c
   2 ../../../egcs/gcc/f/lex.c
   2 ../../../egcs/gcc/f/intrin.c
   2 ../../../egcs/gcc/cp/xref.c
   2 ../../../egcs/gcc/cp/typeck2.c
   2 ../../../egcs/gcc/cp/dump.c
   2 ../../../egcs/gcc/ch/lang.c
   1 obstack.c
   1 /usr/include/machine/a.out.h
   1 ../../egcs/gcc/stor-layout.c
   1 ../../egcs/gcc/reload.c
   1 ../../egcs/gcc/real.c
   1 ../../egcs/gcc/optabs.c
   1 ../../egcs/gcc/local-alloc.c
   1 ../../egcs/gcc/ggc-common.c
   1 ../../egcs/gcc/expmed.c
   1 ../../egcs/gcc/emit-rtl.c
   1 ../../egcs/gcc/cpplib.c
   1 ../../egcs/gcc/cpphash.c
   1 ../../egcs/gcc/c-lang.c
   1 ../../../egcs/gcc/java/jcf-reader.c
   1 ../../../egcs/gcc/java/javaop.def
   1 ../../../egcs/gcc/f/where.c
   1 ../../../egcs/gcc/f/stb.c
   1 ../../../egcs/gcc/f/parse.c
   1 ../../../egcs/gcc/f/expr.c
   1 ../../../egcs/gcc/cp/tree.c
   1 ../../../egcs/gcc/cp/search.c
   1 ../../../egcs/gcc/cp/pt.c
   1 ../../../egcs/gcc/cp/method.c
   1 ../../../egcs/gcc/cp/input.c
   1 ../../../egcs/gcc/cp/error.c
   1 ../../../egcs/gcc/cp/errfn.c
   1 ../../../egcs/gcc/cp/decl2.c
   1 ../../../egcs/gcc/cp/cfns.h

Number of warning types:
 722 function ??? was previously declared within a block
 446 implicit declaration of function ???
  78 Ignoring command line option -Wstrict-prototypes
  68 comparison between signed and unsigned
  44 function declaration isnt a prototype
  19 ??? format, ??? arg (arg ???)
  14 signed and unsigned type in conditional expression
   9 ??? might be used uninitialized in this function
   8 pointer targets in passing arg ??? of ??? differ in signedness
   8 no previous prototype for ???
   5 ??? in identifier
   2 trigraph ??/ ignored
   2 passing arg ??? of ??? from incompatible pointer type
   1 trigraph ??= ignored
   1 empty body in an if-statement
   1 comma at end of enumerator list
   1 assignment discards qualifiers from pointer target type
   1 ??? defined but not used


More information about the Gcc-testresults mailing list