Results for 2.96 20000725 (experimental) testsuite on alpha-dec-osf4.0f

Rainer Orth ro@TechFak.Uni-Bielefeld.DE
Wed Jul 26 08:27:00 GMT 2000


Native configuration is alpha-dec-osf4.0f

		=== libstdc++ tests ===


Running target unix

		=== libstdc++ Summary ===

# of expected passes		30
		=== libio tests ===


Running target unix

		=== libio Summary ===

# of expected passes		40
		=== gcc tests ===


Running target unix
FAIL: gcc.c-torture/compile/920501-18.c,  -O3 -fssa  
FAIL: gcc.c-torture/execute/990811-1.c execution,  -O3 -fomit-frame-pointer 
FAIL: gcc.c-torture/execute/990811-1.c execution,  -O3 -fomit-frame-pointer -funroll-loops 
FAIL: gcc.c-torture/execute/990811-1.c execution,  -O3 -fomit-frame-pointer -funroll-all-loops -finline-functions 
FAIL: gcc.c-torture/execute/990811-1.c execution,  -O3 -g 
FAIL: gcc.c-torture/execute/990811-1.c execution,  -O3 -fssa 
FAIL: gcc.c-torture/execute/ieee/20000320-1.c execution,  -O0 
FAIL: gcc.c-torture/execute/ieee/20000320-1.c execution,  -O1 
FAIL: gcc.c-torture/execute/ieee/20000320-1.c execution,  -O2 
FAIL: gcc.c-torture/execute/ieee/20000320-1.c execution,  -O3 -fomit-frame-pointer 
FAIL: gcc.c-torture/execute/ieee/20000320-1.c execution,  -O3 -g 
FAIL: gcc.c-torture/execute/ieee/20000320-1.c execution,  -O3 -fssa 
FAIL: gcc.c-torture/execute/ieee/20000320-1.c execution,  -Os 
FAIL: gcc.c-torture/execute/ieee/fp-cmp-2.c execution,  -O0 
FAIL: gcc.c-torture/execute/ieee/fp-cmp-2.c execution,  -O1 
FAIL: gcc.c-torture/execute/ieee/fp-cmp-2.c execution,  -O2 
FAIL: gcc.c-torture/execute/ieee/fp-cmp-2.c execution,  -O3 -fomit-frame-pointer 
FAIL: gcc.c-torture/execute/ieee/fp-cmp-2.c execution,  -O3 -fomit-frame-pointer -funroll-loops 
FAIL: gcc.c-torture/execute/ieee/fp-cmp-2.c execution,  -O3 -fomit-frame-pointer -funroll-all-loops -finline-functions 
FAIL: gcc.c-torture/execute/ieee/fp-cmp-2.c execution,  -O3 -g 
FAIL: gcc.c-torture/execute/ieee/fp-cmp-2.c execution,  -O3 -fssa 
FAIL: gcc.c-torture/execute/ieee/fp-cmp-2.c execution,  -Os 
FAIL: gcc.c-torture/execute/ieee/fp-cmp-4.c execution,  -O0 
FAIL: gcc.c-torture/execute/ieee/fp-cmp-4.c execution,  -O1 
FAIL: gcc.c-torture/execute/ieee/fp-cmp-4.c execution,  -O2 
FAIL: gcc.c-torture/execute/ieee/fp-cmp-4.c execution,  -O3 -fomit-frame-pointer 
FAIL: gcc.c-torture/execute/ieee/fp-cmp-4.c execution,  -O3 -fomit-frame-pointer -funroll-loops 
FAIL: gcc.c-torture/execute/ieee/fp-cmp-4.c execution,  -O3 -fomit-frame-pointer -funroll-all-loops -finline-functions 
FAIL: gcc.c-torture/execute/ieee/fp-cmp-4.c execution,  -O3 -g 
FAIL: gcc.c-torture/execute/ieee/fp-cmp-4.c execution,  -O3 -fssa 
FAIL: gcc.c-torture/execute/ieee/fp-cmp-4.c execution,  -Os 
FAIL: gcc.c-torture/execute/ieee/hugeval.c execution,  -O0 
FAIL: gcc.c-torture/execute/ieee/hugeval.c execution,  -O1 
FAIL: gcc.c-torture/execute/ieee/hugeval.c execution,  -O2 
FAIL: gcc.c-torture/execute/ieee/hugeval.c execution,  -O3 -fomit-frame-pointer 
FAIL: gcc.c-torture/execute/ieee/hugeval.c execution,  -O3 -g 
FAIL: gcc.c-torture/execute/ieee/hugeval.c execution,  -O3 -fssa 
FAIL: gcc.c-torture/execute/ieee/hugeval.c execution,  -Os 
FAIL: gcc.c-torture/execute/ieee/mzero2.c execution,  -O0 
FAIL: gcc.c-torture/execute/ieee/mzero2.c execution,  -O1 
FAIL: gcc.c-torture/execute/ieee/mzero2.c execution,  -O2 
FAIL: gcc.c-torture/execute/ieee/mzero2.c execution,  -O3 -fomit-frame-pointer 
FAIL: gcc.c-torture/execute/ieee/mzero2.c execution,  -O3 -g 
FAIL: gcc.c-torture/execute/ieee/mzero2.c execution,  -O3 -fssa 
FAIL: gcc.c-torture/execute/ieee/mzero2.c execution,  -Os 
XPASS: gcc.c-torture/execute/memcheck/blkarg.c execution,  -O0 
XPASS: gcc.c-torture/execute/memcheck/blkarg.c execution,  -O1 
XPASS: gcc.c-torture/execute/memcheck/blkarg.c execution,  -O2 
XPASS: gcc.c-torture/execute/memcheck/blkarg.c execution,  -Os 
FAIL: gcc.dg/cpp/lexstrng.c (test for excess errors)
FAIL: gcc.dg/cpp/paste2.c (test for excess errors)
FAIL: gcc.dg/20000419-2.c (test for excess errors)
XPASS: gcc.dg/c90-digraph-1.c execution test
FAIL: gcc.dg/c90-impl-decl-1.c implicit declaration warning for strcmp (test for bogus messages, line 21)
FAIL: gcc.dg/compare2.c case 10 (test for bogus messages, line 29)
FAIL: gcc.dg/noreturn-1.c this function should not get any warnings (test for bogus messages, line 52)
FAIL: gcc.dg/noreturn-1.c detect return from tail call (test for warnings, line 59)
FAIL: gcc.dg/noncompile/920923-1.c (test for excess errors)
FAIL: gcc.dg/noncompile/redecl-1.c previously declared (test for errors, line 7)
FAIL: gcc.dg/noncompile/redecl-1.c (test for excess errors)

		=== gcc Summary ===

# of expected passes		11760
# of unexpected failures	55
# of unexpected successes	5
# of expected failures		38
# of unresolved testcases	3
# of unsupported tests		39
/amnt/figaro/volumes/obj-alpha/gnu/obj.alpha/gcc/gcc/xgcc version 2.96 20000725 (experimental)

		=== g++ tests ===


Running target unix
FAIL: g++.brendan/nest21.C (test for excess errors)
FAIL: g++.eh/badalloc1.C  Execution test
FAIL: g++.ext/comint1.C (test for excess errors)
FAIL: g++.ext/instantiate1.C not instantiated (test for errors, line 18)
FAIL: g++.ext/instantiate1.C not instantiated (test for errors, line 20)
FAIL: g++.ext/instantiate2.C not instantiated (test for errors, line 16)
FAIL: g++.ext/instantiate3.C not instantiated (test for errors, line 13)
FAIL: g++.jason/synth5.C (test for excess errors)
FAIL: g++.jason/thunk1.C (test for excess errors)
FAIL: g++.jason/thunk2.C (test for excess errors)
FAIL: g++.jason/thunk3.C (test for excess errors)
FAIL: g++.law/operators8.C (test for excess errors)
FAIL: g++.mike/dyncast5.C (test for excess errors)
FAIL: g++.mike/net21.C (test for excess errors)
FAIL: g++.mike/p1248.C (test for excess errors)
FAIL: g++.mike/p3041.C (test for excess errors)
FAIL: g++.mike/p3139.C (test for excess errors)
FAIL: g++.mike/p4511.C (test for excess errors)
FAIL: g++.mike/p5571.C (test for excess errors)
FAIL: g++.mike/p6610a.C (test for excess errors)
FAIL: g++.mike/p6610b.C (test for excess errors)
FAIL: g++.mike/rtti3.C (test for excess errors)
FAIL: g++.mike/virt4.C (test for excess errors)
FAIL: g++.mike/virt5.C (test for excess errors)
FAIL: g++.oliva/thunk1.C (test for excess errors)
FAIL: g++.other/crash18.C caused compiler crash
FAIL: g++.other/delete3.C (test for excess errors)
FAIL: g++.other/local3.C (test for excess errors)
FAIL: g++.other/pmf4.C (test for excess errors)
FAIL: g++.other/syntax1.C (test for excess errors)
FAIL: g++.other/syntax2.C (test for excess errors)
FAIL: g++.pt/mi1.C (test for excess errors)
FAIL: g++.pt/spec3.C (test for excess errors)
FAIL: g++.pt/static8.C (test for excess errors)
FAIL: g++.pt/virtual4.C (test for excess errors)

		=== g++ Summary ===

# of expected passes		5857
# of unexpected failures	35
# of expected failures		124
# of untested testcases		18
/amnt/figaro/volumes/obj-alpha/gnu/obj.alpha/gcc/gcc/testsuite/../g++ version 2.96 20000725 (experimental)

		=== g77 tests ===


Running target unix
XPASS: g77.f-torture/compile/20000629-1.f,  -O0  
XPASS: g77.f-torture/compile/20000629-1.f,  -O1  
XPASS: g77.f-torture/compile/20000629-1.f,  -O2  
XPASS: g77.f-torture/compile/20000629-1.f,  -O2 -fomit-frame-pointer -finline-functions  
XPASS: g77.f-torture/compile/20000629-1.f,  -O2 -fomit-frame-pointer -finline-functions -funroll-loops  
XPASS: g77.f-torture/compile/20000629-1.f,  -O2 -fomit-frame-pointer -finline-functions -funroll-all-loops  
XPASS: g77.f-torture/compile/20000629-1.f,  -O3 -g  
XPASS: g77.f-torture/compile/20000629-1.f,  -O3 -fssa  
XPASS: g77.f-torture/compile/20000629-1.f,  -Os  

		=== g77 Summary ===

# of expected passes		974
# of unexpected successes	9
		=== objc tests ===


Running target unix

		=== objc Summary ===

# of expected passes		40
/amnt/figaro/volumes/obj-alpha/gnu/obj.alpha/gcc/gcc/xgcc version 2.96 20000725 (experimental)


Compiler version: 2.96 20000725 (experimental) 
Platform: alpha-dec-osf4.0f
configure flags: --host=alpha-dec-osf4.0f --prefix=/vol/gcc --with-local-prefix=/vol/gcc --enable-shared --disable-nls


More information about the Gcc-testresults mailing list