Results for 2.96 20000724 (experimental) testsuite on i686-unknown-freebsd3.4
Loren James Rittle
rittle@latour.rsch.comm.mot.com
Tue Jul 25 12:55:00 GMT 2000
Native configuration is i686-unknown-freebsd3.4
=== libio tests ===
Running target unix
FAIL: hounddog.cc execution
FAIL: hounddog.cc execution -b0
FAIL: hounddog.cc execution -b2
=== libio Summary for unix ===
# of expected passes 34
# of unexpected failures 3
# of expected failures 3
Running target unix/-pthread -fpic
FAIL: hounddog.cc execution
FAIL: hounddog.cc execution -b0
FAIL: hounddog.cc execution -b2
=== libio Summary for unix/-pthread -fpic ===
# of expected passes 34
# of unexpected failures 3
# of expected failures 3
=== libio Summary ===
# of expected passes 68
# of unexpected failures 6
# of expected failures 6
=== libstdc++ tests ===
Running target unix
=== libstdc++ Summary for unix ===
# of expected passes 30
Running target unix/-pthread -fpic
=== libstdc++ Summary for unix/-pthread -fpic ===
# of expected passes 30
=== libstdc++ Summary ===
# of expected passes 60
=== gcc tests ===
Running target unix
FAIL: gcc.c-torture/execute/20000225-1.c execution, -O2
FAIL: gcc.c-torture/execute/20000225-1.c execution, -O3 -fomit-frame-pointer
FAIL: gcc.c-torture/execute/20000225-1.c execution, -O3 -fomit-frame-pointer -funroll-loops
FAIL: gcc.c-torture/execute/20000225-1.c execution, -O3 -fomit-frame-pointer -funroll-all-loops -finline-functions
FAIL: gcc.c-torture/execute/20000225-1.c execution, -O3 -g
FAIL: gcc.c-torture/execute/20000225-1.c execution, -O3 -fssa
FAIL: gcc.c-torture/execute/20000225-1.c execution, -Os
FAIL: gcc.c-torture/execute/20000412-2.c execution, -O2
FAIL: gcc.c-torture/execute/20000412-2.c execution, -O3 -fomit-frame-pointer
FAIL: gcc.c-torture/execute/20000412-2.c execution, -O3 -g
FAIL: gcc.c-torture/execute/20000412-2.c execution, -O3 -fssa
FAIL: gcc.c-torture/execute/20000412-2.c execution, -Os
FAIL: gcc.c-torture/execute/ieee/hugeval.c execution, -O0
XPASS: gcc.c-torture/execute/ieee/rbug.c execution, -O3 -fomit-frame-pointer
XPASS: gcc.c-torture/execute/ieee/rbug.c execution, -O3 -g
XPASS: gcc.c-torture/execute/ieee/rbug.c execution, -O3 -fssa
FAIL: gcc.dg/20000614-1.c (test for excess errors)
FAIL: gcc.dg/991214-1.c (test for excess errors)
XPASS: gcc.dg/c90-digraph-1.c execution test
FAIL: gcc.dg/c90-impl-decl-1.c implicit declaration warning for strcmp (test for bogus messages, line 21)
FAIL: gcc.dg/compare2.c case 10 (test for bogus messages, line 29)
FAIL: gcc.dg/noreturn-1.c this function should not get any warnings (test for bogus messages, line 52)
FAIL: gcc.dg/noreturn-1.c detect return from tail call (test for warnings, line 59)
FAIL: gcc.dg/noreturn-2.c noreturn does return (test for bogus messages, line 12)
FAIL: gcc.dg/noncompile/redecl-1.c previously declared (test for errors, line 7)
FAIL: gcc.dg/noncompile/redecl-1.c (test for excess errors)
=== gcc Summary for unix ===
# of expected passes 11832
# of unexpected failures 22
# of unexpected successes 4
# of expected failures 48
# of unsupported tests 17
Running target unix/-pthread -fpic
FAIL: gcc.c-torture/execute/20000225-1.c execution, -O2
FAIL: gcc.c-torture/execute/20000225-1.c execution, -O3 -fomit-frame-pointer
FAIL: gcc.c-torture/execute/20000225-1.c execution, -O3 -fomit-frame-pointer -funroll-loops
FAIL: gcc.c-torture/execute/20000225-1.c execution, -O3 -fomit-frame-pointer -funroll-all-loops -finline-functions
FAIL: gcc.c-torture/execute/20000225-1.c execution, -O3 -g
FAIL: gcc.c-torture/execute/20000225-1.c execution, -O3 -fssa
FAIL: gcc.c-torture/execute/20000225-1.c execution, -Os
FAIL: gcc.c-torture/execute/20000412-2.c execution, -O2
FAIL: gcc.c-torture/execute/20000412-2.c execution, -O3 -fomit-frame-pointer
FAIL: gcc.c-torture/execute/20000412-2.c execution, -O3 -g
FAIL: gcc.c-torture/execute/20000412-2.c execution, -O3 -fssa
FAIL: gcc.c-torture/execute/20000412-2.c execution, -Os
FAIL: gcc.c-torture/execute/conversion.c execution, -O3 -fomit-frame-pointer
FAIL: gcc.c-torture/execute/conversion.c execution, -O3 -g
FAIL: gcc.c-torture/execute/conversion.c execution, -O3 -fssa
FAIL: gcc.c-torture/execute/ieee/hugeval.c execution, -O0
FAIL: gcc.dg/20000614-1.c (test for excess errors)
FAIL: gcc.dg/991214-1.c (test for excess errors)
XPASS: gcc.dg/c90-digraph-1.c execution test
FAIL: gcc.dg/c90-impl-decl-1.c implicit declaration warning for strcmp (test for bogus messages, line 21)
FAIL: gcc.dg/compare2.c case 10 (test for bogus messages, line 29)
FAIL: gcc.dg/noncompile/redecl-1.c previously declared (test for errors, line 7)
FAIL: gcc.dg/noncompile/redecl-1.c (test for excess errors)
=== gcc Summary for unix/-pthread -fpic ===
# of expected passes 11832
# of unexpected failures 22
# of unexpected successes 1
# of expected failures 51
# of unsupported tests 17
=== gcc Summary ===
# of expected passes 23664
# of unexpected failures 44
# of unexpected successes 5
# of expected failures 99
# of unsupported tests 34
/usr/tmp/gcc-build-latour-0724-v2/gcc/xgcc version 2.96 20000724 (experimental)
=== g++ tests ===
Running target unix
FAIL: g++.ext/instantiate1.C not instantiated (test for errors, line 18)
FAIL: g++.ext/instantiate1.C not instantiated (test for errors, line 20)
FAIL: g++.mike/p9706.C Execution test
FAIL: g++.other/headers1.C caused compiler crash
=== g++ Summary for unix ===
# of expected passes 5922
# of unexpected failures 4
# of expected failures 94
# of untested testcases 14
Running target unix/-pthread -fpic
FAIL: g++.eh/badalloc1.C Execution test
FAIL: g++.ext/instantiate1.C not instantiated (test for errors, line 18)
FAIL: g++.ext/instantiate1.C not instantiated (test for errors, line 20)
FAIL: g++.mike/p9706.C Execution test
FAIL: g++.other/crash18.C (test for excess errors)
FAIL: g++.other/headers1.C caused compiler crash
=== g++ Summary for unix/-pthread -fpic ===
# of expected passes 5920
# of unexpected failures 6
# of expected failures 94
# of untested testcases 14
=== g++ Summary ===
# of expected passes 11842
# of unexpected failures 10
# of expected failures 188
# of untested testcases 28
/usr/tmp/gcc-build-latour-0724-v2/gcc/testsuite/../g++ version 2.96 20000724 (experimental)
=== g77 tests ===
Running target unix
XPASS: g77.f-torture/compile/20000629-1.f, -O0
XPASS: g77.f-torture/compile/20000629-1.f, -O1
XPASS: g77.f-torture/compile/20000629-1.f, -O2
XPASS: g77.f-torture/compile/20000629-1.f, -O2 -fomit-frame-pointer -finline-functions
XPASS: g77.f-torture/compile/20000629-1.f, -O3 -g
XPASS: g77.f-torture/compile/20000629-1.f, -O3 -fssa
XPASS: g77.f-torture/compile/20000629-1.f, -Os
XPASS: g77.f-torture/compile/20000630-2.f, -O0
XPASS: g77.f-torture/compile/20000630-2.f, -O1
XPASS: g77.f-torture/compile/20000630-2.f, -O2
XPASS: g77.f-torture/compile/20000630-2.f, -O2 -fomit-frame-pointer -finline-functions
XPASS: g77.f-torture/compile/20000630-2.f, -O3 -g
XPASS: g77.f-torture/compile/20000630-2.f, -O3 -fssa
XPASS: g77.f-torture/compile/20000630-2.f, -Os
FAIL: g77.f-torture/execute/short.f execution, -Os
=== g77 Summary for unix ===
# of expected passes 966
# of unexpected failures 1
# of unexpected successes 14
# of expected failures 2
Running target unix/-pthread -fpic
XPASS: g77.f-torture/compile/20000629-1.f, -O0
XPASS: g77.f-torture/compile/20000629-1.f, -O1
XPASS: g77.f-torture/compile/20000629-1.f, -O2
XPASS: g77.f-torture/compile/20000629-1.f, -O2 -fomit-frame-pointer -finline-functions
XPASS: g77.f-torture/compile/20000629-1.f, -O3 -g
XPASS: g77.f-torture/compile/20000629-1.f, -O3 -fssa
XPASS: g77.f-torture/compile/20000629-1.f, -Os
XPASS: g77.f-torture/compile/20000630-2.f, -O0
XPASS: g77.f-torture/compile/20000630-2.f, -O1
XPASS: g77.f-torture/compile/20000630-2.f, -O2
XPASS: g77.f-torture/compile/20000630-2.f, -O2 -fomit-frame-pointer -finline-functions
XPASS: g77.f-torture/compile/20000630-2.f, -O3 -g
XPASS: g77.f-torture/compile/20000630-2.f, -O3 -fssa
XPASS: g77.f-torture/compile/20000630-2.f, -Os
=== g77 Summary for unix/-pthread -fpic ===
# of expected passes 967
# of unexpected successes 14
# of expected failures 2
=== g77 Summary ===
# of expected passes 1933
# of unexpected failures 1
# of unexpected successes 28
# of expected failures 4
=== objc tests ===
Running target unix
=== objc Summary for unix ===
# of expected passes 40
Running target unix/-pthread -fpic
=== objc Summary for unix/-pthread -fpic ===
# of expected passes 40
=== objc Summary ===
# of expected passes 80
/usr/tmp/gcc-build-latour-0724-v2/gcc/xgcc version 2.96 20000724 (experimental)
Compiler version: 2.96 20000724 (experimental)
Platform: i686-unknown-freebsd3.4
configure flags: --host=i686-unknown-freebsd3.4 --enable-shared --enable-threads --prefix=/usr/local/beta-gcc --with-gnu-as --with-as=/usr/local/beta-gcc/bin/as --with-gnu-ld --with-ld=/usr/local/beta-gcc/bin/ld
BOOT_CFLAGS=-g -O2
More information about the Gcc-testresults
mailing list