Results for 2.96 20000724 (experimental) testsuite on i586-sco-sysv5uw7.1.0
Rodney Brown
rdb@localhost
Tue Jul 25 06:42:00 GMT 2000
Native configuration is i586-sco-sysv5uw7.1.0
=== libio tests ===
Running target unix
=== libio Summary for unix ===
# of expected passes 40
Running target unix/-march=i486
=== libio Summary for unix/-march=i486 ===
# of expected passes 40
Running target unix/-march=i386
=== libio Summary for unix/-march=i386 ===
# of expected passes 40
=== libio Summary ===
# of expected passes 120
=== libstdc++ tests ===
Running target unix
=== libstdc++ Summary for unix ===
# of expected passes 30
Running target unix/-march=i486
=== libstdc++ Summary for unix/-march=i486 ===
# of expected passes 30
Running target unix/-march=i386
=== libstdc++ Summary for unix/-march=i386 ===
# of expected passes 30
=== libstdc++ Summary ===
# of expected passes 90
=== gcc tests ===
Running target unix
FAIL: gcc.c-torture/execute/20000225-1.c execution, -O2
FAIL: gcc.c-torture/execute/20000225-1.c execution, -O3 -fomit-frame-pointer
FAIL: gcc.c-torture/execute/20000225-1.c execution, -O3 -fomit-frame-pointer -funroll-loops
FAIL: gcc.c-torture/execute/20000225-1.c execution, -O3 -fomit-frame-pointer -funroll-all-loops -finline-functions
FAIL: gcc.c-torture/execute/20000225-1.c execution, -O3 -g
FAIL: gcc.c-torture/execute/20000225-1.c execution, -O3 -fssa
FAIL: gcc.c-torture/execute/20000225-1.c execution, -Os
FAIL: gcc.c-torture/execute/20000412-2.c execution, -O2
FAIL: gcc.c-torture/execute/20000412-2.c execution, -O3 -fomit-frame-pointer
FAIL: gcc.c-torture/execute/20000412-2.c execution, -O3 -g
FAIL: gcc.c-torture/execute/20000412-2.c execution, -O3 -fssa
FAIL: gcc.c-torture/execute/20000412-2.c execution, -Os
FAIL: gcc.c-torture/execute/eeprof-1.c compilation, -O0
FAIL: gcc.c-torture/execute/eeprof-1.c compilation, -O1
FAIL: gcc.c-torture/execute/eeprof-1.c compilation, -O2
FAIL: gcc.c-torture/execute/eeprof-1.c compilation, -O3 -fomit-frame-pointer
FAIL: gcc.c-torture/execute/eeprof-1.c compilation, -O3 -g
FAIL: gcc.c-torture/execute/eeprof-1.c compilation, -O3 -fssa
FAIL: gcc.c-torture/execute/eeprof-1.c compilation, -Os
FAIL: gcc.dg/20000503-1.c (test for excess errors)
FAIL: gcc.dg/20000609-1.c (test for excess errors)
FAIL: gcc.dg/20000614-1.c (test for excess errors)
FAIL: gcc.dg/20000614-2.c execution test
FAIL: gcc.dg/991214-1.c (test for excess errors)
XPASS: gcc.dg/c90-digraph-1.c execution test
FAIL: gcc.dg/c90-impl-decl-1.c implicit declaration warning for strcmp (test for bogus messages, line 21)
FAIL: gcc.dg/compare2.c case 10 (test for bogus messages, line 29)
FAIL: gcc.dg/noreturn-1.c this function should not get any warnings (test for bogus messages, line 52)
FAIL: gcc.dg/noreturn-1.c detect return from tail call (test for warnings, line 59)
FAIL: gcc.dg/noreturn-2.c noreturn does return (test for bogus messages, line 12)
FAIL: gcc.dg/noncompile/redecl-1.c previously declared (test for errors, line 7)
FAIL: gcc.dg/noncompile/redecl-1.c (test for excess errors)
=== gcc Summary ===
# of expected passes 11810
# of unexpected failures 31
# of unexpected successes 1
# of expected failures 37
# of unresolved testcases 10
# of unsupported tests 15
/devel/src/egcs-20000724.obj/gcc/xgcc version 2.96 20000724 (experimental)
=== g++ tests ===
Running target unix
FAIL: g++.dg/special/conpr-1.C execution test
FAIL: g++.dg/special/conpr-2.C execution test
FAIL: g++.dg/special/conpr-3.C execution test
FAIL: g++.dg/special/conpr-3.C execution test
FAIL: g++.eh/spec2.C Execution test
FAIL: g++.eh/spec3.C Execution test
FAIL: g++.ext/initp1.C Execution test
FAIL: g++.ext/instantiate1.C not instantiated (test for errors, line 18)
FAIL: g++.ext/instantiate1.C not instantiated (test for errors, line 20)
FAIL: g++.ext/instantiate2.C not instantiated (test for errors, line 16)
FAIL: g++.ext/instantiate3.C not instantiated (test for errors, line 13)
FAIL: g++.law/profile1.C (test for excess errors)
FAIL: g++.mike/dyncast1.C Execution test
FAIL: g++.mike/dyncast2.C Execution test
FAIL: g++.mike/eh33.C Execution test
FAIL: g++.mike/eh50.C Execution test
FAIL: g++.mike/eh51.C Execution test
FAIL: g++.other/crash18.C (test for excess errors)
FAIL: g++.other/ptrmem6.C (test for excess errors)
XPASS: g++.pt/decl2.C ICE - (test for errors, line 8)
=== g++ Summary for unix ===
# of expected passes 5910
# of unexpected failures 19
# of unexpected successes 1
# of expected failures 92
# of untested testcases 14
Running target unix/-march=i486
FAIL: g++.dg/special/conpr-1.C execution test
FAIL: g++.dg/special/conpr-2.C execution test
FAIL: g++.dg/special/conpr-3.C execution test
FAIL: g++.dg/special/conpr-3.C execution test
FAIL: g++.eh/spec2.C Execution test
FAIL: g++.eh/spec3.C Execution test
FAIL: g++.ext/initp1.C Execution test
FAIL: g++.ext/instantiate1.C not instantiated (test for errors, line 18)
FAIL: g++.ext/instantiate1.C not instantiated (test for errors, line 20)
FAIL: g++.ext/instantiate2.C not instantiated (test for errors, line 16)
FAIL: g++.ext/instantiate3.C not instantiated (test for errors, line 13)
FAIL: g++.law/profile1.C (test for excess errors)
FAIL: g++.mike/dyncast1.C Execution test
FAIL: g++.mike/dyncast2.C Execution test
FAIL: g++.mike/eh33.C Execution test
FAIL: g++.mike/eh50.C Execution test
FAIL: g++.mike/eh51.C Execution test
FAIL: g++.other/crash18.C (test for excess errors)
FAIL: g++.other/ptrmem6.C (test for excess errors)
XPASS: g++.pt/decl2.C ICE - (test for errors, line 8)
=== g++ Summary for unix/-march=i486 ===
# of expected passes 5910
# of unexpected failures 19
# of unexpected successes 1
# of expected failures 92
# of untested testcases 14
Running target unix/-march=i386
FAIL: g++.dg/special/conpr-1.C execution test
FAIL: g++.dg/special/conpr-2.C execution test
FAIL: g++.dg/special/conpr-3.C execution test
FAIL: g++.dg/special/conpr-3.C execution test
FAIL: g++.eh/spec2.C Execution test
FAIL: g++.eh/spec3.C Execution test
FAIL: g++.ext/initp1.C Execution test
FAIL: g++.ext/instantiate1.C not instantiated (test for errors, line 18)
FAIL: g++.ext/instantiate1.C not instantiated (test for errors, line 20)
FAIL: g++.ext/instantiate2.C not instantiated (test for errors, line 16)
FAIL: g++.ext/instantiate3.C not instantiated (test for errors, line 13)
FAIL: g++.law/profile1.C (test for excess errors)
FAIL: g++.mike/dyncast1.C Execution test
FAIL: g++.mike/dyncast2.C Execution test
FAIL: g++.mike/eh33.C Execution test
FAIL: g++.mike/eh50.C Execution test
FAIL: g++.mike/eh51.C Execution test
FAIL: g++.other/crash18.C (test for excess errors)
FAIL: g++.other/ptrmem6.C (test for excess errors)
XPASS: g++.pt/decl2.C ICE - (test for errors, line 8)
=== g++ Summary for unix/-march=i386 ===
# of expected passes 5910
# of unexpected failures 19
# of unexpected successes 1
# of expected failures 92
# of untested testcases 14
=== g++ Summary ===
# of expected passes 17730
# of unexpected failures 57
# of unexpected successes 3
# of expected failures 276
# of untested testcases 42
/devel/src/egcs-20000724.obj/gcc/testsuite/../g++ version 2.96 20000724 (experimental)
=== g77 tests ===
Running target unix
XPASS: g77.f-torture/compile/20000629-1.f, -O0
XPASS: g77.f-torture/compile/20000629-1.f, -O1
XPASS: g77.f-torture/compile/20000629-1.f, -O2
XPASS: g77.f-torture/compile/20000629-1.f, -O2 -fomit-frame-pointer -finline-functions
XPASS: g77.f-torture/compile/20000629-1.f, -O3 -g
XPASS: g77.f-torture/compile/20000629-1.f, -O3 -fssa
XPASS: g77.f-torture/compile/20000629-1.f, -Os
XPASS: g77.f-torture/compile/20000630-2.f, -O0
XPASS: g77.f-torture/compile/20000630-2.f, -O1
XPASS: g77.f-torture/compile/20000630-2.f, -O2
XPASS: g77.f-torture/compile/20000630-2.f, -O2 -fomit-frame-pointer -finline-functions
XPASS: g77.f-torture/compile/20000630-2.f, -O3 -g
XPASS: g77.f-torture/compile/20000630-2.f, -O3 -fssa
XPASS: g77.f-torture/compile/20000630-2.f, -Os
FAIL: g77.f-torture/execute/short.f execution, -Os
=== g77 Summary for unix ===
# of expected passes 966
# of unexpected failures 1
# of unexpected successes 14
# of expected failures 2
Running target unix/-march=i486
XPASS: g77.f-torture/compile/20000629-1.f, -O0
XPASS: g77.f-torture/compile/20000629-1.f, -O1
XPASS: g77.f-torture/compile/20000629-1.f, -O2
XPASS: g77.f-torture/compile/20000629-1.f, -O2 -fomit-frame-pointer -finline-functions
XPASS: g77.f-torture/compile/20000629-1.f, -O3 -g
XPASS: g77.f-torture/compile/20000629-1.f, -O3 -fssa
XPASS: g77.f-torture/compile/20000629-1.f, -Os
XPASS: g77.f-torture/compile/20000630-2.f, -O0
XPASS: g77.f-torture/compile/20000630-2.f, -O1
XPASS: g77.f-torture/compile/20000630-2.f, -O2
XPASS: g77.f-torture/compile/20000630-2.f, -O2 -fomit-frame-pointer -finline-functions
XPASS: g77.f-torture/compile/20000630-2.f, -O3 -g
XPASS: g77.f-torture/compile/20000630-2.f, -O3 -fssa
XPASS: g77.f-torture/compile/20000630-2.f, -Os
FAIL: g77.f-torture/execute/short.f execution, -Os
=== g77 Summary for unix/-march=i486 ===
# of expected passes 966
# of unexpected failures 1
# of unexpected successes 14
# of expected failures 2
Running target unix/-march=i386
XPASS: g77.f-torture/compile/20000629-1.f, -O0
XPASS: g77.f-torture/compile/20000629-1.f, -O1
XPASS: g77.f-torture/compile/20000629-1.f, -O2
XPASS: g77.f-torture/compile/20000629-1.f, -O2 -fomit-frame-pointer -finline-functions
XPASS: g77.f-torture/compile/20000629-1.f, -O3 -g
XPASS: g77.f-torture/compile/20000629-1.f, -O3 -fssa
XPASS: g77.f-torture/compile/20000629-1.f, -Os
XPASS: g77.f-torture/compile/20000630-2.f, -O0
XPASS: g77.f-torture/compile/20000630-2.f, -O1
XPASS: g77.f-torture/compile/20000630-2.f, -O2
XPASS: g77.f-torture/compile/20000630-2.f, -O2 -fomit-frame-pointer -finline-functions
XPASS: g77.f-torture/compile/20000630-2.f, -O3 -g
XPASS: g77.f-torture/compile/20000630-2.f, -O3 -fssa
XPASS: g77.f-torture/compile/20000630-2.f, -Os
FAIL: g77.f-torture/execute/short.f execution, -Os
=== g77 Summary for unix/-march=i386 ===
# of expected passes 966
# of unexpected failures 1
# of unexpected successes 14
# of expected failures 2
=== g77 Summary ===
# of expected passes 2898
# of unexpected failures 3
# of unexpected successes 42
# of expected failures 6
=== objc tests ===
Running target unix
=== objc Summary for unix ===
# of expected passes 40
Running target unix/-march=i486
=== objc Summary for unix/-march=i486 ===
# of expected passes 40
Running target unix/-march=i386
=== objc Summary for unix/-march=i386 ===
# of expected passes 40
=== objc Summary ===
# of expected passes 120
/devel/src/egcs-20000724.obj/gcc/xgcc version 2.96 20000724 (experimental)
Compiler version: 2.96 20000724 (experimental)
Platform: i586-sco-sysv5uw7.1.0
configure flags: --host=i586-sco-sysv5uw7.1.0
Counting all warnings,
there are 1012 warnings in stage3 of this bootstrap.
Number of warnings per file:
138 ../../egcs-20000724/gcc/flow.c
114 ../../egcs-20000724/gcc/expr.c
80 ../../egcs-20000724/gcc/config/i386/i386.c
66 ../../egcs-20000724/gcc/haifa-sched.c
65 ../../egcs-20000724/gcc/stmt.c
50 ../../egcs-20000724/gcc/bb-reorder.c
41 ../../egcs-20000724/gcc/gcse.c
33 ../../egcs-20000724/gcc/basic-block.h
30 ../../egcs-20000724/gcc/combine.c
27 ../../egcs-20000724/gcc/except.c
23 ../../egcs-20000724/gcc/c-typeck.c
22 ../../egcs-20000724/gcc/varasm.c
21 ../../egcs-20000724/gcc/regrename.c
20 ../../egcs-20000724/gcc/stor-layout.c
20 ../../egcs-20000724/gcc/lcm.c
19 ../../egcs-20000724/gcc/ifcvt.c
19 ../../egcs-20000724/gcc/dwarfout.c
16 ../../egcs-20000724/gcc/cpphash.c
14 ../../egcs-20000724/gcc/toplev.c
13 cc1plus
12 ../../egcs-20000724/gcc/reg-stack.c
11 ../../egcs-20000724/gcc/sbitmap.c
11 ../../egcs-20000724/gcc/profile.c
11 ../../egcs-20000724/gcc/objc/objc-act.c
11 ../../egcs-20000724/gcc/genrecog.c
11 ../../egcs-20000724/gcc/cpplex.c
10 ../../egcs-20000724/gcc/ssa.c
8 ../../egcs-20000724/gcc/genoutput.c
7 ../../egcs-20000724/gcc/predict.c
6 ../../egcs-20000724/gcc/tree.c
6 ../../egcs-20000724/gcc/regclass.c
6 ../../egcs-20000724/gcc/jump.c
6 ../../egcs-20000724/gcc/genattrtab.c
6 ../../egcs-20000724/gcc/c-lex.c
5 ../../egcs-20000724/gcc/hash.c
5 ../../egcs-20000724/gcc/gcc.c
5 ../../egcs-20000724/gcc/cse.c
4 ../../egcs-20000724/gcc/optabs.c
4 ../../egcs-20000724/gcc/dwarf2out.c
3 ../../egcs-20000724/gcc/libgcc2.c
2 ../../egcs-20000724/gcc/regmove.c
2 ../../egcs-20000724/gcc/integrate.c
2 ../../egcs-20000724/gcc/function.c
2 ../../egcs-20000724/gcc/fold-const.c
2 ../../egcs-20000724/gcc/c-common.c
2 ../../egcs-20000724/gcc/alias.c
2 ../../../egcs-20000724/gcc/intl/localealias.c
2 ../../../egcs-20000724/gcc/intl/dcgettext.c
1 ../../egcs-20000724/gcc/real.c
1 ../../egcs-20000724/gcc/print-rtl.c
1 ../../egcs-20000724/gcc/loop.c
1 ../../egcs-20000724/gcc/java/jvspec.c
1 ../../egcs-20000724/gcc/final.c
1 ../../egcs-20000724/gcc/f/lang-specs.h
1 ../../egcs-20000724/gcc/expmed.c
1 ../../egcs-20000724/gcc/errors.c
1 ../../../egcs-20000724/gcc/java/class.c
1 ../../../egcs-20000724/gcc/f/fini.c
1 ../../../egcs-20000724/gcc/f/expr.c
1 ../../../egcs-20000724/gcc/f/com.c
1 ../../../egcs-20000724/gcc/cp/semantics.c
1 ../../../egcs-20000724/gcc/cp/lex.c
1 ../../../egcs-20000724/gcc/cp/error.c
1 ../../../egcs-20000724/gcc/cp/errfn.c
1 ../../../egcs-20000724/gcc/cp/cfns.h
Number of warning types:
860 function macro index must be used with arguments in traditional C
85 comparison between signed and unsigned
15 signed and unsigned type in conditional expression
13 Ignoring command line option '-Wstrict-prototypes'
7 function declaration isn't a prototype
6 ??? format, ??? arg (arg ???)
5 \`???' might be used uninitialized in this function
4 string length \`???' is greater than the minimum length \`???' ANSI C is required to support
3 unused variable \`???'
3 passing arg ??? of \`???' from incompatible pointer type
2 traditional C lacks a separate namespace for labels, identifier \`???' conflicts
2 pointer targets in passing arg ??? of \`???' differ in signedness
2 implicit declaration of function \`???'
1 unused parameter \`???'
1 traditional C rejects automatic aggregate initialization
1 statement with no effect
1 passing arg ??? of \`???' discards qualifiers from pointer target type
1 no previous prototype for \`???'
More information about the Gcc-testresults
mailing list