Results for 2.96 20000717 (experimental) testsuite on i386-unknown-freebsd4.0
Alexandre Oliva
oliva@moab.cs.utah.edu
Fri Jul 21 10:35:00 GMT 2000
Native configuration is i386-unknown-freebsd4.0
=== binutils tests ===
Running target unix
=== binutils Summary ===
# of expected passes 20
# of untested testcases 6
=== g++ tests ===
Running target unix
FAIL: g++.ext/instantiate1.C not instantiated (test for errors, line 18)
FAIL: g++.ext/instantiate1.C not instantiated (test for errors, line 20)
FAIL: g++.mike/p6610a.C Execution test
=== g++ Summary ===
# of expected passes 5936
# of unexpected failures 3
# of expected failures 92
# of untested testcases 14
/a/marker/q/oliva/build/mish/egcs/gcc/testsuite/../g++ version 2.96 20000717 (experimental)
=== g77 tests ===
Running target unix
XPASS: g77.f-torture/compile/20000629-1.f, -O0
XPASS: g77.f-torture/compile/20000629-1.f, -O1
XPASS: g77.f-torture/compile/20000629-1.f, -O2
XPASS: g77.f-torture/compile/20000629-1.f, -O2 -fomit-frame-pointer -finline-functions
XPASS: g77.f-torture/compile/20000629-1.f, -O3 -g
XPASS: g77.f-torture/compile/20000629-1.f, -O3 -fssa
XPASS: g77.f-torture/compile/20000629-1.f, -Os
=== g77 Summary ===
# of expected passes 265
# of unexpected successes 7
# of expected failures 9
# of unresolved testcases 351
=== gas tests ===
Running target unix
=== gas Summary ===
# of expected passes 70
=== gcc tests ===
Running target unix
FAIL: gcc.c-torture/compile/920625-2.c, -O3 -fssa
FAIL: gcc.c-torture/compile/930529-1.c, -O3 -fssa
FAIL: gcc.c-torture/execute/20000225-1.c execution, -O2
FAIL: gcc.c-torture/execute/20000225-1.c execution, -O3 -fomit-frame-pointer
FAIL: gcc.c-torture/execute/20000225-1.c execution, -O3 -fomit-frame-pointer -funroll-loops
FAIL: gcc.c-torture/execute/20000225-1.c execution, -O3 -fomit-frame-pointer -funroll-all-loops -finline-functions
FAIL: gcc.c-torture/execute/20000225-1.c execution, -O3 -g
FAIL: gcc.c-torture/execute/20000225-1.c execution, -O3 -fssa
FAIL: gcc.c-torture/execute/20000225-1.c execution, -Os
FAIL: gcc.c-torture/execute/20000412-2.c execution, -O2
FAIL: gcc.c-torture/execute/20000412-2.c execution, -O3 -fomit-frame-pointer
FAIL: gcc.c-torture/execute/20000412-2.c execution, -O3 -g
FAIL: gcc.c-torture/execute/20000412-2.c execution, -O3 -fssa
FAIL: gcc.c-torture/execute/20000412-2.c execution, -Os
XPASS: gcc.c-torture/execute/20000717-1.c execution, -O0
XPASS: gcc.c-torture/execute/20000717-1.c execution, -O1
XPASS: gcc.c-torture/execute/20000717-1.c execution, -O2
XPASS: gcc.c-torture/execute/20000717-1.c execution, -O3 -fomit-frame-pointer
XPASS: gcc.c-torture/execute/20000717-1.c execution, -O3 -g
XPASS: gcc.c-torture/execute/20000717-1.c execution, -O3 -fssa
XPASS: gcc.c-torture/execute/20000717-1.c execution, -Os
FAIL: gcc.c-torture/execute/920726-1.c compilation, -O3 -fssa
XPASS: gcc.c-torture/execute/ieee/mzero2.c execution, -O0
XPASS: gcc.c-torture/execute/ieee/mzero2.c execution, -O1
XPASS: gcc.c-torture/execute/ieee/mzero2.c execution, -O2
XPASS: gcc.c-torture/execute/ieee/mzero2.c execution, -O3 -fomit-frame-pointer
XPASS: gcc.c-torture/execute/ieee/mzero2.c execution, -O3 -g
XPASS: gcc.c-torture/execute/ieee/mzero2.c execution, -O3 -fssa
XPASS: gcc.c-torture/execute/ieee/mzero2.c execution, -Os
XPASS: gcc.c-torture/execute/ieee/rbug.c execution, -O3 -fomit-frame-pointer
XPASS: gcc.c-torture/execute/ieee/rbug.c execution, -O3 -g
XPASS: gcc.c-torture/execute/ieee/rbug.c execution, -O3 -fssa
FAIL: gcc.dg/20000614-1.c (test for excess errors)
FAIL: gcc.dg/991209-1.c (test for excess errors)
FAIL: gcc.dg/991214-1.c (test for excess errors)
XPASS: gcc.dg/c90-digraph-1.c execution test
FAIL: gcc.dg/c90-impl-decl-1.c implicit declaration warning for strcmp (test for bogus messages, line 21)
FAIL: gcc.dg/compare2.c case 10 (test for bogus messages, line 29)
FAIL: gcc.dg/noreturn-1.c this function should not get any warnings (test for bogus messages, line 52)
FAIL: gcc.dg/noreturn-1.c detect return from tail call (test for warnings, line 59)
FAIL: gcc.dg/noreturn-2.c noreturn does return (test for bogus messages, line 12)
FAIL: gcc.dg/special/gcsec-1.c execution test
=== gcc Summary ===
# of expected passes 11781
# of unexpected failures 24
# of unexpected successes 18
# of expected failures 34
# of unresolved testcases 1
# of unsupported tests 15
/a/marker/q/oliva/build/mish/egcs/gcc/xgcc version 2.96 20000717 (experimental)
=== ld tests ===
Running target unix
FAIL: bootstrap
FAIL: bootstrap with --static
FAIL: bootstrap with --traditional-format
FAIL: bootstrap with --no-keep-memory
FAIL: cdtest
FAIL: cdtest with -Ur
=== ld Summary ===
# of expected passes 18
# of unexpected failures 6
=== libg++ tests ===
Running target unix
FAIL: tFile.cc execution
=== libg++ Summary ===
# of expected passes 70
# of unexpected failures 1
# of expected failures 1
=== libstdc++ tests ===
Running target unix
=== libstdc++ Summary ===
# of expected passes 30
=== objc tests ===
Running target unix
FAIL: objc/execute/bf-1.m compilation, -O
FAIL: objc/execute/bf-10.m compilation, -O
FAIL: objc/execute/bf-11.m compilation, -O
FAIL: objc/execute/bf-12.m compilation, -O
FAIL: objc/execute/bf-13.m compilation, -O
FAIL: objc/execute/bf-14.m compilation, -O
FAIL: objc/execute/bf-15.m compilation, -O
FAIL: objc/execute/bf-16.m compilation, -O
FAIL: objc/execute/bf-17.m compilation, -O
FAIL: objc/execute/bf-18.m compilation, -O
FAIL: objc/execute/bf-19.m compilation, -O
FAIL: objc/execute/bf-2.m compilation, -O
FAIL: objc/execute/bf-20.m compilation, -O
FAIL: objc/execute/bf-3.m compilation, -O
FAIL: objc/execute/bf-4.m compilation, -O
FAIL: objc/execute/bf-5.m compilation, -O
FAIL: objc/execute/bf-6.m compilation, -O
FAIL: objc/execute/bf-7.m compilation, -O
FAIL: objc/execute/bf-8.m compilation, -O
FAIL: objc/execute/bf-9.m compilation, -O
=== objc Summary ===
# of unexpected failures 20
# of untested testcases 20
/a/marker/q/oliva/build/mish/egcs/gcc/xgcc version 2.96 20000717 (experimental)
Compiler version: 2.96 20000717 (experimental)
Platform: i386-unknown-freebsd4.0
BOOT_CFLAGS: -g -O9 -W -Wall
Counting all warnings,
there are 209 warnings in stage3 of this bootstrap.
Number of warnings per file:
30 /home/css/guest/oliva/src/egcs/gcc/combine.c
13 cc1plus
13 /home/css/guest/oliva/src/egcs/gcc/libgcc2.c
13 /home/css/guest/oliva/src/egcs/gcc/expr.c
10 /home/css/guest/oliva/src/egcs/libiberty/pexecute.c
10 /home/css/guest/oliva/src/egcs/gcc/reg-stack.c
7 /home/css/guest/oliva/src/egcs/gcc/cpplex.c
6 configure
6 /home/css/guest/oliva/src/egcs/libiberty/choose-temp.c
6 /home/css/guest/oliva/src/egcs/gcc/gcc.c
5 /home/css/guest/oliva/src/egcs/gcc/cse.c
4 cxxmain.c
4 Makefile
4 /home/css/guest/oliva/src/egcs/librx/rx.c
4 /home/css/guest/oliva/src/egcs/libiberty/strsignal.c
4 /home/css/guest/oliva/src/egcs/libiberty/getopt.c
4 /home/css/guest/oliva/src/egcs/libg++/src/AllocRing.cc
4 /home/css/guest/oliva/src/egcs/gcc/frame-dwarf2.c
4 /home/css/guest/oliva/src/egcs/gcc/diagnostic.c
2 /home/css/guest/oliva/src/egcs/libiberty/xexit.c
2 /home/css/guest/oliva/src/egcs/libiberty/strerror.c
2 /home/css/guest/oliva/src/egcs/libiberty/cp-demangle.c
2 /home/css/guest/oliva/src/egcs/gcc/tree.c
2 /home/css/guest/oliva/src/egcs/gcc/regrename.c
2 /home/css/guest/oliva/src/egcs/gcc/regmove.c
2 /home/css/guest/oliva/src/egcs/gcc/java/expr.c
2 /home/css/guest/oliva/src/egcs/gcc/intl/dcgettext.c
2 /home/css/guest/oliva/src/egcs/gcc/gengenrtl.c
2 /home/css/guest/oliva/src/egcs/gcc/function.c
2 /home/css/guest/oliva/src/egcs/gcc/fold-const.c
2 /home/css/guest/oliva/src/egcs/gcc/cp/decl.c
2 /home/css/guest/oliva/src/egcs/gcc/c-common.c
2 /home/css/guest/oliva/src/egcs/gcc/alias.c
1 /home/css/guest/oliva/src/egcs/zip/fileio.c(.text+0xcd6)
1 /home/css/guest/oliva/src/egcs/libf2c/libI77/open.c
1 /home/css/guest/oliva/src/egcs/gcc/varray.c
1 /home/css/guest/oliva/src/egcs/gcc/tradcpp.c
1 /home/css/guest/oliva/src/egcs/gcc/toplev.c
1 /home/css/guest/oliva/src/egcs/gcc/real.c
1 /home/css/guest/oliva/src/egcs/gcc/loop.c
1 /home/css/guest/oliva/src/egcs/gcc/java/jvspec.c
1 /home/css/guest/oliva/src/egcs/gcc/java/jvgenmain.c
1 /home/css/guest/oliva/src/egcs/gcc/java/jcf-parse.c
1 /home/css/guest/oliva/src/egcs/gcc/java/jcf-io.c
1 /home/css/guest/oliva/src/egcs/gcc/java/class.c
1 /home/css/guest/oliva/src/egcs/gcc/intl/localealias.c
1 /home/css/guest/oliva/src/egcs/gcc/gcse.c
1 /home/css/guest/oliva/src/egcs/gcc/f/lang-specs.h
1 /home/css/guest/oliva/src/egcs/gcc/f/fini.c
1 /home/css/guest/oliva/src/egcs/gcc/f/expr.c
1 /home/css/guest/oliva/src/egcs/gcc/f/com.c
1 /home/css/guest/oliva/src/egcs/gcc/expmed.c
1 /home/css/guest/oliva/src/egcs/gcc/emit-rtl.c
1 /home/css/guest/oliva/src/egcs/gcc/dwarfout.c
1 /home/css/guest/oliva/src/egcs/gcc/cp/semantics.c
1 /home/css/guest/oliva/src/egcs/gcc/cp/error.c
1 /home/css/guest/oliva/src/egcs/gcc/cp/errfn.c
1 /home/css/guest/oliva/src/egcs/gcc/cp/cfns.h
1 /home/css/guest/oliva/src/egcs/gcc/config/i386/i386.c
1 /home/css/guest/oliva/src/egcs/gcc/collect2.c
1 /home/css/guest/oliva/src/egcs/gcc/ch/decl.c
1 /home/css/guest/oliva/src/egcs/boehm-gc/mark_rts.c
1 /home/css/guest/oliva/src/egcs/binutils/bucomm.c(.text+0x431)
Number of warning types:
62 comparison between signed and unsigned
21 `noreturn' function does return
15 signed and unsigned type in conditional expression
13 Ignoring command line option '-Wstrict-prototypes'
11 implicit declaration of function `???'
11 control reaches end of non-void function
8 variable `???' might be clobbered by `longjmp' or `vfork'
8 mktemp() possibly used unsafely; consider using mkstemp()
7 `???' might be used uninitialized in this function
6 function declaration isn't a prototype
5 unused parameter `???'
4 type qualifiers for `???' conflict with previous decl
4 string length `???' is greater than the minimum length `???' ANSI C is required to support
4 deleting `???' is undefined
4 comparison of distinct pointer types lacks a cast
4 ***********************************************************
3 passing arg ??? of `???' from incompatible pointer type
2 traditional C lacks a separate namespace for labels, identifier `???' conflicts
2 static declaration for `???' follows non-static
2 pointer targets in passing arg ??? of `???' differ in signedness
2 overriding commands for target `???'
2 ignoring old commands for target `???'
2 `???' defined but not used
1 traditional C rejects automatic aggregate initialization
1 then use the most recent one - libffi-1.20.
1 passing arg ??? of `???' discards qualifiers from pointer target type
1 no previous prototype for `???'
1 function returns address of local variable
1 assignment makes pointer from integer without a cast
1 This is beta code. If you're looking for a stable release
More information about the Gcc-testresults
mailing list