Results for 2.96 20000717 (experimental) testsuite on sparc-unknown-linux-gnu

Alexandre Oliva oliva@lsd.ic.unicamp.br
Thu Jul 20 06:49:00 GMT 2000


Native configuration is sparc-unknown-linux-gnu

		=== binutils tests ===


Running target unix

		=== binutils Summary ===

# of expected passes		20
# of untested testcases		6
		=== g++ tests ===


Running target unix
FAIL: g++.ext/instantiate1.C not instantiated (test for errors, line 18)
FAIL: g++.ext/instantiate1.C not instantiated (test for errors, line 20)

		=== g++ Summary ===

# of expected passes		5932
# of unexpected failures	2
# of expected failures		93
# of untested testcases		17
/.automount/aviao/root/l/tmp/sparc-unknown-linux-gnu/egcs/gcc/testsuite/../g++ version 2.96 20000717 (experimental)

		=== g77 tests ===


Running target unix
XPASS: g77.f-torture/compile/20000629-1.f,  -O0  
XPASS: g77.f-torture/compile/20000629-1.f,  -O1  
XPASS: g77.f-torture/compile/20000629-1.f,  -O2  
XPASS: g77.f-torture/compile/20000629-1.f,  -O2 -fomit-frame-pointer -finline-functions  
XPASS: g77.f-torture/compile/20000629-1.f,  -O2 -fomit-frame-pointer -finline-functions -funroll-loops  
XPASS: g77.f-torture/compile/20000629-1.f,  -O2 -fomit-frame-pointer -finline-functions -funroll-all-loops  
XPASS: g77.f-torture/compile/20000629-1.f,  -O3 -g  
XPASS: g77.f-torture/compile/20000629-1.f,  -O3 -fssa  
XPASS: g77.f-torture/compile/20000629-1.f,  -Os  

		=== g77 Summary ===

# of expected passes		967
# of unexpected successes	9
# of expected failures		7
		=== gas tests ===


Running target unix

		=== gas Summary ===

# of expected passes		78
		=== gcc tests ===


Running target unix
FAIL: gcc.c-torture/compile/20000405-3.c,  -O0  
FAIL: gcc.c-torture/compile/20000405-3.c,  -O1  
FAIL: gcc.c-torture/compile/20000405-3.c,  -O2  
FAIL: gcc.c-torture/compile/20000405-3.c,  -O3 -fomit-frame-pointer  
FAIL: gcc.c-torture/compile/20000405-3.c,  -O3 -g  
FAIL: gcc.c-torture/compile/20000405-3.c,  -O3 -fssa  
FAIL: gcc.c-torture/compile/20000405-3.c,  -Os  
FAIL: gcc.c-torture/execute/20000225-1.c execution,  -O2 
FAIL: gcc.c-torture/execute/20000225-1.c execution,  -O3 -fomit-frame-pointer 
FAIL: gcc.c-torture/execute/20000225-1.c execution,  -O3 -fomit-frame-pointer -funroll-loops 
FAIL: gcc.c-torture/execute/20000225-1.c execution,  -O3 -fomit-frame-pointer -funroll-all-loops -finline-functions 
FAIL: gcc.c-torture/execute/20000225-1.c execution,  -O3 -g 
FAIL: gcc.c-torture/execute/20000225-1.c execution,  -O3 -fssa 
FAIL: gcc.c-torture/execute/20000225-1.c execution,  -Os 
FAIL: gcc.c-torture/execute/20000412-2.c execution,  -O2 
FAIL: gcc.c-torture/execute/20000412-2.c execution,  -O3 -fomit-frame-pointer 
FAIL: gcc.c-torture/execute/20000412-2.c execution,  -O3 -g 
FAIL: gcc.c-torture/execute/20000412-2.c execution,  -O3 -fssa 
FAIL: gcc.c-torture/execute/20000412-2.c execution,  -Os 
XPASS: gcc.c-torture/execute/20000717-1.c execution,  -O0 
XPASS: gcc.c-torture/execute/20000717-1.c execution,  -O1 
XPASS: gcc.c-torture/execute/20000717-1.c execution,  -O2 
XPASS: gcc.c-torture/execute/20000717-1.c execution,  -O3 -fomit-frame-pointer 
XPASS: gcc.c-torture/execute/20000717-1.c execution,  -O3 -g 
XPASS: gcc.c-torture/execute/20000717-1.c execution,  -O3 -fssa 
XPASS: gcc.c-torture/execute/20000717-1.c execution,  -Os 
FAIL: gcc.c-torture/execute/990324-1.c execution,  -O3 -fomit-frame-pointer 
FAIL: gcc.c-torture/execute/990324-1.c execution,  -O3 -g 
FAIL: gcc.c-torture/execute/990324-1.c execution,  -O3 -fssa 
FAIL: gcc.c-torture/execute/loop-6.c execution,  -O2 
FAIL: gcc.c-torture/execute/loop-6.c execution,  -O3 -fomit-frame-pointer 
FAIL: gcc.c-torture/execute/loop-6.c execution,  -O3 -fomit-frame-pointer -funroll-loops 
FAIL: gcc.c-torture/execute/loop-6.c execution,  -O3 -fomit-frame-pointer -funroll-all-loops -finline-functions 
FAIL: gcc.c-torture/execute/loop-6.c execution,  -O3 -g 
FAIL: gcc.c-torture/execute/loop-6.c execution,  -O3 -fssa 
FAIL: gcc.c-torture/execute/loop-6.c execution,  -Os 
FAIL: gcc.c-torture/execute/va-arg-20.c execution,  -O1 
FAIL: gcc.c-torture/execute/va-arg-20.c execution,  -O2 
FAIL: gcc.c-torture/execute/va-arg-20.c execution,  -Os 
FAIL: gcc.dg/bf-spl1.c (test for excess errors)
XPASS: gcc.dg/c90-digraph-1.c execution test
FAIL: gcc.dg/c90-impl-decl-1.c implicit declaration warning for strcmp (test for bogus messages, line 21)
FAIL: gcc.dg/compare2.c case 10 (test for bogus messages, line 29)
FAIL: gcc.dg/noreturn-1.c this function should not get any warnings (test for bogus messages, line 52)
FAIL: gcc.dg/noreturn-1.c detect return from tail call (test for warnings, line 59)
FAIL: gcc.dg/noreturn-2.c noreturn does return (test for bogus messages, line 12)

		=== gcc Summary ===

# of expected passes		11740
# of unexpected failures	38
# of unexpected successes	8
# of expected failures		30
# of unsupported tests		36
/.automount/aviao/root/l/tmp/sparc-unknown-linux-gnu/egcs/gcc/xgcc version 2.96 20000717 (experimental)

		=== ld tests ===


Running target unix

		=== ld Summary ===

# of expected passes		93
# of expected failures		10
		=== libg++ tests ===


Running target unix

		=== libg++ Summary ===

# of expected passes		72
		=== libio tests ===


Running target unix

		=== libio Summary ===

# of expected passes		40
		=== libstdc++ tests ===


Running target unix

		=== libstdc++ Summary ===

# of expected passes		30
		=== objc tests ===


Running target unix
FAIL: objc/execute/bf-1.m compilation,  -O 
FAIL: objc/execute/bf-10.m compilation,  -O 
FAIL: objc/execute/bf-11.m compilation,  -O 
FAIL: objc/execute/bf-12.m compilation,  -O 
FAIL: objc/execute/bf-13.m compilation,  -O 
FAIL: objc/execute/bf-14.m compilation,  -O 
FAIL: objc/execute/bf-15.m compilation,  -O 
FAIL: objc/execute/bf-16.m compilation,  -O 
FAIL: objc/execute/bf-17.m compilation,  -O 
FAIL: objc/execute/bf-18.m compilation,  -O 
FAIL: objc/execute/bf-19.m compilation,  -O 
FAIL: objc/execute/bf-2.m compilation,  -O 
FAIL: objc/execute/bf-20.m compilation,  -O 
FAIL: objc/execute/bf-3.m compilation,  -O 
FAIL: objc/execute/bf-4.m compilation,  -O 
FAIL: objc/execute/bf-5.m compilation,  -O 
FAIL: objc/execute/bf-6.m compilation,  -O 
FAIL: objc/execute/bf-7.m compilation,  -O 
FAIL: objc/execute/bf-8.m compilation,  -O 
FAIL: objc/execute/bf-9.m compilation,  -O 

		=== objc Summary ===

# of unexpected failures	20
# of untested testcases		20
/.automount/aviao/root/l/tmp/sparc-unknown-linux-gnu/egcs/gcc/xgcc version 2.96 20000717 (experimental)


Compiler version: 2.96 20000717 (experimental) 
Platform: sparc-unknown-linux-gnu

BOOT_CFLAGS: -g -O9 -W -Wall

Counting all warnings,
there are 532 warnings in stage3 of this bootstrap.

Number of warnings per file:
    334	/home/lsd/oliva/src/egcs/gcc/f/intdoc.in
     29	/home/lsd/oliva/src/egcs/gcc/combine.c
     13	cc1plus
     11	/home/lsd/oliva/src/egcs/gcc/intl/l10nflist.c
     11	/home/lsd/oliva/src/egcs/gcc/expr.c
     10	configure
     10	/home/lsd/oliva/src/egcs/libiberty/pexecute.c
      8	Makefile
      7	/home/lsd/oliva/src/egcs/gcc/dwarf2out.c
      7	/home/lsd/oliva/src/egcs/gcc/cpplex.c
      6	/home/lsd/oliva/src/egcs/gcc/cse.c
      5	/home/lsd/oliva/src/egcs/gprof/vax.c
      5	/home/lsd/oliva/src/egcs/gprof/tahoe.c
      5	/home/lsd/oliva/src/egcs/gprof/sparc.c
      5	/home/lsd/oliva/src/egcs/gprof/i386.c
      5	/home/lsd/oliva/src/egcs/gcc/intl/dcgettext.c
      5	/home/lsd/oliva/src/egcs/gcc/gcc.c
      4	/home/lsd/oliva/src/egcs/libg++/src/AllocRing.cc
      4	/home/lsd/oliva/src/egcs/gprof/alpha.c
      4	/home/lsd/oliva/src/egcs/gcc/config/sparc/sparc.c
      2	f/intdoc.h0
      2	/usr/include/alloca.h
      2	/home/lsd/oliva/src/egcs/libiberty/xexit.c
      2	/home/lsd/oliva/src/egcs/libiberty/cp-demangle.c
      2	/home/lsd/oliva/src/egcs/gcc/reload1.c
      2	/home/lsd/oliva/src/egcs/gcc/regrename.c
      2	/home/lsd/oliva/src/egcs/gcc/regmove.c
      2	/home/lsd/oliva/src/egcs/gcc/function.c
      2	/home/lsd/oliva/src/egcs/gcc/fold-const.c
      2	/home/lsd/oliva/src/egcs/gcc/c-common.c
      2	/home/lsd/oliva/src/egcs/gcc/alias.c
      1	make[3]
      1	/home/lsd/oliva/src/egcs/libobjc/encoding.c
      1	/home/lsd/oliva/src/egcs/libffi/src/java_raw_api.c
      1	/home/lsd/oliva/src/egcs/gcc/real.c
      1	/home/lsd/oliva/src/egcs/gcc/loop.c
      1	/home/lsd/oliva/src/egcs/gcc/libgcc2.c
      1	/home/lsd/oliva/src/egcs/gcc/java/jvspec.c
      1	/home/lsd/oliva/src/egcs/gcc/java/class.c
      1	/home/lsd/oliva/src/egcs/gcc/intl/localealias.c
      1	/home/lsd/oliva/src/egcs/gcc/gcse.c
      1	/home/lsd/oliva/src/egcs/gcc/flow.c
      1	/home/lsd/oliva/src/egcs/gcc/f/lang-specs.h
      1	/home/lsd/oliva/src/egcs/gcc/f/fini.c
      1	/home/lsd/oliva/src/egcs/gcc/f/expr.c
      1	/home/lsd/oliva/src/egcs/gcc/f/com.c
      1	/home/lsd/oliva/src/egcs/gcc/expmed.c
      1	/home/lsd/oliva/src/egcs/gcc/dwarfout.c
      1	/home/lsd/oliva/src/egcs/gcc/cp/semantics.c
      1	/home/lsd/oliva/src/egcs/gcc/cp/error.c
      1	/home/lsd/oliva/src/egcs/gcc/cp/errfn.c
      1	/home/lsd/oliva/src/egcs/gcc/cp/cfns.h
      1	/home/lsd/oliva/src/egcs/boehm-gc/mark_rts.c

Number of warning types:
    284	Use of ANSI string concatenation
     54	string length `???' is greater than the minimum length `???' ANSI C is required to support
     52	comparison between signed and unsigned
     21	signed and unsigned type in conditional expression
     16	cast from pointer to integer of different size
     13	Ignoring command line option '-Wstrict-prototypes'
      9	assignment makes pointer from integer without a cast
      8	variable `???' might be clobbered by `longjmp' or `vfork'
      7	cast to pointer from integer of different size
      7	`???' might be used uninitialized in this function
      7	??? format, ??? arg (arg ???)
      6	function declaration isn't a prototype
      5	implicit declaration of function `???'
      4	overriding commands for target `???'
      4	ignoring old commands for target `???'
      4	deleting `???' is undefined
      4	`???' script is too old or missing
      4	***********************************************************
      3	passing arg ??? of `???' from incompatible pointer type
      2	this is the location of the previous definition
      2	function `???' was previously declared within a block
      2	`alloca' redefined
      2	`???' defined but not used
      2	# followed by integer
      1	unused parameter `???'
      1	traditional C rejects automatic aggregate initialization
      1	traditional C lacks a separate namespace for labels, identifier `???' conflicts
      1	then use the most recent one - libffi-1.20.
      1	static declaration for `???' follows non-static
      1	pointer targets in passing arg ??? of `???' differ in signedness
      1	passing arg ??? of `???' discards qualifiers from pointer target type
      1	function returns address of local variable
      1	This is beta code.  If you're looking for a stable release
      1	 Clock skew detected.  Your build may be incomplete.


More information about the Gcc-testresults mailing list