Results for 2.96 20000710 (experimental) testsuite on sparc-sun-solaris2.7

Alexandre Oliva oliva@ic.unicamp.br
Mon Jul 17 19:21:00 GMT 2000


Native configuration is sparc-sun-solaris2.7

		=== binutils tests ===


Running target unix

		=== binutils Summary ===

# of expected passes		20
# of untested testcases		6
		=== g++ tests ===


Running target unix
FAIL: g++.ext/instantiate1.C not instantiated (test for errors, line 18)
FAIL: g++.ext/instantiate1.C not instantiated (test for errors, line 20)
FAIL: g++.other/vaarg3.C promote (test for errors, line 26)

		=== g++ Summary ===

# of expected passes		5933
# of unexpected failures	3
# of expected failures		92
# of untested testcases		16
/tmp/egcs/gcc/testsuite/../g++ version 2.96 20000710 (experimental)

		=== g77 tests ===


Running target unix
XPASS: g77.f-torture/compile/20000629-1.f,  -O0  
XPASS: g77.f-torture/compile/20000629-1.f,  -O1  
XPASS: g77.f-torture/compile/20000629-1.f,  -O2  
XPASS: g77.f-torture/compile/20000629-1.f,  -O2 -fomit-frame-pointer -finline-functions  
XPASS: g77.f-torture/compile/20000629-1.f,  -O2 -fomit-frame-pointer -finline-functions -funroll-loops  
XPASS: g77.f-torture/compile/20000629-1.f,  -O2 -fomit-frame-pointer -finline-functions -funroll-all-loops  
XPASS: g77.f-torture/compile/20000629-1.f,  -O3 -g  
XPASS: g77.f-torture/compile/20000629-1.f,  -O3 -fssa  
XPASS: g77.f-torture/compile/20000629-1.f,  -Os  
XPASS: g77.f-torture/execute/20000503-1.f execution,  -O0 
XPASS: g77.f-torture/execute/20000503-1.f execution,  -O1 
XPASS: g77.f-torture/execute/20000503-1.f execution,  -O2 
XPASS: g77.f-torture/execute/20000503-1.f execution,  -O2 -fomit-frame-pointer -finline-functions 
XPASS: g77.f-torture/execute/20000503-1.f execution,  -O2 -fomit-frame-pointer -finline-functions -funroll-loops 
XPASS: g77.f-torture/execute/20000503-1.f execution,  -O2 -fomit-frame-pointer -finline-functions -funroll-all-loops 
XPASS: g77.f-torture/execute/20000503-1.f execution,  -O3 -g 
XPASS: g77.f-torture/execute/20000503-1.f execution,  -O3 -fssa 
XPASS: g77.f-torture/execute/20000503-1.f execution,  -Os 

		=== g77 Summary ===

# of expected passes		958
# of unexpected successes	18
		=== gas tests ===


Running target unix

		=== gas Summary ===

# of expected passes		81
		=== gcc tests ===


Running target unix
FAIL: gcc.c-torture/compile/20000405-3.c,  -O0  
FAIL: gcc.c-torture/compile/20000405-3.c,  -O1  
FAIL: gcc.c-torture/compile/20000405-3.c,  -O2  
FAIL: gcc.c-torture/compile/20000405-3.c,  -O3 -fomit-frame-pointer  
FAIL: gcc.c-torture/compile/20000405-3.c,  -O3 -g  
FAIL: gcc.c-torture/compile/20000405-3.c,  -O3 -fssa  
FAIL: gcc.c-torture/compile/20000405-3.c,  -Os  
FAIL: gcc.c-torture/execute/20000225-1.c execution,  -O2 
FAIL: gcc.c-torture/execute/20000225-1.c execution,  -O3 -fomit-frame-pointer 
FAIL: gcc.c-torture/execute/20000225-1.c execution,  -O3 -fomit-frame-pointer -funroll-loops 
FAIL: gcc.c-torture/execute/20000225-1.c execution,  -O3 -fomit-frame-pointer -funroll-all-loops -finline-functions 
FAIL: gcc.c-torture/execute/20000225-1.c execution,  -O3 -g 
FAIL: gcc.c-torture/execute/20000225-1.c execution,  -O3 -fssa 
FAIL: gcc.c-torture/execute/20000225-1.c execution,  -Os 
FAIL: gcc.c-torture/execute/20000412-2.c execution,  -O2 
FAIL: gcc.c-torture/execute/20000412-2.c execution,  -O3 -fomit-frame-pointer 
FAIL: gcc.c-torture/execute/20000412-2.c execution,  -O3 -g 
FAIL: gcc.c-torture/execute/20000412-2.c execution,  -O3 -fssa 
FAIL: gcc.c-torture/execute/20000412-2.c execution,  -Os 
FAIL: gcc.c-torture/execute/990324-1.c execution,  -O3 -fomit-frame-pointer 
FAIL: gcc.c-torture/execute/990324-1.c execution,  -O3 -g 
FAIL: gcc.c-torture/execute/990324-1.c execution,  -O3 -fssa 
FAIL: gcc.c-torture/execute/loop-6.c execution,  -O2 
FAIL: gcc.c-torture/execute/loop-6.c execution,  -O3 -fomit-frame-pointer 
FAIL: gcc.c-torture/execute/loop-6.c execution,  -O3 -fomit-frame-pointer -funroll-loops 
FAIL: gcc.c-torture/execute/loop-6.c execution,  -O3 -fomit-frame-pointer -funroll-all-loops -finline-functions 
FAIL: gcc.c-torture/execute/loop-6.c execution,  -O3 -g 
FAIL: gcc.c-torture/execute/loop-6.c execution,  -O3 -fssa 
FAIL: gcc.c-torture/execute/loop-6.c execution,  -Os 
FAIL: gcc.c-torture/execute/va-arg-12.c execution,  -O1 
FAIL: gcc.c-torture/execute/va-arg-12.c execution,  -O2 
FAIL: gcc.c-torture/execute/va-arg-12.c execution,  -O3 -fomit-frame-pointer 
FAIL: gcc.c-torture/execute/va-arg-12.c execution,  -O3 -g 
FAIL: gcc.c-torture/execute/va-arg-12.c execution,  -O3 -fssa 
FAIL: gcc.c-torture/execute/va-arg-12.c execution,  -Os 
FAIL: gcc.c-torture/execute/va-arg-15.c execution,  -O1 
FAIL: gcc.c-torture/execute/va-arg-15.c execution,  -O2 
FAIL: gcc.c-torture/execute/va-arg-15.c execution,  -O3 -fomit-frame-pointer 
FAIL: gcc.c-torture/execute/va-arg-15.c execution,  -O3 -fomit-frame-pointer -funroll-loops 
FAIL: gcc.c-torture/execute/va-arg-15.c execution,  -O3 -fomit-frame-pointer -funroll-all-loops -finline-functions 
FAIL: gcc.c-torture/execute/va-arg-15.c execution,  -O3 -g 
FAIL: gcc.c-torture/execute/va-arg-15.c execution,  -O3 -fssa 
FAIL: gcc.c-torture/execute/va-arg-15.c execution,  -Os 
FAIL: gcc.c-torture/execute/va-arg-16.c execution,  -O1 
FAIL: gcc.c-torture/execute/va-arg-16.c execution,  -O2 
FAIL: gcc.c-torture/execute/va-arg-16.c execution,  -O3 -fomit-frame-pointer 
FAIL: gcc.c-torture/execute/va-arg-16.c execution,  -O3 -g 
FAIL: gcc.c-torture/execute/va-arg-16.c execution,  -O3 -fssa 
FAIL: gcc.c-torture/execute/va-arg-16.c execution,  -Os 
FAIL: gcc.c-torture/execute/va-arg-20.c execution,  -O1 
FAIL: gcc.c-torture/execute/va-arg-20.c execution,  -O2 
FAIL: gcc.c-torture/execute/va-arg-20.c execution,  -Os 
FAIL: gcc.dg/cpp/if-2.c wide charconst recognition (test for bogus messages, line 9)
FAIL: gcc.dg/bf-spl1.c (test for excess errors)
FAIL: gcc.dg/compare2.c case 10 (test for bogus messages, line 29)
FAIL: gcc.dg/noreturn-1.c this function should not get any warnings (test for bogus messages, line 52)
FAIL: gcc.dg/noreturn-1.c detect return from tail call (test for warnings, line 59)
FAIL: gcc.dg/noreturn-2.c noreturn does return (test for bogus messages, line 12)

		=== gcc Summary ===

# of expected passes		11545
# of unexpected failures	58
# of expected failures		29
# of unsupported tests		35
/tmp/egcs/gcc/xgcc version 2.96 20000710 (experimental)

		=== ld tests ===


Running target unix
FAIL: shared (non PIC, load offset)

		=== ld Summary ===

# of expected passes		52
# of unexpected failures	1
		=== libg++ tests ===


Running target unix

		=== libg++ Summary ===

# of expected passes		72
		=== libio tests ===


Running target unix
FAIL: tFile.cc execution 
FAIL: tFile.cc execution -b0
FAIL: tFile.cc execution -b3
FAIL: tfformat.c execution 

		=== libio Summary ===

# of expected passes		33
# of unexpected failures	4
# of expected failures		4
		=== libstdc++ tests ===


Running target unix

		=== libstdc++ Summary ===

# of expected passes		30
		=== objc tests ===


Running target unix
FAIL: objc/execute/bf-1.m compilation,  -O 
FAIL: objc/execute/bf-10.m compilation,  -O 
FAIL: objc/execute/bf-11.m compilation,  -O 
FAIL: objc/execute/bf-12.m compilation,  -O 
FAIL: objc/execute/bf-13.m compilation,  -O 
FAIL: objc/execute/bf-14.m compilation,  -O 
FAIL: objc/execute/bf-15.m compilation,  -O 
FAIL: objc/execute/bf-16.m compilation,  -O 
FAIL: objc/execute/bf-17.m compilation,  -O 
FAIL: objc/execute/bf-18.m compilation,  -O 
FAIL: objc/execute/bf-19.m compilation,  -O 
FAIL: objc/execute/bf-2.m compilation,  -O 
FAIL: objc/execute/bf-20.m compilation,  -O 
FAIL: objc/execute/bf-3.m compilation,  -O 
FAIL: objc/execute/bf-4.m compilation,  -O 
FAIL: objc/execute/bf-5.m compilation,  -O 
FAIL: objc/execute/bf-6.m compilation,  -O 
FAIL: objc/execute/bf-7.m compilation,  -O 
FAIL: objc/execute/bf-8.m compilation,  -O 
FAIL: objc/execute/bf-9.m compilation,  -O 

		=== objc Summary ===

# of unexpected failures	20
# of untested testcases		20
/tmp/egcs/gcc/xgcc version 2.96 20000710 (experimental)


Compiler version: 2.96 20000710 (experimental) 
Platform: sparc-sun-solaris2.7

BOOT_CFLAGS: standard

Counting all warnings,
there are 774 warnings in stage3 of this bootstrap.

Number of warnings per file:
    284	/home/phd/oliva/src/egcs/gcc/f/intdoc.in
     83	/home/phd/oliva/src/egcs/gcc/gcc.c
     36	/home/phd/oliva/src/egcs/libobjc/objc/hash.h
     29	/home/phd/oliva/src/egcs/gcc/combine.c
     26	cc1plus
     24	/home/phd/oliva/src/egcs/librx/rx.c
     20	/home/phd/oliva/src/egcs/libiberty/pexecute.c
     15	/home/phd/oliva/src/egcs/gcc/collect2.c
     14	/home/phd/oliva/src/egcs/gcc/libgcc2.c
     13	/home/phd/oliva/src/egcs/gcc/expr.c
     12	configure
      8	/home/phd/oliva/src/egcs/libiberty/getopt.c
      8	/home/phd/oliva/src/egcs/libg++/src/AllocRing.cc
      8	/home/phd/oliva/src/egcs/gcc/cpplex.c
      7	/home/phd/oliva/src/egcs/gcc/cse.c
      6	Makefile
      6	/home/phd/oliva/src/egcs/gprof/alpha.c
      6	/home/phd/oliva/src/egcs/gcc/cp/decl.c
      5	/home/phd/oliva/src/egcs/gprof/vax.c
      5	/home/phd/oliva/src/egcs/gprof/tahoe.c
      5	/home/phd/oliva/src/egcs/gprof/sparc.c
      5	/home/phd/oliva/src/egcs/gprof/i386.c
      5	/home/phd/oliva/src/egcs/gcc/calls.c
      4	/home/phd/oliva/src/egcs/librx/rx.h
      4	/home/phd/oliva/src/egcs/libobjc/selector.c
      4	/home/phd/oliva/src/egcs/libobjc/objects.c
      4	/home/phd/oliva/src/egcs/libobjc/archive.c
      4	/home/phd/oliva/src/egcs/libiberty/xexit.c
      4	/home/phd/oliva/src/egcs/libiberty/vasprintf.c
      4	/home/phd/oliva/src/egcs/libiberty/sigsetmask.c
      4	/home/phd/oliva/src/egcs/libiberty/setenv.c
      4	/home/phd/oliva/src/egcs/libiberty/cp-demangle.c
      4	/home/phd/oliva/src/egcs/gcc/config/sparc/sparc.c
      3	/home/phd/oliva/src/egcs/gcc/reload1.c
      3	/home/phd/oliva/src/egcs/gcc/c-decl.c
      3	/home/phd/oliva/src/egcs/gcc/c-common.c
      2	f/intdoc.h0
      2	/home/phd/oliva/src/egcs/libchill/concatstr.c
      2	/home/phd/oliva/src/egcs/gcc/tree.c
      2	/home/phd/oliva/src/egcs/gcc/regrename.c
      2	/home/phd/oliva/src/egcs/gcc/regmove.c
      2	/home/phd/oliva/src/egcs/gcc/loop.c
      2	/home/phd/oliva/src/egcs/gcc/intl/dcgettext.c
      2	/home/phd/oliva/src/egcs/gcc/function.c
      2	/home/phd/oliva/src/egcs/gcc/fold-const.c
      2	/home/phd/oliva/src/egcs/gcc/expmed.c
      2	/home/phd/oliva/src/egcs/gcc/cppfiles.c
      2	/home/phd/oliva/src/egcs/gcc/c-parse.y
      2	/home/phd/oliva/src/egcs/gcc/alias.c
      2	/home/phd/oliva/src/egcs/boehm-gc/mark_rts.c
      2	/home/phd/oliva/src/egcs/boehm-gc/dyn_load.c
      1	ltconfig
      1	insn-recog.c
      1	/home/phd/oliva/src/egcs/libobjc/sarray.c
      1	/home/phd/oliva/src/egcs/libobjc/Object.m
      1	/home/phd/oliva/src/egcs/libffi/src/java_raw_api.c
      1	/home/phd/oliva/src/egcs/gcc/varasm.c
      1	/home/phd/oliva/src/egcs/gcc/tradcpp.c
      1	/home/phd/oliva/src/egcs/gcc/stmt.c
      1	/home/phd/oliva/src/egcs/gcc/ssa.c
      1	/home/phd/oliva/src/egcs/gcc/rtl.c
      1	/home/phd/oliva/src/egcs/gcc/recog.c
      1	/home/phd/oliva/src/egcs/gcc/real.c
      1	/home/phd/oliva/src/egcs/gcc/profile.c
      1	/home/phd/oliva/src/egcs/gcc/prefix.c
      1	/home/phd/oliva/src/egcs/gcc/objc/objc-act.c
      1	/home/phd/oliva/src/egcs/gcc/mkdeps.c
      1	/home/phd/oliva/src/egcs/gcc/java/jcf-write.c
      1	/home/phd/oliva/src/egcs/gcc/java/jcf-path.c
      1	/home/phd/oliva/src/egcs/gcc/java/jcf-io.c
      1	/home/phd/oliva/src/egcs/gcc/java/class.c
      1	/home/phd/oliva/src/egcs/gcc/java/check-init.c
      1	/home/phd/oliva/src/egcs/gcc/intl/localealias.c
      1	/home/phd/oliva/src/egcs/gcc/haifa-sched.c
      1	/home/phd/oliva/src/egcs/gcc/graph.c
      1	/home/phd/oliva/src/egcs/gcc/genrecog.c
      1	/home/phd/oliva/src/egcs/gcc/genoutput.c
      1	/home/phd/oliva/src/egcs/gcc/genextract.c
      1	/home/phd/oliva/src/egcs/gcc/genattrtab.c
      1	/home/phd/oliva/src/egcs/gcc/genattr.c
      1	/home/phd/oliva/src/egcs/gcc/gcse.c
      1	/home/phd/oliva/src/egcs/gcc/flow.c
      1	/home/phd/oliva/src/egcs/gcc/final.c
      1	/home/phd/oliva/src/egcs/gcc/f/expr.c
      1	/home/phd/oliva/src/egcs/gcc/f/com.c
      1	/home/phd/oliva/src/egcs/gcc/emit-rtl.c
      1	/home/phd/oliva/src/egcs/gcc/dwarfout.c
      1	/home/phd/oliva/src/egcs/gcc/dwarf2out.c
      1	/home/phd/oliva/src/egcs/gcc/cpplib.c
      1	/home/phd/oliva/src/egcs/gcc/cppinit.c
      1	/home/phd/oliva/src/egcs/gcc/cp/typeck.c
      1	/home/phd/oliva/src/egcs/gcc/cp/semantics.c
      1	/home/phd/oliva/src/egcs/gcc/cp/rtti.c
      1	/home/phd/oliva/src/egcs/gcc/cp/pt.c
      1	/home/phd/oliva/src/egcs/gcc/cp/method.c
      1	/home/phd/oliva/src/egcs/gcc/cp/lex.c
      1	/home/phd/oliva/src/egcs/gcc/cp/error.c
      1	/home/phd/oliva/src/egcs/gcc/cp/errfn.c
      1	/home/phd/oliva/src/egcs/gcc/cp/class.c
      1	/home/phd/oliva/src/egcs/gcc/cp/cfns.h
      1	/home/phd/oliva/src/egcs/gcc/convert.c
      1	/home/phd/oliva/src/egcs/gcc/ch/typeck.c
      1	/home/phd/oliva/src/egcs/gcc/ch/tree.c
      1	/home/phd/oliva/src/egcs/gcc/ch/tasking.c
      1	/home/phd/oliva/src/egcs/gcc/ch/satisfy.c
      1	/home/phd/oliva/src/egcs/gcc/ch/parse.c
      1	/home/phd/oliva/src/egcs/gcc/ch/lex.c
      1	/home/phd/oliva/src/egcs/gcc/ch/grant.c
      1	/home/phd/oliva/src/egcs/gcc/ch/expr.c
      1	/home/phd/oliva/src/egcs/gcc/ch/decl.c
      1	/home/phd/oliva/src/egcs/gcc/ch/actions.c
      1	/home/phd/oliva/src/egcs/gcc/c-typeck.c
      1	/home/phd/oliva/src/egcs/gcc/c-lex.c
      1	/home/phd/oliva/src/egcs/gcc/c-aux-info.c
      1	/home/phd/oliva/src/egcs/gcc/builtins.c
      1	/home/phd/oliva/src/egcs/boehm-gc/solaris_pthreads.c

Number of warning types:
    354	Use of ANSI string concatenation
    124	implicit declaration of function `???'
     55	comparison between signed and unsigned
     39	function declaration isn't a prototype
     28	cast to pointer from integer of different size
     26	Ignoring command line option '-Wstrict-prototypes'
     23	signed and unsigned type in conditional expression
     18	cast from pointer to integer of different size
     16	variable `???' might be clobbered by `longjmp' or `vfork'
     14	`???' might be used uninitialized in this function
     12	unused parameter `???'
      8	deleting `???' is undefined
      8	comparison of distinct pointer types lacks a cast
      8	***********************************************************
      4	missing braces around initializer
      4	`???' defined but not used
      4	(near initialization for `???')
      3	unused variable `???'
      3	passing arg ??? of `???' from incompatible pointer type
      3	overriding commands for target `???'
      3	ignoring old commands for target `???'
      3	??? format, ??? arg (arg ???)
      2	then use the most recent one - libffi-1.20.
      2	pointer targets in passing arg ??? of `???' differ in signedness
      2	function returns address of local variable
      2	This is beta code.  If you're looking for a stable release
      2	# followed by integer
      1	using `???', extracted from `???'
      1	return from incompatible pointer type
      1	passing arg ??? of `???' discards qualifiers from pointer target type
      1	comparison between pointer and integer


More information about the Gcc-testresults mailing list