Results for 2.96 20000716 (experimental) testsuite on sparc-sun-solaris2.6
Theodore Papadopoulo
Theodore.Papadopoulo@sophia.inria.fr
Sun Jul 16 22:05:00 GMT 2000
Native configuration is sparc-sun-solaris2.6
=== libio tests ===
Running target unix
FAIL: tFile.cc execution
FAIL: tFile.cc execution -b0
FAIL: tFile.cc execution -b3
FAIL: tfformat.c execution
=== libio Summary ===
# of expected passes 33
# of unexpected failures 4
# of expected failures 4
=== libstdc++ tests ===
Running target unix
=== libstdc++ Summary ===
# of expected passes 30
=== gcc tests ===
Running target unix
FAIL: gcc.c-torture/compile/20000405-3.c, -O0
FAIL: gcc.c-torture/compile/20000405-3.c, -O1
FAIL: gcc.c-torture/compile/20000405-3.c, -O2
FAIL: gcc.c-torture/compile/20000405-3.c, -O3 -fomit-frame-pointer
FAIL: gcc.c-torture/compile/20000405-3.c, -O3 -g
FAIL: gcc.c-torture/compile/20000405-3.c, -O3 -fssa
FAIL: gcc.c-torture/compile/20000405-3.c, -Os
FAIL: gcc.c-torture/execute/20000225-1.c execution, -O2
FAIL: gcc.c-torture/execute/20000225-1.c execution, -O3 -fomit-frame-pointer
FAIL: gcc.c-torture/execute/20000225-1.c execution, -O3 -fomit-frame-pointer -funroll-loops
FAIL: gcc.c-torture/execute/20000225-1.c execution, -O3 -fomit-frame-pointer -funroll-all-loops -finline-functions
FAIL: gcc.c-torture/execute/20000225-1.c execution, -O3 -g
FAIL: gcc.c-torture/execute/20000225-1.c execution, -O3 -fssa
FAIL: gcc.c-torture/execute/20000225-1.c execution, -Os
FAIL: gcc.c-torture/execute/20000412-2.c execution, -O2
FAIL: gcc.c-torture/execute/20000412-2.c execution, -O3 -fomit-frame-pointer
FAIL: gcc.c-torture/execute/20000412-2.c execution, -O3 -g
FAIL: gcc.c-torture/execute/20000412-2.c execution, -O3 -fssa
FAIL: gcc.c-torture/execute/20000412-2.c execution, -Os
FAIL: gcc.c-torture/execute/990324-1.c execution, -O3 -fomit-frame-pointer
FAIL: gcc.c-torture/execute/990324-1.c execution, -O3 -g
FAIL: gcc.c-torture/execute/990324-1.c execution, -O3 -fssa
FAIL: gcc.c-torture/execute/loop-6.c execution, -O2
FAIL: gcc.c-torture/execute/loop-6.c execution, -O3 -fomit-frame-pointer
FAIL: gcc.c-torture/execute/loop-6.c execution, -O3 -fomit-frame-pointer -funroll-loops
FAIL: gcc.c-torture/execute/loop-6.c execution, -O3 -fomit-frame-pointer -funroll-all-loops -finline-functions
FAIL: gcc.c-torture/execute/loop-6.c execution, -O3 -g
FAIL: gcc.c-torture/execute/loop-6.c execution, -O3 -fssa
FAIL: gcc.c-torture/execute/loop-6.c execution, -Os
FAIL: gcc.c-torture/execute/va-arg-12.c execution, -O1
FAIL: gcc.c-torture/execute/va-arg-12.c execution, -O2
FAIL: gcc.c-torture/execute/va-arg-12.c execution, -O3 -fomit-frame-pointer
FAIL: gcc.c-torture/execute/va-arg-12.c execution, -O3 -g
FAIL: gcc.c-torture/execute/va-arg-12.c execution, -O3 -fssa
FAIL: gcc.c-torture/execute/va-arg-12.c execution, -Os
FAIL: gcc.c-torture/execute/va-arg-15.c execution, -O1
FAIL: gcc.c-torture/execute/va-arg-15.c execution, -O2
FAIL: gcc.c-torture/execute/va-arg-15.c execution, -O3 -fomit-frame-pointer
FAIL: gcc.c-torture/execute/va-arg-15.c execution, -O3 -fomit-frame-pointer -funroll-loops
FAIL: gcc.c-torture/execute/va-arg-15.c execution, -O3 -fomit-frame-pointer -funroll-all-loops -finline-functions
FAIL: gcc.c-torture/execute/va-arg-15.c execution, -O3 -g
FAIL: gcc.c-torture/execute/va-arg-15.c execution, -O3 -fssa
FAIL: gcc.c-torture/execute/va-arg-15.c execution, -Os
FAIL: gcc.c-torture/execute/va-arg-16.c execution, -O1
FAIL: gcc.c-torture/execute/va-arg-16.c execution, -O2
FAIL: gcc.c-torture/execute/va-arg-16.c execution, -O3 -fomit-frame-pointer
FAIL: gcc.c-torture/execute/va-arg-16.c execution, -O3 -g
FAIL: gcc.c-torture/execute/va-arg-16.c execution, -O3 -fssa
FAIL: gcc.c-torture/execute/va-arg-16.c execution, -Os
FAIL: gcc.c-torture/execute/va-arg-20.c execution, -O1
FAIL: gcc.c-torture/execute/va-arg-20.c execution, -O2
FAIL: gcc.c-torture/execute/va-arg-20.c execution, -Os
FAIL: gcc.dg/cpp/if-2.c wide charconst recognition (test for bogus messages, line 9)
FAIL: gcc.dg/bf-spl1.c (test for excess errors)
FAIL: gcc.dg/compare2.c case 10 (test for bogus messages, line 29)
FAIL: gcc.dg/noreturn-1.c this function should not get any warnings (test for bogus messages, line 52)
FAIL: gcc.dg/noreturn-1.c detect return from tail call (test for warnings, line 59)
FAIL: gcc.dg/noreturn-2.c noreturn does return (test for bogus messages, line 12)
=== gcc Summary ===
# of expected passes 11595
# of unexpected failures 58
# of expected failures 29
# of unsupported tests 36
/1/egcs/egcs-solaris/gcc/xgcc version 2.96 20000716 (experimental)
=== g++ tests ===
Running target unix
FAIL: g++.ext/instantiate1.C not instantiated (test for errors, line 18)
FAIL: g++.ext/instantiate1.C not instantiated (test for errors, line 20)
=== g++ Summary ===
# of expected passes 5934
# of unexpected failures 2
# of expected failures 92
# of untested testcases 16
/1/egcs/egcs-solaris/gcc/testsuite/../g++ version 2.96 20000716 (experimental)
=== g77 tests ===
Running target unix
XPASS: g77.f-torture/compile/20000629-1.f, -O0
XPASS: g77.f-torture/compile/20000629-1.f, -O1
XPASS: g77.f-torture/compile/20000629-1.f, -O2
XPASS: g77.f-torture/compile/20000629-1.f, -O2 -fomit-frame-pointer -finline-functions
XPASS: g77.f-torture/compile/20000629-1.f, -O2 -fomit-frame-pointer -finline-functions -funroll-loops
XPASS: g77.f-torture/compile/20000629-1.f, -O2 -fomit-frame-pointer -finline-functions -funroll-all-loops
XPASS: g77.f-torture/compile/20000629-1.f, -O3 -g
XPASS: g77.f-torture/compile/20000629-1.f, -O3 -fssa
XPASS: g77.f-torture/compile/20000629-1.f, -Os
=== g77 Summary ===
# of expected passes 967
# of unexpected successes 9
# of expected failures 7
=== objc tests ===
Running target unix
FAIL: objc/execute/bf-1.m compilation, -O
FAIL: objc/execute/bf-10.m compilation, -O
FAIL: objc/execute/bf-11.m compilation, -O
FAIL: objc/execute/bf-12.m compilation, -O
FAIL: objc/execute/bf-13.m compilation, -O
FAIL: objc/execute/bf-14.m compilation, -O
FAIL: objc/execute/bf-15.m compilation, -O
FAIL: objc/execute/bf-16.m compilation, -O
FAIL: objc/execute/bf-17.m compilation, -O
FAIL: objc/execute/bf-18.m compilation, -O
FAIL: objc/execute/bf-19.m compilation, -O
FAIL: objc/execute/bf-2.m compilation, -O
FAIL: objc/execute/bf-20.m compilation, -O
FAIL: objc/execute/bf-3.m compilation, -O
FAIL: objc/execute/bf-4.m compilation, -O
FAIL: objc/execute/bf-5.m compilation, -O
FAIL: objc/execute/bf-6.m compilation, -O
FAIL: objc/execute/bf-7.m compilation, -O
FAIL: objc/execute/bf-8.m compilation, -O
FAIL: objc/execute/bf-9.m compilation, -O
=== objc Summary ===
# of unexpected failures 20
# of untested testcases 20
/1/egcs/egcs-solaris/gcc/xgcc version 2.96 20000716 (experimental)
Compiler version: 2.96 20000716 (experimental)
Platform: sparc-sun-solaris2.6
configure flags: --host=sparc-sun-solaris2.6 --srcdir=../egcs --prefix=/net/home/robotvis/gnu/egcs --enable-threads=posix --with-gnu-as --with-gnu-ld --with-as=/net/home/robotvis/gnu/binutils/bin/as --with-ld=/net/home/robotvis/gnu/binutils/bin/ld
Counting all warnings,
there are 152 warnings in stage3 of this bootstrap.
Number of warnings per file:
29 ../../egcs/gcc/combine.c
15 ../../egcs/gcc/gcc.c
15 ../../egcs/gcc/collect2.c
13 cc1plus
11 ../../egcs/gcc/expr.c
7 ../../egcs/gcc/libgcc2.c
7 ../../egcs/gcc/cpplex.c
6 ../../egcs/gcc/frame-dwarf2.c
6 ../../egcs/gcc/cse.c
5 ../../../egcs/gcc/cp/decl.c
4 ../../egcs/gcc/config/sparc/sparc.c
2 ../../egcs/gcc/reload1.c
2 ../../egcs/gcc/regrename.c
2 ../../egcs/gcc/regmove.c
2 ../../egcs/gcc/function.c
2 ../../egcs/gcc/fold-const.c
2 ../../egcs/gcc/c-common.c
2 ../../egcs/gcc/alias.c
2 ../../../egcs/gcc/intl/dcgettext.c
1 ../../egcs/gcc/real.c
1 ../../egcs/gcc/loop.c
1 ../../egcs/gcc/java/jvspec.c
1 ../../egcs/gcc/gcse.c
1 ../../egcs/gcc/flow.c
1 ../../egcs/gcc/f/lang-specs.h
1 ../../egcs/gcc/expmed.c
1 ../../egcs/gcc/dwarfout.c
1 ../../egcs/gcc/dwarf2out.c
1 ../../../egcs/gcc/java/class.c
1 ../../../egcs/gcc/intl/localealias.c
1 ../../../egcs/gcc/f/fini.c
1 ../../../egcs/gcc/f/expr.c
1 ../../../egcs/gcc/f/com.c
1 ../../../egcs/gcc/cp/semantics.c
1 ../../../egcs/gcc/cp/error.c
1 ../../../egcs/gcc/cp/errfn.c
1 ../../../egcs/gcc/cp/cfns.h
Number of warning types:
52 comparison between signed and unsigned
36 function declaration isn't a prototype
21 signed and unsigned type in conditional expression
13 Ignoring command line option '-Wstrict-prototypes'
5 string length \`???' is greater than the minimum length \`???' ANSI C is required to support
5 \`???' might be used uninitialized in this function
5 (near initialization for \`???')
3 passing arg ??? of \`???' from incompatible pointer type
3 missing braces around initializer
2 pointer targets in passing arg ??? of \`???' differ in signedness
2 missing initializer
1 unused parameter \`???'
1 traditional C rejects automatic aggregate initialization
1 traditional C lacks a separate namespace for labels, identifier \`???' conflicts
1 passing arg ??? of \`???' discards qualifiers from pointer target type
1 implicit declaration of function \`???'
More information about the Gcc-testresults
mailing list