Results for 2.96 20000710 (experimental) testsuite on rs6000-ibm-aix4.2.0.0
Rodney Brown
rdb@localhost
Sun Jul 16 06:04:00 GMT 2000
Native configuration is rs6000-ibm-aix4.2.0.0
=== libstdc++ tests ===
Running target unix
FAIL: tstring.cc -O compilation
=== libstdc++ Summary ===
# of expected passes 27
# of unexpected failures 1
# of expected failures 2
=== gcc tests ===
Running target unix
FAIL: gcc.c-torture/compile/981001-2.c, -O3 -fomit-frame-pointer
FAIL: gcc.c-torture/compile/981001-2.c, -O3 -g
FAIL: gcc.c-torture/compile/981001-2.c, -O3 -fssa
FAIL: gcc.c-torture/execute/20000225-1.c execution, -O2
FAIL: gcc.c-torture/execute/20000225-1.c execution, -O3 -fomit-frame-pointer
FAIL: gcc.c-torture/execute/20000225-1.c execution, -O3 -fomit-frame-pointer -funroll-loops
FAIL: gcc.c-torture/execute/20000225-1.c execution, -O3 -fomit-frame-pointer -funroll-all-loops -finline-functions
FAIL: gcc.c-torture/execute/20000225-1.c execution, -O3 -g
FAIL: gcc.c-torture/execute/20000225-1.c execution, -O3 -fssa
FAIL: gcc.c-torture/execute/20000225-1.c execution, -Os
FAIL: gcc.c-torture/execute/20000412-2.c execution, -O2
FAIL: gcc.c-torture/execute/20000412-2.c execution, -O3 -fomit-frame-pointer
FAIL: gcc.c-torture/execute/20000412-2.c execution, -O3 -g
FAIL: gcc.c-torture/execute/20000412-2.c execution, -O3 -fssa
FAIL: gcc.c-torture/execute/20000412-2.c execution, -Os
FAIL: gcc.c-torture/execute/20000412-3.c execution, -O0
FAIL: gcc.c-torture/execute/20000412-3.c execution, -O1
FAIL: gcc.c-torture/execute/20000412-3.c execution, -O2
FAIL: gcc.c-torture/execute/20000412-3.c execution, -O3 -fomit-frame-pointer
FAIL: gcc.c-torture/execute/20000412-3.c execution, -O3 -g
FAIL: gcc.c-torture/execute/20000412-3.c execution, -O3 -fssa
FAIL: gcc.c-torture/execute/20000412-3.c execution, -Os
FAIL: gcc.c-torture/execute/930921-1.c compilation, -O0
FAIL: gcc.c-torture/execute/930921-1.c compilation, -O1
FAIL: gcc.c-torture/execute/930921-1.c compilation, -O2
FAIL: gcc.c-torture/execute/930921-1.c compilation, -O3 -fomit-frame-pointer
FAIL: gcc.c-torture/execute/930921-1.c compilation, -O3 -fomit-frame-pointer -funroll-loops
FAIL: gcc.c-torture/execute/930921-1.c compilation, -O3 -fomit-frame-pointer -funroll-all-loops -finline-functions
FAIL: gcc.c-torture/execute/930921-1.c compilation, -O3 -g
FAIL: gcc.c-torture/execute/930921-1.c compilation, -O3 -fssa
FAIL: gcc.c-torture/execute/930921-1.c compilation, -Os
FAIL: gcc.c-torture/execute/eeprof-1.c execution, -O0
FAIL: gcc.c-torture/execute/eeprof-1.c execution, -O1
FAIL: gcc.c-torture/execute/eeprof-1.c execution, -O2
FAIL: gcc.c-torture/execute/eeprof-1.c execution, -O3 -fomit-frame-pointer
FAIL: gcc.c-torture/execute/eeprof-1.c execution, -O3 -g
FAIL: gcc.c-torture/execute/eeprof-1.c execution, -O3 -fssa
FAIL: gcc.c-torture/execute/eeprof-1.c execution, -Os
XPASS: gcc.c-torture/execute/memcheck/blkarg.c execution, -O0
XPASS: gcc.c-torture/execute/memcheck/blkarg.c execution, -O1
XPASS: gcc.c-torture/execute/memcheck/blkarg.c execution, -O2
XPASS: gcc.c-torture/execute/memcheck/blkarg.c execution, -O3 -fomit-frame-pointer
XPASS: gcc.c-torture/execute/memcheck/blkarg.c execution, -O3 -g
XPASS: gcc.c-torture/execute/memcheck/blkarg.c execution, -O3 -fssa
XPASS: gcc.c-torture/execute/memcheck/blkarg.c execution, -Os
FAIL: gcc.dg/cpp/lexstrng.c (test for excess errors)
FAIL: gcc.dg/cpp/paste2.c (test for excess errors)
FAIL: gcc.dg/cpp/poison.c #if defined foo6 (test for errors, line 20)
FAIL: gcc.dg/cpp/poison.c use of foo6 (test for errors, line 23)
FAIL: gcc.dg/cpp/poison.c (test for excess errors)
FAIL: gcc.dg/cpp/redef2.c redef va (test for warnings, line 15)
FAIL: gcc.dg/cpp/redef2.c prev def va (test for warnings, line 14)
FAIL: gcc.dg/cpp/redef2.c anon varargs (test for warnings, line 15)
FAIL: gcc.dg/cpp/redef2.c (test for excess errors)
FAIL: gcc.dg/cpp/tr-warn1.c extension warning (test for warnings, line 24)
FAIL: gcc.dg/cpp/tr-warn1.c extension warning (test for warnings, line 25)
FAIL: gcc.dg/cpp/tr-warn1.c (test for excess errors)
FAIL: gcc.dg/compare2.c case 10 (test for bogus messages, line 29)
FAIL: alias-1.c
FAIL: wkali-1.c
=== gcc Summary ===
# of expected passes 11532
# of unexpected failures 53
# of unexpected successes 7
# of expected failures 22
# of unresolved testcases 12
# of unsupported tests 37
/devel/tmp/egcs-20000710.obj/gcc/xgcc version 2.96 20000710 (experimental)
=== g++ tests ===
Running target unix
FAIL: g++.ext/attrib5.C (test for excess errors)
FAIL: g++.ext/instantiate1.C not instantiated (test for errors, line 18)
FAIL: g++.ext/instantiate1.C not instantiated (test for errors, line 20)
FAIL: g++.ext/instantiate2.C not instantiated (test for errors, line 16)
FAIL: g++.ext/instantiate3.C not instantiated (test for errors, line 13)
FAIL: g++.jason/thunk2.C (test for excess errors)
FAIL: g++.mike/eh30.C (test for excess errors)
FAIL: g++.mike/p4750.C (test for excess errors)
FAIL: g++.other/crash18.C (test for excess errors)
FAIL: g++.other/decl4.C caused compiler crash
FAIL: g++.other/ptrmem6.C (test for excess errors)
XPASS: g++.pt/decl2.C ICE - (test for errors, line 8)
FAIL: g++.pt/instantiate4.C (test for excess errors)
FAIL: g++.pt/instantiate6.C (test for excess errors)
FAIL: g++.pt/local6.C (test for excess errors)
FAIL: g++.pt/mi1.C (test for excess errors)
FAIL: g++.pt/repo1.C (test for excess errors)
FAIL: g++.pt/repo2.C (test for excess errors)
FAIL: g++.pt/repo3.C (test for excess errors)
FAIL: g++.pt/spec14.C caused compiler crash
FAIL: g++.pt/spec3.C (test for excess errors)
FAIL: g++.pt/static3.C (test for excess errors)
FAIL: g++.pt/static6.C (test for excess errors)
FAIL: g++.pt/virtual1.C (test for excess errors)
FAIL: g++.pt/virtual4.C (test for excess errors)
FAIL: g++.robertl/eb106.C (test for excess errors)
=== g++ Summary ===
# of expected passes 5900
# of unexpected failures 25
# of unexpected successes 1
# of expected failures 98
# of untested testcases 18
/devel/tmp/egcs-20000710.obj/gcc/testsuite/../g++ version 2.96 20000710 (experimental)
=== g77 tests ===
Running target unix
XPASS: g77.f-torture/compile/20000629-1.f, -O0
XPASS: g77.f-torture/compile/20000629-1.f, -O1
XPASS: g77.f-torture/compile/20000629-1.f, -O2
XPASS: g77.f-torture/compile/20000629-1.f, -O2 -fomit-frame-pointer -finline-functions
XPASS: g77.f-torture/compile/20000629-1.f, -O2 -fomit-frame-pointer -finline-functions -funroll-loops
XPASS: g77.f-torture/compile/20000629-1.f, -O2 -fomit-frame-pointer -finline-functions -funroll-all-loops
XPASS: g77.f-torture/compile/20000629-1.f, -O3 -g
XPASS: g77.f-torture/compile/20000629-1.f, -O3 -fssa
XPASS: g77.f-torture/compile/20000629-1.f, -Os
XPASS: g77.f-torture/execute/20000503-1.f execution, -O0
XPASS: g77.f-torture/execute/20000503-1.f execution, -O1
XPASS: g77.f-torture/execute/20000503-1.f execution, -O2
XPASS: g77.f-torture/execute/20000503-1.f execution, -O2 -fomit-frame-pointer -finline-functions
XPASS: g77.f-torture/execute/20000503-1.f execution, -O2 -fomit-frame-pointer -finline-functions -funroll-loops
XPASS: g77.f-torture/execute/20000503-1.f execution, -O2 -fomit-frame-pointer -finline-functions -funroll-all-loops
XPASS: g77.f-torture/execute/20000503-1.f execution, -O3 -g
XPASS: g77.f-torture/execute/20000503-1.f execution, -O3 -fssa
XPASS: g77.f-torture/execute/20000503-1.f execution, -Os
=== g77 Summary ===
# of expected passes 958
# of unexpected successes 18
=== objc tests ===
Running target unix
FAIL: objc/execute/bf-1.m compilation, -O
FAIL: objc/execute/bf-10.m compilation, -O
FAIL: objc/execute/bf-11.m compilation, -O
FAIL: objc/execute/bf-12.m compilation, -O
FAIL: objc/execute/bf-13.m compilation, -O
FAIL: objc/execute/bf-14.m compilation, -O
FAIL: objc/execute/bf-15.m compilation, -O
FAIL: objc/execute/bf-16.m compilation, -O
FAIL: objc/execute/bf-17.m compilation, -O
FAIL: objc/execute/bf-18.m compilation, -O
FAIL: objc/execute/bf-19.m compilation, -O
FAIL: objc/execute/bf-2.m compilation, -O
FAIL: objc/execute/bf-20.m compilation, -O
FAIL: objc/execute/bf-3.m compilation, -O
FAIL: objc/execute/bf-4.m compilation, -O
FAIL: objc/execute/bf-5.m compilation, -O
FAIL: objc/execute/bf-6.m compilation, -O
FAIL: objc/execute/bf-7.m compilation, -O
FAIL: objc/execute/bf-8.m compilation, -O
FAIL: objc/execute/bf-9.m compilation, -O
=== objc Summary ===
# of unexpected failures 20
# of untested testcases 20
/devel/tmp/egcs-20000710.obj/gcc/xgcc version 2.96 20000710 (experimental)
Compiler version: 2.96 20000710 (experimental)
Platform: rs6000-ibm-aix4.2.0.0
configure flags: --host=rs6000-ibm-aix4.2.0.0
Counting all warnings,
there are 529 warnings in stage3 of this bootstrap.
Number of warnings per file:
78 cc1plus
54 ../../../../egcs-20000710/libobjc/objc/hash.h
36 ../../egcs-20000710/gcc/libgcc2.c
36 ../../../../../egcs-20000710/libobjc/objc/hash.h
29 ../../egcs-20000710/gcc/combine.c
18 ../../../egcs-20000710/libobjc/objc/hash.h
17 ../../egcs-20000710/gcc/config/rs6000/rs6000.c
15 ../../../../egcs-20000710/libiberty/pexecute.c
13 ../../egcs-20000710/gcc/expr.c
10 ../../../../../egcs-20000710/libiberty/pexecute.c
8 ../../egcs-20000710/gcc/cpplex.c
7 ../../egcs-20000710/gcc/cse.c
6 ../../../../egcs-20000710/libobjc/selector.c
6 ../../../../egcs-20000710/libobjc/objects.c
6 ../../../../egcs-20000710/libobjc/archive.c
6 ../../../../egcs-20000710/libiberty/getopt.c
5 ../../../egcs-20000710/libiberty/pexecute.c
4 ../../egcs-20000710/gcc/reload1.c
4 ../../egcs-20000710/gcc/loop.c
4 ../../egcs-20000710/gcc/gcc.c
4 ../../../../../egcs-20000710/libobjc/selector.c
4 ../../../../../egcs-20000710/libobjc/objects.c
4 ../../../../../egcs-20000710/libobjc/archive.c
4 ../../../../../egcs-20000710/libiberty/getopt.c
3 insn-emit.c
3 ../../egcs-20000710/gcc/varasm.c
3 ../../egcs-20000710/gcc/regmove.c
3 ../../egcs-20000710/gcc/collect2.c
3 ../../egcs-20000710/gcc/c-decl.c
3 ../../egcs-20000710/gcc/c-common.c
3 ../../../../egcs-20000710/libobjc/sarray.c
3 ../../../../egcs-20000710/libobjc/Object.m
3 ../../../../egcs-20000710/libiberty/xexit.c
3 ../../../../egcs-20000710/libiberty/vasprintf.c
3 ../../../../egcs-20000710/libiberty/setenv.c
3 ../../../../egcs-20000710/libiberty/cp-demangle.c
3 ../../../../egcs-20000710/libchill/concatstr.c
2 ../../egcs-20000710/gcc/tree.c
2 ../../egcs-20000710/gcc/regrename.c
2 ../../egcs-20000710/gcc/function.c
2 ../../egcs-20000710/gcc/fold-const.c
2 ../../egcs-20000710/gcc/expmed.c
2 ../../egcs-20000710/gcc/cppfiles.c
2 ../../egcs-20000710/gcc/c-parse.y
2 ../../egcs-20000710/gcc/alias.c
2 ../../../egcs-20000710/libobjc/selector.c
2 ../../../egcs-20000710/libobjc/objects.c
2 ../../../egcs-20000710/libobjc/archive.c
2 ../../../egcs-20000710/libiberty/getopt.c
2 ../../../egcs-20000710/gcc/intl/localealias.c
2 ../../../../egcs-20000710/libio/dbz/byteflip.c
2 ../../../../../egcs-20000710/libobjc/sarray.c
2 ../../../../../egcs-20000710/libobjc/Object.m
2 ../../../../../egcs-20000710/libiberty/xexit.c
2 ../../../../../egcs-20000710/libiberty/vasprintf.c
2 ../../../../../egcs-20000710/libiberty/setenv.c
2 ../../../../../egcs-20000710/libiberty/cp-demangle.c
2 ../../../../../egcs-20000710/libchill/concatstr.c
1 ../../egcs-20000710/gcc/xcoffout.c
1 ../../egcs-20000710/gcc/tradcpp.c
1 ../../egcs-20000710/gcc/toplev.c
1 ../../egcs-20000710/gcc/stmt.c
1 ../../egcs-20000710/gcc/ssa.c
1 ../../egcs-20000710/gcc/rtl.c
1 ../../egcs-20000710/gcc/reload.c
1 ../../egcs-20000710/gcc/recog.c
1 ../../egcs-20000710/gcc/real.c
1 ../../egcs-20000710/gcc/profile.c
1 ../../egcs-20000710/gcc/prefix.c
1 ../../egcs-20000710/gcc/objc/objc-act.c
1 ../../egcs-20000710/gcc/mkdeps.c
1 ../../egcs-20000710/gcc/haifa-sched.c
1 ../../egcs-20000710/gcc/graph.c
1 ../../egcs-20000710/gcc/genrecog.c
1 ../../egcs-20000710/gcc/genoutput.c
1 ../../egcs-20000710/gcc/genextract.c
1 ../../egcs-20000710/gcc/genattrtab.c
1 ../../egcs-20000710/gcc/genattr.c
1 ../../egcs-20000710/gcc/gcse.c
1 ../../egcs-20000710/gcc/flow.c
1 ../../egcs-20000710/gcc/final.c
1 ../../egcs-20000710/gcc/emit-rtl.c
1 ../../egcs-20000710/gcc/dwarf2out.c
1 ../../egcs-20000710/gcc/cpplib.c
1 ../../egcs-20000710/gcc/cppinit.c
1 ../../egcs-20000710/gcc/convert.c
1 ../../egcs-20000710/gcc/calls.c
1 ../../egcs-20000710/gcc/c-typeck.c
1 ../../egcs-20000710/gcc/c-lex.c
1 ../../egcs-20000710/gcc/c-aux-info.c
1 ../../egcs-20000710/gcc/builtins.c
1 ../../../egcs-20000710/libobjc/sarray.c
1 ../../../egcs-20000710/libobjc/Object.m
1 ../../../egcs-20000710/libiberty/xexit.c
1 ../../../egcs-20000710/libiberty/vasprintf.c
1 ../../../egcs-20000710/libiberty/setenv.c
1 ../../../egcs-20000710/libiberty/cp-demangle.c
1 ../../../egcs-20000710/libchill/concatstr.c
1 ../../../egcs-20000710/gcc/java/jcf-write.c
1 ../../../egcs-20000710/gcc/java/jcf-path.c
1 ../../../egcs-20000710/gcc/java/jcf-io.c
1 ../../../egcs-20000710/gcc/java/class.c
1 ../../../egcs-20000710/gcc/java/check-init.c
1 ../../../egcs-20000710/gcc/intl/dcgettext.c
1 ../../../egcs-20000710/gcc/f/expr.c
1 ../../../egcs-20000710/gcc/f/com.c
1 ../../../egcs-20000710/gcc/cp/typeck.c
1 ../../../egcs-20000710/gcc/cp/semantics.c
1 ../../../egcs-20000710/gcc/cp/rtti.c
1 ../../../egcs-20000710/gcc/cp/pt.c
1 ../../../egcs-20000710/gcc/cp/method.c
1 ../../../egcs-20000710/gcc/cp/lex.c
1 ../../../egcs-20000710/gcc/cp/error.c
1 ../../../egcs-20000710/gcc/cp/errfn.c
1 ../../../egcs-20000710/gcc/cp/decl.c
1 ../../../egcs-20000710/gcc/cp/class.c
1 ../../../egcs-20000710/gcc/cp/cfns.h
1 ../../../egcs-20000710/gcc/ch/typeck.c
1 ../../../egcs-20000710/gcc/ch/tree.c
1 ../../../egcs-20000710/gcc/ch/tasking.c
1 ../../../egcs-20000710/gcc/ch/satisfy.c
1 ../../../egcs-20000710/gcc/ch/parse.c
1 ../../../egcs-20000710/gcc/ch/lex.c
1 ../../../egcs-20000710/gcc/ch/grant.c
1 ../../../egcs-20000710/gcc/ch/expr.c
1 ../../../egcs-20000710/gcc/ch/decl.c
1 ../../../egcs-20000710/gcc/ch/actions.c
1 ../../../../egcs-20000710/libio/dbz/fake.c
Number of warning types:
247 implicit declaration of function \`???'
78 Ignoring command line option '-Wstrict-prototypes'
63 comparison between signed and unsigned
24 variable \`???' might be clobbered by \`longjmp' or \`vfork'
23 \`???' might be used uninitialized in this function
22 signed and unsigned type in conditional expression
21 function declaration isn't a prototype
17 unused parameter \`???'
12 no previous prototype for \`???'
6 alignment of \`???' is greater than maximum object file alignment. Using 8.
6 \`???' defined but not used
3 unused variable \`???'
3 passing arg ??? of \`???' from incompatible pointer type
2 pointer targets in passing arg ??? of \`???' differ in signedness
1 return from incompatible pointer type
1 comparison between pointer and integer
More information about the Gcc-testresults
mailing list