Results for 2.96 20000714 (experimental) testsuite on i586-pc-linux-gnu

Andris Pavenis andris@hal.astr.lu.lv
Fri Jul 14 22:25:00 GMT 2000


Source:   gcc mainline from CVS (last updated 2000 Jul 15  01:01  +0200)
System:   Linux kernel 2.4.0-test4
          glibc-2.1.3
          binutils-2.10.0.12
Addons:   libg++-2.8.1.3-20000419

Native configuration is i586-pc-linux-gnu

		=== libio tests ===


Running target unix
FAIL: hounddog.cc execution 
FAIL: hounddog.cc execution -b0
FAIL: hounddog.cc execution -b2

		=== libio Summary ===

# of expected passes		34
# of unexpected failures	3
# of expected failures		3
		=== libstdc++ tests ===


Running target unix
FAIL: tstring.cc execution

		=== libstdc++ Summary ===

# of expected passes		28
# of unexpected failures	1
# of expected failures		1
		=== libg++ tests ===


Running target unix
FAIL: tBitString.cc execution
FAIL: tRational.cc execution
FAIL: tFile.cc execution
FAIL: tFix16.cc execution
FAIL: tFix24.cc execution
FAIL: tInteger.cc execution
FAIL: tRandom.cc execution
FAIL: tString.cc execution

		=== libg++ Summary ===

# of expected passes		56
# of unexpected failures	8
# of expected failures		8
		=== gcc tests ===


Running target unix
FAIL: gcc.c-torture/compile/930529-1.c,  -O3 -fssa  
FAIL: gcc.c-torture/execute/20000225-1.c execution,  -O2 
FAIL: gcc.c-torture/execute/20000225-1.c execution,  -O3 -fomit-frame-pointer 
FAIL: gcc.c-torture/execute/20000225-1.c execution,  -O3 -fomit-frame-pointer -funroll-loops 
FAIL: gcc.c-torture/execute/20000225-1.c execution,  -O3 -fomit-frame-pointer -funroll-all-loops -finline-functions 
FAIL: gcc.c-torture/execute/20000225-1.c execution,  -O3 -g 
FAIL: gcc.c-torture/execute/20000225-1.c execution,  -O3 -fssa 
FAIL: gcc.c-torture/execute/20000225-1.c execution,  -Os 
FAIL: gcc.c-torture/execute/20000412-2.c execution,  -O2 
FAIL: gcc.c-torture/execute/20000412-2.c execution,  -O3 -fomit-frame-pointer 
FAIL: gcc.c-torture/execute/20000412-2.c execution,  -O3 -g 
FAIL: gcc.c-torture/execute/20000412-2.c execution,  -O3 -fssa 
FAIL: gcc.c-torture/execute/20000412-2.c execution,  -Os 
FAIL: gcc.dg/20000503-1.c (test for excess errors)
FAIL: gcc.dg/20000609-1.c execution test
FAIL: gcc.dg/20000614-1.c (test for excess errors)
FAIL: gcc.dg/20000614-2.c execution test
FAIL: gcc.dg/991214-1.c (test for excess errors)
FAIL: gcc.dg/compare2.c case 10 (test for bogus messages, line 29)
FAIL: gcc.dg/noreturn-1.c this function should not get any warnings (test for bogus messages, line 52)
FAIL: gcc.dg/noreturn-1.c detect return from tail call (test for warnings, line 59)
FAIL: gcc.dg/noreturn-2.c noreturn does return (test for bogus messages, line 12)
FAIL: gcc.misc-tests/mg.c

		=== gcc Summary ===

# of expected passes		11226
# of unexpected failures	23
# of expected failures		29
# of unsupported tests		14
/disk2/cvs/egcs-curr/build/build.lnx/gcc/xgcc version 2.96 20000714 (experimental)

		=== g++ tests ===


Running target unix
FAIL: g++.brendan/eh1.C  Execution test
FAIL: g++.eh/badalloc1.C  Execution test
FAIL: g++.eh/catch11.C  Execution test
FAIL: g++.eh/catch12.C  Execution test
FAIL: g++.eh/catch3.C  Execution test
FAIL: g++.eh/catch3p.C  Execution test
FAIL: g++.eh/catch4.C  Execution test
FAIL: g++.eh/catch4p.C  Execution test
FAIL: g++.eh/catch5.C  Execution test
FAIL: g++.eh/catch5p.C  Execution test
FAIL: g++.eh/catch6.C  Execution test
FAIL: g++.eh/catch6p.C  Execution test
FAIL: g++.eh/catch7.C  Execution test
FAIL: g++.eh/catch7p.C  Execution test
FAIL: g++.eh/catch8.C  Execution test
FAIL: g++.eh/catch8p.C  Execution test
FAIL: g++.eh/catch9.C  Execution test
FAIL: g++.eh/catch9p.C  Execution test
FAIL: g++.eh/catchptr1.C  Execution test
FAIL: g++.eh/cleanup1.C  Execution test
FAIL: g++.eh/cleanup2.C  Execution test
FAIL: g++.eh/flow1.C  Execution test
FAIL: g++.eh/fntry1.C  Execution test
FAIL: g++.eh/new1.C  Execution test
FAIL: g++.eh/new2.C  Execution test
FAIL: g++.eh/pdel1.C  Execution test
FAIL: g++.eh/pdel2.C  Execution test
FAIL: g++.eh/ptr1.C  Execution test
FAIL: g++.eh/rethrow1.C  Execution test
FAIL: g++.eh/rethrow2.C  Execution test
FAIL: g++.eh/rethrow3.C  Execution test
FAIL: g++.eh/rethrow4.C  Execution test
FAIL: g++.eh/rethrow5.C  Execution test
FAIL: g++.eh/rethrow6.C  Execution test
FAIL: g++.eh/spec1.C  Execution test
FAIL: g++.eh/spec2.C  Execution test
FAIL: g++.eh/spec3.C  Execution test
FAIL: g++.eh/spec4.C  Execution test
FAIL: g++.eh/tmpl1.C  Execution test
FAIL: g++.eh/unwind1.C  Execution test
FAIL: g++.eh/vbase1.C  Execution test
FAIL: g++.eh/vbase2.C  Execution test
FAIL: g++.eh/vbase4.C  Execution test
FAIL: g++.ext/instantiate1.C not instantiated (test for errors, line 18)
FAIL: g++.ext/instantiate1.C not instantiated (test for errors, line 20)
FAIL: g++.martin/new1.C  Execution test
FAIL: g++.mike/dyncast1.C  Execution test
FAIL: g++.mike/dyncast2.C  Execution test
FAIL: g++.mike/eh10.C  Execution test
FAIL: g++.mike/eh12.C  Execution test
FAIL: g++.mike/eh14.C  Execution test
FAIL: g++.mike/eh16.C  Execution test
FAIL: g++.mike/eh17.C  Execution test
FAIL: g++.mike/eh18.C  Execution test
FAIL: g++.mike/eh2.C  Execution test
FAIL: g++.mike/eh21.C  Execution test
FAIL: g++.mike/eh23.C  Execution test
FAIL: g++.mike/eh24.C  Execution test
FAIL: g++.mike/eh25.C  Execution test
FAIL: g++.mike/eh26.C  Execution test
FAIL: g++.mike/eh27.C  Execution test
FAIL: g++.mike/eh28.C  Execution test
FAIL: g++.mike/eh29.C  Execution test
FAIL: g++.mike/eh3.C  Execution test
FAIL: g++.mike/eh31.C  Execution test
FAIL: g++.mike/eh33.C  Execution test
FAIL: g++.mike/eh34.C  Execution test
FAIL: g++.mike/eh35.C  Execution test
FAIL: g++.mike/eh36.C  Execution test
FAIL: g++.mike/eh37.C  Execution test
FAIL: g++.mike/eh38.C  Execution test
FAIL: g++.mike/eh39.C  Execution test
FAIL: g++.mike/eh40.C  Execution test
FAIL: g++.mike/eh41.C  Execution test
FAIL: g++.mike/eh42.C  Execution test
FAIL: g++.mike/eh44.C  Execution test
FAIL: g++.mike/eh47.C  Execution test
FAIL: g++.mike/eh48.C  Execution test
FAIL: g++.mike/eh49.C  Execution test
FAIL: g++.mike/eh5.C  Execution test
FAIL: g++.mike/eh50.C  Execution test
FAIL: g++.mike/eh51.C  Execution test
FAIL: g++.mike/eh55.C  Execution test
FAIL: g++.mike/eh6.C  Execution test
FAIL: g++.mike/eh8.C  Execution test
FAIL: g++.mike/p7912.C  Execution test
FAIL: g++.mike/p9706.C  Execution test
FAIL: g++.oliva/delete3.C  Execution test
FAIL: g++.oliva/new1.C  Execution test
FAIL: g++.other/array1.C  Execution test
FAIL: g++.other/init7.C  Execution test
FAIL: g++.other/singleton.C  Execution test
FAIL: g++.other/vbase2.C  Execution test
FAIL: g++.pt/fntry1.C  Execution test
FAIL: g++.robertl/eb31.C  Execution test
FAIL: g++.robertl/eb50.C  Execution test
FAIL: g++.robertl/eb66.C  Execution test
FAIL: g++.robertl/eb88.C  Execution test
FAIL: g++.robertl/eh990323-1.C  Execution test
FAIL: g++.robertl/eh990323-2.C  Execution test
FAIL: g++.robertl/eh990323-3.C  Execution test
FAIL: g++.robertl/eh990323-4.C  Execution test
FAIL: g++.robertl/eh990323-5.C  Execution test
FAIL: g++.robertl/ice990323-2.C  Execution test

		=== g++ Summary ===

# of expected passes		5843
# of unexpected failures	104
# of expected failures		93
# of untested testcases		8
/disk2/cvs/egcs-curr/build/build.lnx/gcc/testsuite/../g++ version 2.96 20000714 (experimental)

		=== g77 tests ===


Running target unix
XPASS: g77.f-torture/compile/20000629-1.f,  -O0  
XPASS: g77.f-torture/compile/20000629-1.f,  -O1  
XPASS: g77.f-torture/compile/20000629-1.f,  -O2  
XPASS: g77.f-torture/compile/20000629-1.f,  -O2 -fomit-frame-pointer -finline-functions  
XPASS: g77.f-torture/compile/20000629-1.f,  -O3 -g  
XPASS: g77.f-torture/compile/20000629-1.f,  -O3 -fssa  
XPASS: g77.f-torture/compile/20000629-1.f,  -Os  
FAIL: g77.f-torture/execute/short.f execution,  -Os 

		=== g77 Summary ===

# of expected passes		966
# of unexpected failures	1
# of unexpected successes	7
# of expected failures		9
		=== objc tests ===


Running target unix

		=== objc Summary ===

# of expected passes		40
/disk2/cvs/egcs-curr/build/build.lnx/gcc/xgcc version 2.96 20000714 (experimental)


Compiler version: 2.96 20000714 (experimental) 
Platform: i586-pc-linux-gnu
configure flags: --host=i586-pc-linux --prefix=/usr --enable-shared --with-gnu-ld --verbose

Counting all warnings,
there are 115 warnings in stage3 of this bootstrap.

Number of warnings per file:
     30	../../egcs/gcc/combine.c
     13	cc1plus
     13	../../egcs/gcc/expr.c
     10	../../egcs/gcc/reg-stack.c
      7	../../egcs/gcc/cpplex.c
      5	../../egcs/gcc/gcc.c
      5	../../egcs/gcc/cse.c
      2	../../egcs/gcc/regrename.c
      2	../../egcs/gcc/regmove.c
      2	../../egcs/gcc/libgcc2.c
      2	../../egcs/gcc/function.c
      2	../../egcs/gcc/fold-const.c
      2	../../egcs/gcc/c-common.c
      2	../../egcs/gcc/alias.c
      2	../../../egcs/gcc/intl/dcgettext.c
      1	../../egcs/gcc/real.c
      1	../../egcs/gcc/loop.c
      1	../../egcs/gcc/java/jvspec.c
      1	../../egcs/gcc/gcse.c
      1	../../egcs/gcc/f/lang-specs.h
      1	../../egcs/gcc/expmed.c
      1	../../egcs/gcc/dwarfout.c
      1	../../egcs/gcc/config/i386/i386.c
      1	../../../egcs/gcc/java/class.c
      1	../../../egcs/gcc/f/fini.c
      1	../../../egcs/gcc/f/expr.c
      1	../../../egcs/gcc/f/com.c
      1	../../../egcs/gcc/cp/semantics.c
      1	../../../egcs/gcc/cp/error.c
      1	../../../egcs/gcc/cp/errfn.c
      1	../../../egcs/gcc/cp/cfns.h

Number of warning types:
     62	comparison between signed and unsigned
     15	signed and unsigned type in conditional expression
     13	Ignoring command line option '-Wstrict-prototypes'
      6	function declaration isn't a prototype
      5	`???' might be used uninitialized in this function
      4	string length `???' is greater than the minimum length `???' ANSI C is required to support
      3	passing arg ??? of `???' from incompatible pointer type
      2	traditional C lacks a separate namespace for labels, identifier `???' conflicts
      1	unused parameter `???'
      1	traditional C rejects automatic aggregate initialization
      1	pointer targets in passing arg ??? of `???' differ in signedness
      1	passing arg ??? of `???' discards qualifiers from pointer target type
      1	no previous prototype for `???'


More information about the Gcc-testresults mailing list