Results for 2.96 20000710 (experimental) testsuite on sparc-sun-solaris2.5
Alexandre Oliva
oliva@ic.unicamp.br
Thu Jul 13 13:14:00 GMT 2000
Native configuration is sparc-sun-solaris2.5
=== binutils tests ===
Running target unix
=== binutils Summary ===
# of expected passes 20
# of untested testcases 6
=== g++ tests ===
Running target unix
FAIL: g++.ext/instantiate1.C not instantiated (test for errors, line 18)
FAIL: g++.ext/instantiate1.C not instantiated (test for errors, line 20)
FAIL: g++.other/vaarg3.C promote (test for errors, line 26)
=== g++ Summary ===
# of expected passes 5933
# of unexpected failures 3
# of expected failures 92
# of untested testcases 16
/tmp/egcs/gcc/testsuite/../g++ version 2.96 20000710 (experimental)
=== g77 tests ===
Running target unix
XPASS: g77.f-torture/compile/20000629-1.f, -O0
XPASS: g77.f-torture/compile/20000629-1.f, -O1
XPASS: g77.f-torture/compile/20000629-1.f, -O2
XPASS: g77.f-torture/compile/20000629-1.f, -O2 -fomit-frame-pointer -finline-functions
XPASS: g77.f-torture/compile/20000629-1.f, -O2 -fomit-frame-pointer -finline-functions -funroll-loops
XPASS: g77.f-torture/compile/20000629-1.f, -O2 -fomit-frame-pointer -finline-functions -funroll-all-loops
XPASS: g77.f-torture/compile/20000629-1.f, -O3 -g
XPASS: g77.f-torture/compile/20000629-1.f, -O3 -fssa
XPASS: g77.f-torture/compile/20000629-1.f, -Os
XPASS: g77.f-torture/execute/20000503-1.f execution, -O0
XPASS: g77.f-torture/execute/20000503-1.f execution, -O1
XPASS: g77.f-torture/execute/20000503-1.f execution, -O2
XPASS: g77.f-torture/execute/20000503-1.f execution, -O2 -fomit-frame-pointer -finline-functions
XPASS: g77.f-torture/execute/20000503-1.f execution, -O2 -fomit-frame-pointer -finline-functions -funroll-loops
XPASS: g77.f-torture/execute/20000503-1.f execution, -O2 -fomit-frame-pointer -finline-functions -funroll-all-loops
XPASS: g77.f-torture/execute/20000503-1.f execution, -O3 -g
XPASS: g77.f-torture/execute/20000503-1.f execution, -O3 -fssa
XPASS: g77.f-torture/execute/20000503-1.f execution, -Os
=== g77 Summary ===
# of expected passes 958
# of unexpected successes 18
=== gas tests ===
Running target unix
=== gas Summary ===
# of expected passes 73
=== gcc tests ===
Running target unix
FAIL: gcc.c-torture/compile/20000405-3.c, -O0
FAIL: gcc.c-torture/compile/20000405-3.c, -O1
FAIL: gcc.c-torture/compile/20000405-3.c, -O2
FAIL: gcc.c-torture/compile/20000405-3.c, -O3 -fomit-frame-pointer
FAIL: gcc.c-torture/compile/20000405-3.c, -O3 -g
FAIL: gcc.c-torture/compile/20000405-3.c, -O3 -fssa
FAIL: gcc.c-torture/compile/20000405-3.c, -Os
FAIL: gcc.c-torture/execute/20000225-1.c execution, -O2
FAIL: gcc.c-torture/execute/20000225-1.c execution, -O3 -fomit-frame-pointer
FAIL: gcc.c-torture/execute/20000225-1.c execution, -O3 -fomit-frame-pointer -funroll-loops
FAIL: gcc.c-torture/execute/20000225-1.c execution, -O3 -fomit-frame-pointer -funroll-all-loops -finline-functions
FAIL: gcc.c-torture/execute/20000225-1.c execution, -O3 -g
FAIL: gcc.c-torture/execute/20000225-1.c execution, -O3 -fssa
FAIL: gcc.c-torture/execute/20000225-1.c execution, -Os
FAIL: gcc.c-torture/execute/20000412-2.c execution, -O2
FAIL: gcc.c-torture/execute/20000412-2.c execution, -O3 -fomit-frame-pointer
FAIL: gcc.c-torture/execute/20000412-2.c execution, -O3 -g
FAIL: gcc.c-torture/execute/20000412-2.c execution, -O3 -fssa
FAIL: gcc.c-torture/execute/20000412-2.c execution, -Os
FAIL: gcc.c-torture/execute/931004-4.c compilation, -O0
FAIL: gcc.c-torture/execute/960402-1.c compilation, -O2
FAIL: gcc.c-torture/execute/960402-1.c compilation, -O3 -fomit-frame-pointer
FAIL: gcc.c-torture/execute/960402-1.c compilation, -O3 -g
FAIL: gcc.c-torture/execute/960402-1.c compilation, -O3 -fssa
FAIL: gcc.c-torture/execute/960402-1.c compilation, -Os
FAIL: gcc.c-torture/execute/960405-1.c compilation, -O0
FAIL: gcc.c-torture/execute/960405-1.c compilation, -O1
FAIL: gcc.c-torture/execute/960405-1.c compilation, -O2
FAIL: gcc.c-torture/execute/960405-1.c compilation, -O3 -fomit-frame-pointer
FAIL: gcc.c-torture/execute/960405-1.c compilation, -O3 -g
FAIL: gcc.c-torture/execute/960405-1.c compilation, -O3 -fssa
FAIL: gcc.c-torture/execute/960405-1.c compilation, -Os
FAIL: gcc.c-torture/execute/960416-1.c compilation, -O0
FAIL: gcc.c-torture/execute/960416-1.c compilation, -O1
FAIL: gcc.c-torture/execute/960416-1.c compilation, -O2
FAIL: gcc.c-torture/execute/960416-1.c compilation, -O3 -fomit-frame-pointer
FAIL: gcc.c-torture/execute/960416-1.c compilation, -O3 -g
FAIL: gcc.c-torture/execute/960416-1.c compilation, -O3 -fssa
FAIL: gcc.c-torture/execute/960416-1.c compilation, -Os
FAIL: gcc.c-torture/execute/960419-1.c compilation, -O0
FAIL: gcc.c-torture/execute/960419-1.c compilation, -O1
FAIL: gcc.c-torture/execute/960419-1.c compilation, -O2
FAIL: gcc.c-torture/execute/960419-1.c compilation, -O3 -fomit-frame-pointer
FAIL: gcc.c-torture/execute/960419-1.c compilation, -O3 -g
FAIL: gcc.c-torture/execute/960419-1.c compilation, -O3 -fssa
FAIL: gcc.c-torture/execute/960419-1.c compilation, -Os
FAIL: gcc.c-torture/execute/960419-2.c compilation, -O0
FAIL: gcc.c-torture/execute/960419-2.c compilation, -O1
FAIL: gcc.c-torture/execute/960419-2.c compilation, -O2
FAIL: gcc.c-torture/execute/960419-2.c compilation, -O3 -fomit-frame-pointer
FAIL: gcc.c-torture/execute/960419-2.c compilation, -O3 -fomit-frame-pointer -funroll-loops
FAIL: gcc.c-torture/execute/960419-2.c compilation, -O3 -fomit-frame-pointer -funroll-all-loops -finline-functions
FAIL: gcc.c-torture/execute/960419-2.c compilation, -O3 -g
FAIL: gcc.c-torture/execute/960419-2.c compilation, -O3 -fssa
FAIL: gcc.c-torture/execute/960419-2.c compilation, -Os
FAIL: gcc.c-torture/execute/960512-1.c compilation, -O0
FAIL: gcc.c-torture/execute/960512-1.c compilation, -O1
FAIL: gcc.c-torture/execute/960512-1.c compilation, -O2
FAIL: gcc.c-torture/execute/960512-1.c compilation, -O3 -fomit-frame-pointer
FAIL: gcc.c-torture/execute/960512-1.c compilation, -O3 -g
FAIL: gcc.c-torture/execute/960512-1.c compilation, -O3 -fssa
FAIL: gcc.c-torture/execute/960512-1.c compilation, -Os
FAIL: gcc.c-torture/execute/960513-1.c compilation, -O0
FAIL: gcc.c-torture/execute/960513-1.c compilation, -O1
FAIL: gcc.c-torture/execute/960513-1.c compilation, -O2
FAIL: gcc.c-torture/execute/960513-1.c compilation, -O3 -fomit-frame-pointer
FAIL: gcc.c-torture/execute/960513-1.c compilation, -O3 -g
FAIL: gcc.c-torture/execute/960513-1.c compilation, -O3 -fssa
FAIL: gcc.c-torture/execute/960513-1.c compilation, -Os
FAIL: gcc.c-torture/execute/960521-1.c compilation, -O0
FAIL: gcc.c-torture/execute/960521-1.c compilation, -O1
FAIL: gcc.c-torture/execute/960521-1.c compilation, -O2
FAIL: gcc.c-torture/execute/960521-1.c compilation, -O3 -fomit-frame-pointer
FAIL: gcc.c-torture/execute/960521-1.c compilation, -O3 -fomit-frame-pointer -funroll-loops
FAIL: gcc.c-torture/execute/960521-1.c compilation, -O3 -fomit-frame-pointer -funroll-all-loops -finline-functions
FAIL: gcc.c-torture/execute/960521-1.c compilation, -O3 -g
FAIL: gcc.c-torture/execute/960521-1.c compilation, -O3 -fssa
FAIL: gcc.c-torture/execute/960521-1.c compilation, -Os
FAIL: gcc.c-torture/execute/960608-1.c compilation, -O0
FAIL: gcc.c-torture/execute/960608-1.c compilation, -O1
FAIL: gcc.c-torture/execute/960608-1.c compilation, -O2
FAIL: gcc.c-torture/execute/960608-1.c compilation, -O3 -fomit-frame-pointer
FAIL: gcc.c-torture/execute/960608-1.c compilation, -O3 -g
FAIL: gcc.c-torture/execute/960608-1.c compilation, -O3 -fssa
FAIL: gcc.c-torture/execute/960608-1.c compilation, -Os
FAIL: gcc.c-torture/execute/960801-1.c compilation, -O0
FAIL: gcc.c-torture/execute/960801-1.c compilation, -O1
FAIL: gcc.c-torture/execute/960801-1.c compilation, -O2
FAIL: gcc.c-torture/execute/960801-1.c compilation, -O3 -fomit-frame-pointer
FAIL: gcc.c-torture/execute/960801-1.c compilation, -O3 -g
FAIL: gcc.c-torture/execute/960801-1.c compilation, -O3 -fssa
FAIL: gcc.c-torture/execute/960801-1.c compilation, -Os
FAIL: gcc.c-torture/execute/960802-1.c compilation, -O0
FAIL: gcc.c-torture/execute/960802-1.c compilation, -O1
FAIL: gcc.c-torture/execute/960802-1.c compilation, -O2
FAIL: gcc.c-torture/execute/960802-1.c compilation, -O3 -fomit-frame-pointer
FAIL: gcc.c-torture/execute/960802-1.c compilation, -O3 -g
FAIL: gcc.c-torture/execute/960802-1.c compilation, -O3 -fssa
FAIL: gcc.c-torture/execute/960802-1.c compilation, -Os
FAIL: gcc.c-torture/execute/960830-1.c compilation, -O0
FAIL: gcc.c-torture/execute/960830-1.c compilation, -O1
FAIL: gcc.c-torture/execute/960830-1.c compilation, -O2
FAIL: gcc.c-torture/execute/960830-1.c compilation, -O3 -fomit-frame-pointer
FAIL: gcc.c-torture/execute/960830-1.c compilation, -O3 -g
FAIL: gcc.c-torture/execute/960830-1.c compilation, -O3 -fssa
FAIL: gcc.c-torture/execute/960830-1.c compilation, -Os
FAIL: gcc.c-torture/execute/960909-1.c compilation, -O0
FAIL: gcc.c-torture/execute/960909-1.c compilation, -O1
FAIL: gcc.c-torture/execute/960909-1.c compilation, -O2
FAIL: gcc.c-torture/execute/960909-1.c compilation, -O3 -fomit-frame-pointer
FAIL: gcc.c-torture/execute/960909-1.c compilation, -O3 -fomit-frame-pointer -funroll-loops
FAIL: gcc.c-torture/execute/960909-1.c compilation, -O3 -fomit-frame-pointer -funroll-all-loops -finline-functions
FAIL: gcc.c-torture/execute/960909-1.c compilation, -O3 -g
FAIL: gcc.c-torture/execute/960909-1.c compilation, -O3 -fssa
FAIL: gcc.c-torture/execute/960909-1.c compilation, -Os
FAIL: gcc.c-torture/execute/961004-1.c compilation, -O0
FAIL: gcc.c-torture/execute/961004-1.c compilation, -O1
FAIL: gcc.c-torture/execute/961004-1.c compilation, -O2
FAIL: gcc.c-torture/execute/961004-1.c compilation, -O3 -fomit-frame-pointer
FAIL: gcc.c-torture/execute/961004-1.c compilation, -O3 -fomit-frame-pointer -funroll-loops
FAIL: gcc.c-torture/execute/961004-1.c compilation, -O3 -fomit-frame-pointer -funroll-all-loops -finline-functions
FAIL: gcc.c-torture/execute/961004-1.c compilation, -O3 -g
FAIL: gcc.c-torture/execute/961004-1.c compilation, -O3 -fssa
FAIL: gcc.c-torture/execute/961004-1.c compilation, -Os
FAIL: gcc.c-torture/execute/961017-1.c compilation, -O0
FAIL: gcc.c-torture/execute/961017-1.c compilation, -O1
FAIL: gcc.c-torture/execute/961017-1.c compilation, -O2
FAIL: gcc.c-torture/execute/961017-1.c compilation, -O3 -fomit-frame-pointer
FAIL: gcc.c-torture/execute/961017-1.c compilation, -O3 -fomit-frame-pointer -funroll-loops
FAIL: gcc.c-torture/execute/961017-1.c compilation, -O3 -fomit-frame-pointer -funroll-all-loops -finline-functions
FAIL: gcc.c-torture/execute/961017-1.c compilation, -O3 -g
FAIL: gcc.c-torture/execute/961017-1.c compilation, -O3 -fssa
FAIL: gcc.c-torture/execute/961017-1.c compilation, -Os
FAIL: gcc.c-torture/execute/961017-2.c compilation, -O0
FAIL: gcc.c-torture/execute/961017-2.c compilation, -O1
FAIL: gcc.c-torture/execute/961017-2.c compilation, -O2
FAIL: gcc.c-torture/execute/961017-2.c compilation, -O3 -fomit-frame-pointer
FAIL: gcc.c-torture/execute/961017-2.c compilation, -O3 -fomit-frame-pointer -funroll-loops
FAIL: gcc.c-torture/execute/961017-2.c compilation, -O3 -fomit-frame-pointer -funroll-all-loops -finline-functions
FAIL: gcc.c-torture/execute/961017-2.c compilation, -O3 -g
FAIL: gcc.c-torture/execute/961017-2.c compilation, -O3 -fssa
FAIL: gcc.c-torture/execute/961017-2.c compilation, -Os
FAIL: gcc.c-torture/execute/961026-1.c compilation, -O0
FAIL: gcc.c-torture/execute/961026-1.c compilation, -O1
FAIL: gcc.c-torture/execute/961026-1.c compilation, -O2
FAIL: gcc.c-torture/execute/961026-1.c compilation, -O3 -fomit-frame-pointer
FAIL: gcc.c-torture/execute/961026-1.c compilation, -O3 -g
FAIL: gcc.c-torture/execute/961026-1.c compilation, -O3 -fssa
FAIL: gcc.c-torture/execute/961026-1.c compilation, -Os
FAIL: gcc.c-torture/execute/961112-1.c compilation, -O0
FAIL: gcc.c-torture/execute/961112-1.c compilation, -O1
FAIL: gcc.c-torture/execute/961112-1.c compilation, -O2
FAIL: gcc.c-torture/execute/961112-1.c compilation, -O3 -fomit-frame-pointer
FAIL: gcc.c-torture/execute/961112-1.c compilation, -O3 -g
FAIL: gcc.c-torture/execute/961112-1.c compilation, -O3 -fssa
FAIL: gcc.c-torture/execute/961112-1.c compilation, -Os
FAIL: gcc.c-torture/execute/961122-1.c compilation, -O0
FAIL: gcc.c-torture/execute/961122-1.c compilation, -O1
FAIL: gcc.c-torture/execute/961122-1.c compilation, -O2
FAIL: gcc.c-torture/unsorted/386.c, -O0
FAIL: gcc.c-torture/unsorted/386.c, -O1
FAIL: gcc.c-torture/unsorted/386.c, -O2
FAIL: gcc.c-torture/unsorted/386.c, -O3 -fomit-frame-pointer
FAIL: gcc.c-torture/unsorted/386.c, -O3 -g
FAIL: gcc.c-torture/unsorted/386.c, -O3 -fssa
FAIL: gcc.c-torture/unsorted/386.c, -Os
FAIL: gcc.c-torture/unsorted/86.c, -O0
FAIL: gcc.c-torture/unsorted/86.c, -O1
FAIL: gcc.c-torture/unsorted/86.c, -O2
FAIL: gcc.c-torture/unsorted/86.c, -O3 -fomit-frame-pointer
FAIL: gcc.c-torture/unsorted/86.c, -O3 -g
FAIL: gcc.c-torture/unsorted/86.c, -O3 -fssa
FAIL: gcc.c-torture/unsorted/86.c, -Os
FAIL: gcc.c-torture/unsorted/BUG1.c, -O0
FAIL: gcc.c-torture/unsorted/BUG1.c, -O1
FAIL: gcc.c-torture/unsorted/BUG1.c, -O2
FAIL: gcc.c-torture/unsorted/BUG1.c, -O3 -fomit-frame-pointer
FAIL: gcc.c-torture/unsorted/BUG1.c, -O3 -g
FAIL: gcc.c-torture/unsorted/BUG1.c, -O3 -fssa
FAIL: gcc.c-torture/unsorted/BUG1.c, -Os
FAIL: gcc.c-torture/unsorted/BUG11.c, -O0
FAIL: gcc.c-torture/unsorted/BUG11.c, -O1
FAIL: gcc.c-torture/unsorted/BUG11.c, -O2
FAIL: gcc.c-torture/unsorted/BUG11.c, -O3 -fomit-frame-pointer
FAIL: gcc.c-torture/unsorted/BUG11.c, -O3 -g
FAIL: gcc.c-torture/unsorted/BUG11.c, -O3 -fssa
FAIL: gcc.c-torture/unsorted/BUG11.c, -Os
FAIL: gcc.c-torture/unsorted/BUG12.c, -O0
FAIL: gcc.c-torture/unsorted/BUG12.c, -O1
FAIL: gcc.c-torture/unsorted/BUG12.c, -O2
FAIL: gcc.c-torture/unsorted/BUG12.c, -O3 -fomit-frame-pointer
FAIL: gcc.c-torture/unsorted/BUG12.c, -O3 -g
FAIL: gcc.c-torture/unsorted/BUG12.c, -O3 -fssa
FAIL: gcc.c-torture/unsorted/BUG12.c, -Os
FAIL: gcc.dg/cpp/if-2.c wide charconst recognition (test for bogus messages, line 9)
FAIL: gcc.dg/bf-spl1.c (test for excess errors)
FAIL: gcc.dg/compare2.c case 10 (test for bogus messages, line 29)
FAIL: gcc.dg/noreturn-1.c this function should not get any warnings (test for bogus messages, line 52)
FAIL: gcc.dg/noreturn-1.c detect return from tail call (test for warnings, line 59)
FAIL: gcc.dg/noreturn-2.c noreturn does return (test for bogus messages, line 12)
=== gcc Summary ===
# of expected passes 8236
# of unexpected failures 271
# of expected failures 22
# of unresolved testcases 209
# of unsupported tests 35
/tmp/egcs/gcc/xgcc version 2.96 20000710 (experimental)
=== ld tests ===
Running target unix
FAIL: shared (non PIC, load offset)
=== ld Summary ===
# of expected passes 52
# of unexpected failures 1
=== libg++ tests ===
Running target unix
=== libg++ Summary ===
# of expected passes 72
=== libio tests ===
Running target unix
FAIL: tFile.cc execution
FAIL: tFile.cc execution -b0
FAIL: tFile.cc execution -b3
FAIL: tfformat.c execution
=== libio Summary ===
# of expected passes 33
# of unexpected failures 4
# of expected failures 4
=== libstdc++ tests ===
Running target unix
=== libstdc++ Summary ===
# of expected passes 30
=== objc tests ===
Running target unix
FAIL: objc/execute/bf-1.m compilation, -O
FAIL: objc/execute/bf-10.m compilation, -O
FAIL: objc/execute/bf-11.m compilation, -O
FAIL: objc/execute/bf-12.m compilation, -O
FAIL: objc/execute/bf-13.m compilation, -O
FAIL: objc/execute/bf-14.m compilation, -O
FAIL: objc/execute/bf-15.m compilation, -O
FAIL: objc/execute/bf-16.m compilation, -O
FAIL: objc/execute/bf-17.m compilation, -O
FAIL: objc/execute/bf-18.m compilation, -O
FAIL: objc/execute/bf-19.m compilation, -O
FAIL: objc/execute/bf-2.m compilation, -O
FAIL: objc/execute/bf-20.m compilation, -O
FAIL: objc/execute/bf-3.m compilation, -O
FAIL: objc/execute/bf-4.m compilation, -O
FAIL: objc/execute/bf-5.m compilation, -O
FAIL: objc/execute/bf-6.m compilation, -O
FAIL: objc/execute/bf-7.m compilation, -O
FAIL: objc/execute/bf-8.m compilation, -O
FAIL: objc/execute/bf-9.m compilation, -O
=== objc Summary ===
# of unexpected failures 20
# of untested testcases 20
/tmp/egcs/gcc/xgcc version 2.96 20000710 (experimental)
Compiler version: 2.96 20000710 (experimental)
Platform: sparc-sun-solaris2.5
BOOT_CFLAGS: standard
Counting all warnings,
there are 575 warnings in stage3 of this bootstrap.
Number of warnings per file:
284 /home/phd/oliva/src/egcs/gcc/f/intdoc.in
29 /home/phd/oliva/src/egcs/gcc/combine.c
18 /home/phd/oliva/src/egcs/libobjc/objc/hash.h
15 /home/phd/oliva/src/egcs/gcc/collect2.c
13 cc1plus
13 /home/phd/oliva/src/egcs/gcc/gcc.c
13 /home/phd/oliva/src/egcs/gcc/expr.c
10 /home/phd/oliva/src/egcs/libiberty/pexecute.c
8 /home/phd/oliva/src/egcs/gcc/libgcc2.c
8 /home/phd/oliva/src/egcs/gcc/cpplex.c
7 /home/phd/oliva/src/egcs/gcc/cse.c
6 configure
6 /home/phd/oliva/src/egcs/gcc/frame-dwarf2.c
6 /home/phd/oliva/src/egcs/gcc/cp/decl.c
4 Makefile
4 /home/phd/oliva/src/egcs/librx/rx.c
4 /home/phd/oliva/src/egcs/libiberty/getopt.c
4 /home/phd/oliva/src/egcs/libg++/src/AllocRing.cc
4 /home/phd/oliva/src/egcs/gcc/config/sparc/sparc.c
3 /home/phd/oliva/src/egcs/gcc/reload1.c
3 /home/phd/oliva/src/egcs/gcc/cppfiles.c
3 /home/phd/oliva/src/egcs/gcc/c-decl.c
3 /home/phd/oliva/src/egcs/gcc/c-common.c
2 f/intdoc.h0
2 /home/phd/oliva/src/egcs/libobjc/selector.c
2 /home/phd/oliva/src/egcs/libobjc/objects.c
2 /home/phd/oliva/src/egcs/libobjc/archive.c
2 /home/phd/oliva/src/egcs/libiberty/xexit.c
2 /home/phd/oliva/src/egcs/libiberty/vasprintf.c
2 /home/phd/oliva/src/egcs/libiberty/sigsetmask.c
2 /home/phd/oliva/src/egcs/libiberty/setenv.c
2 /home/phd/oliva/src/egcs/libiberty/getruntime.c
2 /home/phd/oliva/src/egcs/libiberty/cp-demangle.c
2 /home/phd/oliva/src/egcs/gcc/tree.c
2 /home/phd/oliva/src/egcs/gcc/regrename.c
2 /home/phd/oliva/src/egcs/gcc/regmove.c
2 /home/phd/oliva/src/egcs/gcc/loop.c
2 /home/phd/oliva/src/egcs/gcc/intl/dcgettext.c
2 /home/phd/oliva/src/egcs/gcc/function.c
2 /home/phd/oliva/src/egcs/gcc/fold-const.c
2 /home/phd/oliva/src/egcs/gcc/expmed.c
2 /home/phd/oliva/src/egcs/gcc/c-parse.y
2 /home/phd/oliva/src/egcs/gcc/alias.c
1 ltconfig
1 /home/phd/oliva/src/egcs/libobjc/sarray.c
1 /home/phd/oliva/src/egcs/libobjc/Object.m
1 /home/phd/oliva/src/egcs/libffi/src/java_raw_api.c
1 /home/phd/oliva/src/egcs/libchill/concatstr.c
1 /home/phd/oliva/src/egcs/gcc/varasm.c
1 /home/phd/oliva/src/egcs/gcc/tradcpp.c
1 /home/phd/oliva/src/egcs/gcc/stmt.c
1 /home/phd/oliva/src/egcs/gcc/ssa.c
1 /home/phd/oliva/src/egcs/gcc/rtl.c
1 /home/phd/oliva/src/egcs/gcc/recog.c
1 /home/phd/oliva/src/egcs/gcc/real.c
1 /home/phd/oliva/src/egcs/gcc/profile.c
1 /home/phd/oliva/src/egcs/gcc/prefix.c
1 /home/phd/oliva/src/egcs/gcc/objc/objc-act.c
1 /home/phd/oliva/src/egcs/gcc/mkdeps.c
1 /home/phd/oliva/src/egcs/gcc/java/jcf-write.c
1 /home/phd/oliva/src/egcs/gcc/java/jcf-path.c
1 /home/phd/oliva/src/egcs/gcc/java/jcf-io.c
1 /home/phd/oliva/src/egcs/gcc/java/class.c
1 /home/phd/oliva/src/egcs/gcc/java/check-init.c
1 /home/phd/oliva/src/egcs/gcc/intl/localealias.c
1 /home/phd/oliva/src/egcs/gcc/haifa-sched.c
1 /home/phd/oliva/src/egcs/gcc/graph.c
1 /home/phd/oliva/src/egcs/gcc/ggc-page.c
1 /home/phd/oliva/src/egcs/gcc/genrecog.c
1 /home/phd/oliva/src/egcs/gcc/genoutput.c
1 /home/phd/oliva/src/egcs/gcc/genextract.c
1 /home/phd/oliva/src/egcs/gcc/genattrtab.c
1 /home/phd/oliva/src/egcs/gcc/genattr.c
1 /home/phd/oliva/src/egcs/gcc/gcse.c
1 /home/phd/oliva/src/egcs/gcc/flow.c
1 /home/phd/oliva/src/egcs/gcc/final.c
1 /home/phd/oliva/src/egcs/gcc/f/expr.c
1 /home/phd/oliva/src/egcs/gcc/f/com.c
1 /home/phd/oliva/src/egcs/gcc/emit-rtl.c
1 /home/phd/oliva/src/egcs/gcc/dwarfout.c
1 /home/phd/oliva/src/egcs/gcc/dwarf2out.c
1 /home/phd/oliva/src/egcs/gcc/cpplib.c
1 /home/phd/oliva/src/egcs/gcc/cppinit.c
1 /home/phd/oliva/src/egcs/gcc/cp/typeck.c
1 /home/phd/oliva/src/egcs/gcc/cp/semantics.c
1 /home/phd/oliva/src/egcs/gcc/cp/rtti.c
1 /home/phd/oliva/src/egcs/gcc/cp/pt.c
1 /home/phd/oliva/src/egcs/gcc/cp/method.c
1 /home/phd/oliva/src/egcs/gcc/cp/lex.c
1 /home/phd/oliva/src/egcs/gcc/cp/error.c
1 /home/phd/oliva/src/egcs/gcc/cp/errfn.c
1 /home/phd/oliva/src/egcs/gcc/cp/class.c
1 /home/phd/oliva/src/egcs/gcc/cp/cfns.h
1 /home/phd/oliva/src/egcs/gcc/convert.c
1 /home/phd/oliva/src/egcs/gcc/ch/typeck.c
1 /home/phd/oliva/src/egcs/gcc/ch/tree.c
1 /home/phd/oliva/src/egcs/gcc/ch/tasking.c
1 /home/phd/oliva/src/egcs/gcc/ch/satisfy.c
1 /home/phd/oliva/src/egcs/gcc/ch/parse.c
1 /home/phd/oliva/src/egcs/gcc/ch/lex.c
1 /home/phd/oliva/src/egcs/gcc/ch/grant.c
1 /home/phd/oliva/src/egcs/gcc/ch/expr.c
1 /home/phd/oliva/src/egcs/gcc/ch/decl.c
1 /home/phd/oliva/src/egcs/gcc/ch/actions.c
1 /home/phd/oliva/src/egcs/gcc/calls.c
1 /home/phd/oliva/src/egcs/gcc/c-typeck.c
1 /home/phd/oliva/src/egcs/gcc/c-lex.c
1 /home/phd/oliva/src/egcs/gcc/c-aux-info.c
1 /home/phd/oliva/src/egcs/gcc/builtins.c
1 /home/phd/oliva/src/egcs/boehm-gc/mark_rts.c
Number of warning types:
284 Use of ANSI string concatenation
97 implicit declaration of function `???'
52 comparison between signed and unsigned
37 function declaration isn't a prototype
21 signed and unsigned type in conditional expression
13 Ignoring command line option '-Wstrict-prototypes'
10 `???' might be used uninitialized in this function
8 variable `???' might be clobbered by `longjmp' or `vfork'
8 unused parameter `???'
5 (near initialization for `???')
4 deleting `???' is undefined
4 comparison of distinct pointer types lacks a cast
4 ***********************************************************
3 unused variable `???'
3 passing arg ??? of `???' from incompatible pointer type
3 missing braces around initializer
2 pointer targets in passing arg ??? of `???' differ in signedness
2 overriding commands for target `???'
2 missing initializer
2 ignoring old commands for target `???'
2 `???' defined but not used
2 # followed by integer
1 using `???', extracted from `???'
1 then use the most recent one - libffi-1.20.
1 return from incompatible pointer type
1 passing arg ??? of `???' discards qualifiers from pointer target type
1 function returns address of local variable
1 comparison between pointer and integer
1 This is beta code. If you're looking for a stable release
More information about the Gcc-testresults
mailing list