Results for 2.96 20000712 (experimental) testsuite on i586-pc-linux-gnu

Andris Pavenis andris@hal.astr.lu.lv
Wed Jul 12 21:14:00 GMT 2000


Source:   gcc mainline from CVS (last updated 2000 Jul 13  01:01  +0200)
System:   Linux kernel 2.4.0-test3
          glibc-2.1.3
          binutils-2.10.0.12
Addons:   libg++-2.8.1.3-20000419
Note:  I put 'ulimit -v 80000' into script to avoid running out of memery

Native configuration is i586-pc-linux-gnu

		=== libio tests ===


Running target unix
FAIL: hounddog.cc execution 
FAIL: hounddog.cc execution -b0
FAIL: hounddog.cc execution -b2

		=== libio Summary ===

# of expected passes		34
# of unexpected failures	3
# of expected failures		3
		=== libstdc++ tests ===


Running target unix
FAIL: tstring.cc execution

		=== libstdc++ Summary ===

# of expected passes		28
# of unexpected failures	1
# of expected failures		1
		=== libg++ tests ===


Running target unix
FAIL: tBitString.cc execution
FAIL: tRational.cc execution
FAIL: tFile.cc execution
FAIL: tFix16.cc execution
FAIL: tFix24.cc execution
FAIL: tInteger.cc execution
FAIL: tRandom.cc execution
FAIL: tString.cc execution

		=== libg++ Summary ===

# of expected passes		56
# of unexpected failures	8
# of expected failures		8
		=== gcc tests ===


Running target unix
FAIL: gcc.c-torture/compile/930529-1.c,  -O3 -fssa  
FAIL: gcc.c-torture/execute/20000225-1.c execution,  -O2 
FAIL: gcc.c-torture/execute/20000225-1.c execution,  -O3 -fomit-frame-pointer 
FAIL: gcc.c-torture/execute/20000225-1.c execution,  -O3 -fomit-frame-pointer -funroll-loops 
FAIL: gcc.c-torture/execute/20000225-1.c execution,  -O3 -fomit-frame-pointer -funroll-all-loops -finline-functions 
FAIL: gcc.c-torture/execute/20000225-1.c execution,  -O3 -g 
FAIL: gcc.c-torture/execute/20000225-1.c execution,  -O3 -fssa 
FAIL: gcc.c-torture/execute/20000225-1.c execution,  -Os 
FAIL: gcc.c-torture/execute/20000412-2.c execution,  -O2 
FAIL: gcc.c-torture/execute/20000412-2.c execution,  -O3 -fomit-frame-pointer 
FAIL: gcc.c-torture/execute/20000412-2.c execution,  -O3 -g 
FAIL: gcc.c-torture/execute/20000412-2.c execution,  -O3 -fssa 
FAIL: gcc.c-torture/execute/20000412-2.c execution,  -Os 
FAIL: gcc.c-torture/execute/20000419-1.c execution,  -O2 
FAIL: gcc.c-torture/execute/20000419-1.c execution,  -Os 
FAIL: gcc.dg/20000503-1.c (test for excess errors)
FAIL: gcc.dg/20000609-1.c execution test
FAIL: gcc.dg/20000614-1.c (test for excess errors)
FAIL: gcc.dg/20000614-2.c execution test
FAIL: gcc.dg/991214-1.c (test for excess errors)
FAIL: gcc.dg/compare2.c case 10 (test for bogus messages, line 29)
FAIL: gcc.dg/noreturn-1.c this function should not get any warnings (test for bogus messages, line 52)
FAIL: gcc.dg/noreturn-1.c detect return from tail call (test for warnings, line 59)
FAIL: gcc.dg/noreturn-2.c noreturn does return (test for bogus messages, line 12)
FAIL: gcc.misc-tests/mg.c

		=== gcc Summary ===

# of expected passes		11210
# of unexpected failures	25
# of expected failures		29
# of unsupported tests		14
/disk2/cvs/egcs-curr/build/build.lnx/gcc/xgcc version 2.96 20000712 (experimental)

		=== g++ tests ===


Running target unix
FAIL: g++.ext/instantiate1.C not instantiated (test for errors, line 18)
FAIL: g++.ext/instantiate1.C not instantiated (test for errors, line 20)
FAIL: g++.mike/eh34.C  Execution test

		=== g++ Summary ===

# of expected passes		5944
# of unexpected failures	3
# of expected failures		93
# of untested testcases		8
/disk2/cvs/egcs-curr/build/build.lnx/gcc/testsuite/../g++ version 2.96 20000712 (experimental)

		=== g77 tests ===


Running target unix
XPASS: g77.f-torture/compile/20000629-1.f,  -O0  
XPASS: g77.f-torture/compile/20000629-1.f,  -O1  
XPASS: g77.f-torture/compile/20000629-1.f,  -O2  
XPASS: g77.f-torture/compile/20000629-1.f,  -O2 -fomit-frame-pointer -finline-functions  
XPASS: g77.f-torture/compile/20000629-1.f,  -O3 -g  
XPASS: g77.f-torture/compile/20000629-1.f,  -O3 -fssa  
XPASS: g77.f-torture/compile/20000629-1.f,  -Os  
FAIL: g77.f-torture/execute/short.f execution,  -Os 

		=== g77 Summary ===

# of expected passes		966
# of unexpected failures	1
# of unexpected successes	7
# of expected failures		9
		=== objc tests ===


Running target unix

		=== objc Summary ===

# of expected passes		40
/disk2/cvs/egcs-curr/build/build.lnx/gcc/xgcc version 2.96 20000712 (experimental)


Compiler version: 2.96 20000712 (experimental) 
Platform: i586-pc-linux-gnu
configure flags: --host=i586-pc-linux --prefix=/usr --enable-shared --with-gnu-ld --verbose

Counting all warnings,
there are 0 warnings in stage3 of this bootstrap.

Number of warnings per file:

Number of warning types:


More information about the Gcc-testresults mailing list