Results for 2.96 20000710 (experimental) testsuite on powerpc-ibm-aix4.3.3.0

David W. Schuler schuld@btv.ibm.com
Wed Jul 12 03:43:00 GMT 2000


Native configuration is powerpc-ibm-aix4.3.3.0

		=== libstdc++ tests ===


Running target unix

		=== libstdc++ Summary ===

# of expected passes		30
		=== gcc tests ===


Running target unix
FAIL: gcc.c-torture/compile/981001-2.c,  -O3 -fomit-frame-pointer  
FAIL: gcc.c-torture/compile/981001-2.c,  -O3 -g  
FAIL: gcc.c-torture/compile/981001-2.c,  -O3 -fssa  
FAIL: gcc.c-torture/execute/20000225-1.c execution,  -O2 
FAIL: gcc.c-torture/execute/20000225-1.c execution,  -O3 -fomit-frame-pointer 
FAIL: gcc.c-torture/execute/20000225-1.c execution,  -O3 -fomit-frame-pointer -funroll-loops 
FAIL: gcc.c-torture/execute/20000225-1.c execution,  -O3 -fomit-frame-pointer -funroll-all-loops -finline-functions 
FAIL: gcc.c-torture/execute/20000225-1.c execution,  -O3 -g 
FAIL: gcc.c-torture/execute/20000225-1.c execution,  -O3 -fssa 
FAIL: gcc.c-torture/execute/20000225-1.c execution,  -Os 
FAIL: gcc.c-torture/execute/20000412-2.c execution,  -O2 
FAIL: gcc.c-torture/execute/20000412-2.c execution,  -O3 -fomit-frame-pointer 
FAIL: gcc.c-torture/execute/20000412-2.c execution,  -O3 -g 
FAIL: gcc.c-torture/execute/20000412-2.c execution,  -O3 -fssa 
FAIL: gcc.c-torture/execute/20000412-2.c execution,  -Os 
FAIL: gcc.c-torture/execute/20000412-3.c execution,  -O0 
FAIL: gcc.c-torture/execute/20000412-3.c execution,  -O1 
FAIL: gcc.c-torture/execute/20000412-3.c execution,  -O2 
FAIL: gcc.c-torture/execute/20000412-3.c execution,  -O3 -fomit-frame-pointer 
FAIL: gcc.c-torture/execute/20000412-3.c execution,  -O3 -g 
FAIL: gcc.c-torture/execute/20000412-3.c execution,  -O3 -fssa 
FAIL: gcc.c-torture/execute/20000412-3.c execution,  -Os 
FAIL: gcc.c-torture/execute/930921-1.c compilation,  -O0 
FAIL: gcc.c-torture/execute/930921-1.c compilation,  -O1 
FAIL: gcc.c-torture/execute/930921-1.c compilation,  -O2 
FAIL: gcc.c-torture/execute/930921-1.c compilation,  -O3 -fomit-frame-pointer 
FAIL: gcc.c-torture/execute/930921-1.c compilation,  -O3 -fomit-frame-pointer -funroll-loops 
FAIL: gcc.c-torture/execute/930921-1.c compilation,  -O3 -fomit-frame-pointer -funroll-all-loops -finline-functions 
FAIL: gcc.c-torture/execute/930921-1.c compilation,  -O3 -g 
FAIL: gcc.c-torture/execute/930921-1.c compilation,  -O3 -fssa 
FAIL: gcc.c-torture/execute/930921-1.c compilation,  -Os 
FAIL: gcc.c-torture/execute/eeprof-1.c execution,  -O0 
FAIL: gcc.c-torture/execute/eeprof-1.c execution,  -O1 
FAIL: gcc.c-torture/execute/eeprof-1.c execution,  -O2 
FAIL: gcc.c-torture/execute/eeprof-1.c execution,  -O3 -fomit-frame-pointer 
FAIL: gcc.c-torture/execute/eeprof-1.c execution,  -O3 -g 
FAIL: gcc.c-torture/execute/eeprof-1.c execution,  -O3 -fssa 
FAIL: gcc.c-torture/execute/eeprof-1.c execution,  -Os 
FAIL: gcc.c-torture/execute/memcheck/blkarg.c compilation,  -O0 
FAIL: gcc.c-torture/execute/memcheck/blkarg.c compilation,  -O1 
FAIL: gcc.c-torture/execute/memcheck/blkarg.c compilation,  -O2 
FAIL: gcc.c-torture/execute/memcheck/blkarg.c compilation,  -O3 -fomit-frame-pointer 
FAIL: gcc.c-torture/execute/memcheck/blkarg.c compilation,  -O3 -g 
FAIL: gcc.c-torture/execute/memcheck/blkarg.c compilation,  -O3 -fssa 
FAIL: gcc.c-torture/execute/memcheck/blkarg.c compilation,  -Os 
FAIL: gcc.c-torture/execute/memcheck/t1.c compilation,  -O0 
FAIL: gcc.c-torture/execute/memcheck/t1.c compilation,  -O1 
FAIL: gcc.c-torture/execute/memcheck/t1.c compilation,  -O2 
FAIL: gcc.c-torture/execute/memcheck/t1.c compilation,  -O3 -fomit-frame-pointer 
FAIL: gcc.c-torture/execute/memcheck/t1.c compilation,  -O3 -g 
FAIL: gcc.c-torture/execute/memcheck/t1.c compilation,  -O3 -fssa 
FAIL: gcc.c-torture/execute/memcheck/t1.c compilation,  -Os 
FAIL: gcc.c-torture/execute/memcheck/t2.c compilation,  -O0 
FAIL: gcc.c-torture/execute/memcheck/t2.c compilation,  -O1 
FAIL: gcc.c-torture/execute/memcheck/t2.c compilation,  -O2 
FAIL: gcc.c-torture/execute/memcheck/t2.c compilation,  -O3 -fomit-frame-pointer 
FAIL: gcc.c-torture/execute/memcheck/t2.c compilation,  -O3 -g 
FAIL: gcc.c-torture/execute/memcheck/t2.c compilation,  -O3 -fssa 
FAIL: gcc.c-torture/execute/memcheck/t2.c compilation,  -Os 
FAIL: gcc.c-torture/execute/memcheck/t3.c compilation,  -O0 
FAIL: gcc.c-torture/execute/memcheck/t3.c compilation,  -O1 
FAIL: gcc.c-torture/execute/memcheck/t3.c compilation,  -O2 
FAIL: gcc.c-torture/execute/memcheck/t3.c compilation,  -O3 -fomit-frame-pointer 
FAIL: gcc.c-torture/execute/memcheck/t3.c compilation,  -O3 -g 
FAIL: gcc.c-torture/execute/memcheck/t3.c compilation,  -O3 -fssa 
FAIL: gcc.c-torture/execute/memcheck/t3.c compilation,  -Os 
FAIL: gcc.c-torture/execute/memcheck/t4.c compilation,  -O0 
FAIL: gcc.c-torture/execute/memcheck/t4.c compilation,  -O1 
FAIL: gcc.c-torture/execute/memcheck/t4.c compilation,  -O2 
FAIL: gcc.c-torture/execute/memcheck/t4.c compilation,  -O3 -fomit-frame-pointer 
FAIL: gcc.c-torture/execute/memcheck/t4.c compilation,  -O3 -g 
FAIL: gcc.c-torture/execute/memcheck/t4.c compilation,  -O3 -fssa 
FAIL: gcc.c-torture/execute/memcheck/t4.c compilation,  -Os 
FAIL: gcc.c-torture/execute/memcheck/t5.c compilation,  -O0 
FAIL: gcc.c-torture/execute/memcheck/t5.c compilation,  -O1 
FAIL: gcc.c-torture/execute/memcheck/t5.c compilation,  -O2 
FAIL: gcc.c-torture/execute/memcheck/t5.c compilation,  -O3 -fomit-frame-pointer 
FAIL: gcc.c-torture/execute/memcheck/t5.c compilation,  -O3 -g 
FAIL: gcc.c-torture/execute/memcheck/t5.c compilation,  -O3 -fssa 
FAIL: gcc.c-torture/execute/memcheck/t5.c compilation,  -Os 
FAIL: gcc.c-torture/execute/memcheck/t6.c compilation,  -O0 
FAIL: gcc.c-torture/execute/memcheck/t6.c compilation,  -O1 
FAIL: gcc.c-torture/execute/memcheck/t6.c compilation,  -O2 
FAIL: gcc.c-torture/execute/memcheck/t6.c compilation,  -O3 -fomit-frame-pointer 
FAIL: gcc.c-torture/execute/memcheck/t6.c compilation,  -O3 -g 
FAIL: gcc.c-torture/execute/memcheck/t6.c compilation,  -O3 -fssa 
FAIL: gcc.c-torture/execute/memcheck/t6.c compilation,  -Os 
FAIL: gcc.c-torture/execute/memcheck/t7.c compilation,  -O0 
FAIL: gcc.c-torture/execute/memcheck/t7.c compilation,  -O1 
FAIL: gcc.c-torture/execute/memcheck/t7.c compilation,  -O2 
FAIL: gcc.c-torture/execute/memcheck/t7.c compilation,  -O3 -fomit-frame-pointer 
FAIL: gcc.c-torture/execute/memcheck/t7.c compilation,  -O3 -g 
FAIL: gcc.c-torture/execute/memcheck/t7.c compilation,  -O3 -fssa 
FAIL: gcc.c-torture/execute/memcheck/t7.c compilation,  -Os 
FAIL: gcc.c-torture/execute/memcheck/t8.c compilation,  -O0 
FAIL: gcc.c-torture/execute/memcheck/t8.c compilation,  -O1 
FAIL: gcc.c-torture/execute/memcheck/t8.c compilation,  -O2 
FAIL: gcc.c-torture/execute/memcheck/t8.c compilation,  -O3 -fomit-frame-pointer 
FAIL: gcc.c-torture/execute/memcheck/t8.c compilation,  -O3 -g 
FAIL: gcc.c-torture/execute/memcheck/t8.c compilation,  -O3 -fssa 
FAIL: gcc.c-torture/execute/memcheck/t8.c compilation,  -Os 
FAIL: gcc.c-torture/execute/memcheck/t9.c compilation,  -O0 
FAIL: gcc.c-torture/execute/memcheck/t9.c compilation,  -O1 
FAIL: gcc.c-torture/execute/memcheck/t9.c compilation,  -O2 
FAIL: gcc.c-torture/execute/memcheck/t9.c compilation,  -O3 -fomit-frame-pointer 
FAIL: gcc.c-torture/execute/memcheck/t9.c compilation,  -O3 -g 
FAIL: gcc.c-torture/execute/memcheck/t9.c compilation,  -O3 -fssa 
FAIL: gcc.c-torture/execute/memcheck/t9.c compilation,  -Os 
FAIL: gcc.dg/cpp/lexstrng.c (test for excess errors)
FAIL: gcc.dg/cpp/paste2.c (test for excess errors)
FAIL: gcc.dg/compare2.c case 10 (test for bogus messages, line 29)
FAIL: alias-1.c
FAIL: wkali-1.c
FAIL: gcc.misc-tests/mg.c

		=== gcc Summary ===

# of expected passes		11408
# of unexpected failures	114
# of expected failures		22
# of unresolved testcases	79
# of unsupported tests		40
/usr/local/blackbird/WORKSPACE6/schuld/tmp/egcs-aix433-64bit/gcc/xgcc version 2.96 20000710 (experimental)

		=== g++ tests ===


Running target unix
FAIL: g++.ext/attrib5.C (test for excess errors)
FAIL: g++.ext/instantiate1.C not instantiated (test for errors, line 18)
FAIL: g++.ext/instantiate1.C not instantiated (test for errors, line 20)
FAIL: g++.ext/instantiate2.C not instantiated (test for errors, line 16)
FAIL: g++.ext/instantiate3.C not instantiated (test for errors, line 13)
FAIL: g++.jason/thunk2.C (test for excess errors)
FAIL: g++.jason/thunk3.C (test for excess errors)
FAIL: g++.law/profile1.C (test for excess errors)
FAIL: g++.mike/eh30.C (test for excess errors)
FAIL: g++.mike/p4750.C (test for excess errors)
FAIL: g++.other/crash18.C (test for excess errors)
FAIL: g++.other/decl4.C caused compiler crash
FAIL: g++.other/ptrmem6.C (test for excess errors)
XPASS: g++.pt/decl2.C ICE - (test for errors, line 8)
FAIL: g++.pt/instantiate4.C (test for excess errors)
FAIL: g++.pt/instantiate6.C (test for excess errors)
FAIL: g++.pt/local6.C (test for excess errors)
FAIL: g++.pt/mi1.C (test for excess errors)
FAIL: g++.pt/repo1.C (test for excess errors)
FAIL: g++.pt/repo2.C (test for excess errors)
FAIL: g++.pt/repo3.C (test for excess errors)
FAIL: g++.pt/spec14.C caused compiler crash
FAIL: g++.pt/spec3.C (test for excess errors)
FAIL: g++.pt/static3.C (test for excess errors)
FAIL: g++.pt/static6.C (test for excess errors)
FAIL: g++.pt/virtual1.C (test for excess errors)
FAIL: g++.pt/virtual4.C (test for excess errors)
FAIL: g++.robertl/eb106.C (test for excess errors)

		=== g++ Summary ===

# of expected passes		5898
# of unexpected failures	27
# of unexpected successes	1
# of expected failures		98
# of untested testcases		18
/usr/local/blackbird/WORKSPACE6/schuld/tmp/egcs-aix433-64bit/gcc/testsuite/../g++ version 2.96 20000710 (experimental)

		=== g77 tests ===


Running target unix
XPASS: g77.f-torture/compile/20000629-1.f,  -O0  
XPASS: g77.f-torture/compile/20000629-1.f,  -O1  
XPASS: g77.f-torture/compile/20000629-1.f,  -O2  
XPASS: g77.f-torture/compile/20000629-1.f,  -O2 -fomit-frame-pointer -finline-functions  
XPASS: g77.f-torture/compile/20000629-1.f,  -O2 -fomit-frame-pointer -finline-functions -funroll-loops  
XPASS: g77.f-torture/compile/20000629-1.f,  -O2 -fomit-frame-pointer -finline-functions -funroll-all-loops  
XPASS: g77.f-torture/compile/20000629-1.f,  -O3 -g  
XPASS: g77.f-torture/compile/20000629-1.f,  -O3 -fssa  
XPASS: g77.f-torture/compile/20000629-1.f,  -Os  
XPASS: g77.f-torture/execute/20000503-1.f execution,  -O0 
XPASS: g77.f-torture/execute/20000503-1.f execution,  -O1 
XPASS: g77.f-torture/execute/20000503-1.f execution,  -O2 
XPASS: g77.f-torture/execute/20000503-1.f execution,  -O2 -fomit-frame-pointer -finline-functions 
XPASS: g77.f-torture/execute/20000503-1.f execution,  -O2 -fomit-frame-pointer -finline-functions -funroll-loops 
XPASS: g77.f-torture/execute/20000503-1.f execution,  -O2 -fomit-frame-pointer -finline-functions -funroll-all-loops 
XPASS: g77.f-torture/execute/20000503-1.f execution,  -O3 -g 
XPASS: g77.f-torture/execute/20000503-1.f execution,  -O3 -fssa 
XPASS: g77.f-torture/execute/20000503-1.f execution,  -Os 

		=== g77 Summary ===

# of expected passes		958
# of unexpected successes	18
		=== objc tests ===


Running target unix
FAIL: objc/execute/bf-1.m compilation,  -O 
FAIL: objc/execute/bf-10.m compilation,  -O 
FAIL: objc/execute/bf-11.m compilation,  -O 
FAIL: objc/execute/bf-12.m compilation,  -O 
FAIL: objc/execute/bf-13.m compilation,  -O 
FAIL: objc/execute/bf-14.m compilation,  -O 
FAIL: objc/execute/bf-15.m compilation,  -O 
FAIL: objc/execute/bf-16.m compilation,  -O 
FAIL: objc/execute/bf-17.m compilation,  -O 
FAIL: objc/execute/bf-18.m compilation,  -O 
FAIL: objc/execute/bf-19.m compilation,  -O 
FAIL: objc/execute/bf-2.m compilation,  -O 
FAIL: objc/execute/bf-20.m compilation,  -O 
FAIL: objc/execute/bf-3.m compilation,  -O 
FAIL: objc/execute/bf-4.m compilation,  -O 
FAIL: objc/execute/bf-5.m compilation,  -O 
FAIL: objc/execute/bf-6.m compilation,  -O 
FAIL: objc/execute/bf-7.m compilation,  -O 
FAIL: objc/execute/bf-8.m compilation,  -O 
FAIL: objc/execute/bf-9.m compilation,  -O 

		=== objc Summary ===

# of unexpected failures	20
# of untested testcases		20
/usr/local/blackbird/WORKSPACE6/schuld/tmp/egcs-aix433-64bit/gcc/xgcc version 2.96 20000710 (experimental)


Compiler version: 2.96 20000710 (experimental) 
Platform: powerpc-ibm-aix4.3.3.0
configure flags: --host=powerpc-ibm-aix4.3.3.0 --prefix=/afs/btv.ibm.com/data/n37v/software/gnu-aix433-64bit/egcs --with-cpu=common --enable-haifa --enable-multilib




Counting all warnings,
there are 1240 warnings in stage3 of this bootstrap.

Number of warnings per file:
 720 /usr/include/sys/machine.h
 174 cc1
 130 cc1plus
  32 ../../egcs/gcc/libgcc2.c
  29 ../../egcs/gcc/combine.c
  17 ../../egcs/gcc/config/rs6000/rs6000.c
  13 ../../egcs/gcc/expr.c
   8 ../../egcs/gcc/cpplex.c
   7 ../../egcs/gcc/cse.c
   4 ../../egcs/gcc/reload1.c
   4 ../../egcs/gcc/loop.c
   4 ../../egcs/gcc/gcc.c
   3 insn-emit.c
   3 ../../egcs/gcc/varasm.c
   3 ../../egcs/gcc/regmove.c
   3 ../../egcs/gcc/c-decl.c
   3 ../../egcs/gcc/c-common.c
   2 ../../egcs/gcc/tree.c
   2 ../../egcs/gcc/regrename.c
   2 ../../egcs/gcc/function.c
   2 ../../egcs/gcc/fold-const.c
   2 ../../egcs/gcc/expmed.c
   2 ../../egcs/gcc/cppfiles.c
   2 ../../egcs/gcc/c-parse.y
   2 ../../egcs/gcc/alias.c
   2 ../../../egcs/gcc/intl/localealias.c
   1 make[3]
   1 ../../egcs/gcc/xcoffout.c
   1 ../../egcs/gcc/tradcpp.c
   1 ../../egcs/gcc/toplev.c
   1 ../../egcs/gcc/stmt.c
   1 ../../egcs/gcc/ssa.c
   1 ../../egcs/gcc/rtl.c
   1 ../../egcs/gcc/reload.c
   1 ../../egcs/gcc/recog.c
   1 ../../egcs/gcc/real.c
   1 ../../egcs/gcc/profile.c
   1 ../../egcs/gcc/prefix.c
   1 ../../egcs/gcc/objc/objc-act.c
   1 ../../egcs/gcc/mkdeps.c
   1 ../../egcs/gcc/haifa-sched.c
   1 ../../egcs/gcc/graph.c
   1 ../../egcs/gcc/genrecog.c
   1 ../../egcs/gcc/genoutput.c
   1 ../../egcs/gcc/genextract.c
   1 ../../egcs/gcc/genattrtab.c
   1 ../../egcs/gcc/genattr.c
   1 ../../egcs/gcc/gcse.c
   1 ../../egcs/gcc/flow.c
   1 ../../egcs/gcc/final.c
   1 ../../egcs/gcc/emit-rtl.c
   1 ../../egcs/gcc/dwarf2out.c
   1 ../../egcs/gcc/cpplib.c
   1 ../../egcs/gcc/cppinit.c
   1 ../../egcs/gcc/cppexp.c
   1 ../../egcs/gcc/convert.c
   1 ../../egcs/gcc/collect2.c
   1 ../../egcs/gcc/calls.c
   1 ../../egcs/gcc/c-typeck.c
   1 ../../egcs/gcc/c-lex.c
   1 ../../egcs/gcc/c-aux-info.c
   1 ../../egcs/gcc/builtins.c
   1 ../../../egcs/gcc/java/jcf-write.c
   1 ../../../egcs/gcc/java/jcf-path.c
   1 ../../../egcs/gcc/java/jcf-io.c
   1 ../../../egcs/gcc/java/class.c
   1 ../../../egcs/gcc/java/check-init.c
   1 ../../../egcs/gcc/intl/dcgettext.c
   1 ../../../egcs/gcc/f/expr.c
   1 ../../../egcs/gcc/f/com.c
   1 ../../../egcs/gcc/cp/typeck.c
   1 ../../../egcs/gcc/cp/semantics.c
   1 ../../../egcs/gcc/cp/rtti.c
   1 ../../../egcs/gcc/cp/pt.c
   1 ../../../egcs/gcc/cp/method.c
   1 ../../../egcs/gcc/cp/lex.c
   1 ../../../egcs/gcc/cp/error.c
   1 ../../../egcs/gcc/cp/errfn.c
   1 ../../../egcs/gcc/cp/decl.c
   1 ../../../egcs/gcc/cp/class.c
   1 ../../../egcs/gcc/cp/cfns.h
   1 ../../../egcs/gcc/ch/typeck.c
   1 ../../../egcs/gcc/ch/tree.c
   1 ../../../egcs/gcc/ch/tasking.c
   1 ../../../egcs/gcc/ch/satisfy.c
   1 ../../../egcs/gcc/ch/parse.c
   1 ../../../egcs/gcc/ch/lex.c
   1 ../../../egcs/gcc/ch/grant.c
   1 ../../../egcs/gcc/ch/expr.c
   1 ../../../egcs/gcc/ch/decl.c
   1 ../../../egcs/gcc/ch/actions.c

Number of warning types:
 720 backslash and newline separated by space
 174 -maix64 requires PowerPC64 architecture remain enabled.
 104 Ignoring command line option -Wstrict-prototypes
  70 implicit declaration of function ???
  63 comparison between signed and unsigned
  26 -maix64 requires PowerPC64 architecture remain 
  22 signed and unsigned type in conditional expression
  17 function declaration isnt a prototype
  11 ??? might be used uninitialized in this function
   8 no previous prototype for ???
   8 alignment of ??? is greater than maximum object file alignment. Using 8.
   5 unused parameter ???
   3 unused variable ???
   3 passing arg ??? of ??? from incompatible pointer type
   2 pointer targets in passing arg ??? of ??? differ in signedness
   1 return from incompatible pointer type
   1 comparison between pointer and integer
   1 long switch expression not converted to int in ANSI C
   1  Clock skew detected.  Your build may be incomplete.


More information about the Gcc-testresults mailing list