Results for 2.96 20000710 (experimental) testsuite on i586-sco-sysv5uw7.1.0
Rodney Brown
rdb@localhost
Tue Jul 11 15:56:00 GMT 2000
Native configuration is i586-sco-sysv5uw7.1.0
=== libio tests ===
Running target unix
=== libio Summary for unix ===
# of expected passes 40
Running target unix/-march=i486
=== libio Summary for unix/-march=i486 ===
# of expected passes 40
Running target unix/-march=i386
=== libio Summary for unix/-march=i386 ===
# of expected passes 40
=== libio Summary ===
# of expected passes 120
=== libstdc++ tests ===
Running target unix
=== libstdc++ Summary for unix ===
# of expected passes 30
Running target unix/-march=i486
=== libstdc++ Summary for unix/-march=i486 ===
# of expected passes 30
Running target unix/-march=i386
=== libstdc++ Summary for unix/-march=i386 ===
# of expected passes 30
=== libstdc++ Summary ===
# of expected passes 90
=== gcc tests ===
Running target unix
FAIL: gcc.c-torture/compile/930529-1.c, -O3 -fssa
FAIL: gcc.c-torture/execute/20000225-1.c execution, -O2
FAIL: gcc.c-torture/execute/20000225-1.c execution, -O3 -fomit-frame-pointer
FAIL: gcc.c-torture/execute/20000225-1.c execution, -O3 -fomit-frame-pointer -funroll-loops
FAIL: gcc.c-torture/execute/20000225-1.c execution, -O3 -fomit-frame-pointer -funroll-all-loops -finline-functions
FAIL: gcc.c-torture/execute/20000225-1.c execution, -O3 -g
FAIL: gcc.c-torture/execute/20000225-1.c execution, -O3 -fssa
FAIL: gcc.c-torture/execute/20000225-1.c execution, -Os
FAIL: gcc.c-torture/execute/20000412-2.c execution, -O2
FAIL: gcc.c-torture/execute/20000412-2.c execution, -O3 -fomit-frame-pointer
FAIL: gcc.c-torture/execute/20000412-2.c execution, -O3 -g
FAIL: gcc.c-torture/execute/20000412-2.c execution, -O3 -fssa
FAIL: gcc.c-torture/execute/20000412-2.c execution, -Os
FAIL: gcc.c-torture/execute/20000419-1.c execution, -O2
FAIL: gcc.c-torture/execute/20000419-1.c execution, -Os
FAIL: gcc.c-torture/execute/eeprof-1.c compilation, -O0
FAIL: gcc.c-torture/execute/eeprof-1.c compilation, -O1
FAIL: gcc.c-torture/execute/eeprof-1.c compilation, -O2
FAIL: gcc.c-torture/execute/eeprof-1.c compilation, -O3 -fomit-frame-pointer
FAIL: gcc.c-torture/execute/eeprof-1.c compilation, -O3 -g
FAIL: gcc.c-torture/execute/eeprof-1.c compilation, -O3 -fssa
FAIL: gcc.c-torture/execute/eeprof-1.c compilation, -Os
FAIL: gcc.dg/20000503-1.c (test for excess errors)
FAIL: gcc.dg/20000609-1.c (test for excess errors)
FAIL: gcc.dg/20000614-1.c (test for excess errors)
FAIL: gcc.dg/20000614-2.c execution test
FAIL: gcc.dg/991214-1.c (test for excess errors)
FAIL: gcc.dg/compare2.c case 10 (test for bogus messages, line 29)
FAIL: gcc.dg/noreturn-1.c this function should not get any warnings (test for bogus messages, line 52)
FAIL: gcc.dg/noreturn-1.c detect return from tail call (test for warnings, line 59)
FAIL: gcc.dg/noreturn-2.c noreturn does return (test for bogus messages, line 12)
=== gcc Summary ===
# of expected passes 11585
# of unexpected failures 31
# of expected failures 29
# of unresolved testcases 10
# of unsupported tests 14
/devel/src/egcs-20000710.obj/gcc/xgcc version 2.96 20000710 (experimental)
=== g++ tests ===
Running target unix
FAIL: g++.dg/special/conpr-1.C execution test
FAIL: g++.dg/special/conpr-2.C execution test
FAIL: g++.dg/special/conpr-3.C execution test
FAIL: g++.dg/special/conpr-3.C execution test
FAIL: g++.eh/spec2.C Execution test
FAIL: g++.eh/spec3.C Execution test
FAIL: g++.ext/initp1.C Execution test
FAIL: g++.ext/instantiate1.C not instantiated (test for errors, line 18)
FAIL: g++.ext/instantiate1.C not instantiated (test for errors, line 20)
FAIL: g++.ext/instantiate2.C not instantiated (test for errors, line 16)
FAIL: g++.ext/instantiate3.C not instantiated (test for errors, line 13)
FAIL: g++.law/profile1.C (test for excess errors)
FAIL: g++.mike/dyncast1.C Execution test
FAIL: g++.mike/dyncast2.C Execution test
FAIL: g++.mike/eh33.C Execution test
FAIL: g++.mike/eh50.C Execution test
FAIL: g++.mike/eh51.C Execution test
FAIL: g++.other/crash18.C (test for excess errors)
FAIL: g++.other/decl4.C caused compiler crash
FAIL: g++.other/ptrmem6.C (test for excess errors)
XPASS: g++.pt/decl2.C ICE - (test for errors, line 8)
FAIL: g++.pt/instantiate4.C (test for excess errors)
FAIL: g++.pt/instantiate6.C (test for excess errors)
FAIL: g++.pt/repo1.C (test for excess errors)
FAIL: g++.pt/repo2.C (test for excess errors)
FAIL: g++.pt/repo3.C (test for excess errors)
FAIL: g++.pt/spec14.C caused compiler crash
=== g++ Summary for unix ===
# of expected passes 5913
# of unexpected failures 26
# of unexpected successes 1
# of expected failures 90
# of untested testcases 14
Running target unix/-march=i486
FAIL: g++.dg/special/conpr-1.C execution test
FAIL: g++.dg/special/conpr-2.C execution test
FAIL: g++.dg/special/conpr-3.C execution test
FAIL: g++.dg/special/conpr-3.C execution test
FAIL: g++.eh/spec2.C Execution test
FAIL: g++.eh/spec3.C Execution test
FAIL: g++.ext/initp1.C Execution test
FAIL: g++.ext/instantiate1.C not instantiated (test for errors, line 18)
FAIL: g++.ext/instantiate1.C not instantiated (test for errors, line 20)
FAIL: g++.ext/instantiate2.C not instantiated (test for errors, line 16)
FAIL: g++.ext/instantiate3.C not instantiated (test for errors, line 13)
FAIL: g++.law/profile1.C (test for excess errors)
FAIL: g++.mike/dyncast1.C Execution test
FAIL: g++.mike/dyncast2.C Execution test
FAIL: g++.mike/eh33.C Execution test
FAIL: g++.mike/eh50.C Execution test
FAIL: g++.mike/eh51.C Execution test
FAIL: g++.other/crash18.C (test for excess errors)
FAIL: g++.other/decl4.C caused compiler crash
FAIL: g++.other/ptrmem6.C (test for excess errors)
XPASS: g++.pt/decl2.C ICE - (test for errors, line 8)
FAIL: g++.pt/instantiate4.C (test for excess errors)
FAIL: g++.pt/instantiate6.C (test for excess errors)
FAIL: g++.pt/repo2.C (test for excess errors)
FAIL: g++.pt/spec14.C caused compiler crash
=== g++ Summary for unix/-march=i486 ===
# of expected passes 5915
# of unexpected failures 24
# of unexpected successes 1
# of expected failures 90
# of untested testcases 14
Running target unix/-march=i386
FAIL: g++.dg/special/conpr-1.C execution test
FAIL: g++.dg/special/conpr-2.C execution test
FAIL: g++.dg/special/conpr-3.C execution test
FAIL: g++.dg/special/conpr-3.C execution test
FAIL: g++.eh/spec2.C Execution test
FAIL: g++.eh/spec3.C Execution test
FAIL: g++.ext/initp1.C Execution test
FAIL: g++.ext/instantiate1.C not instantiated (test for errors, line 18)
FAIL: g++.ext/instantiate1.C not instantiated (test for errors, line 20)
FAIL: g++.ext/instantiate2.C not instantiated (test for errors, line 16)
FAIL: g++.ext/instantiate3.C not instantiated (test for errors, line 13)
FAIL: g++.law/profile1.C (test for excess errors)
FAIL: g++.mike/dyncast1.C Execution test
FAIL: g++.mike/dyncast2.C Execution test
FAIL: g++.mike/eh33.C Execution test
FAIL: g++.mike/eh50.C Execution test
FAIL: g++.mike/eh51.C Execution test
FAIL: g++.other/crash18.C (test for excess errors)
FAIL: g++.other/decl4.C caused compiler crash
FAIL: g++.other/ptrmem6.C (test for excess errors)
XPASS: g++.pt/decl2.C ICE - (test for errors, line 8)
FAIL: g++.pt/instantiate4.C (test for excess errors)
FAIL: g++.pt/spec14.C caused compiler crash
=== g++ Summary for unix/-march=i386 ===
# of expected passes 5917
# of unexpected failures 22
# of unexpected successes 1
# of expected failures 90
# of untested testcases 14
=== g++ Summary ===
# of expected passes 17745
# of unexpected failures 72
# of unexpected successes 3
# of expected failures 270
# of untested testcases 42
/devel/src/egcs-20000710.obj/gcc/testsuite/../g++ version 2.96 20000710 (experimental)
=== g77 tests ===
Running target unix
XPASS: g77.f-torture/compile/20000629-1.f, -O0
XPASS: g77.f-torture/compile/20000629-1.f, -O1
XPASS: g77.f-torture/compile/20000629-1.f, -O2
XPASS: g77.f-torture/compile/20000629-1.f, -O2 -fomit-frame-pointer -finline-functions
XPASS: g77.f-torture/compile/20000629-1.f, -O2 -fomit-frame-pointer -finline-functions -funroll-loops
XPASS: g77.f-torture/compile/20000629-1.f, -O2 -fomit-frame-pointer -finline-functions -funroll-all-loops
XPASS: g77.f-torture/compile/20000629-1.f, -O3 -g
XPASS: g77.f-torture/compile/20000629-1.f, -O3 -fssa
XPASS: g77.f-torture/compile/20000629-1.f, -Os
XPASS: g77.f-torture/execute/20000503-1.f execution, -O0
XPASS: g77.f-torture/execute/20000503-1.f execution, -O1
XPASS: g77.f-torture/execute/20000503-1.f execution, -O2
XPASS: g77.f-torture/execute/20000503-1.f execution, -O2 -fomit-frame-pointer -finline-functions
XPASS: g77.f-torture/execute/20000503-1.f execution, -O2 -fomit-frame-pointer -finline-functions -funroll-loops
XPASS: g77.f-torture/execute/20000503-1.f execution, -O2 -fomit-frame-pointer -finline-functions -funroll-all-loops
XPASS: g77.f-torture/execute/20000503-1.f execution, -O3 -g
XPASS: g77.f-torture/execute/20000503-1.f execution, -O3 -fssa
XPASS: g77.f-torture/execute/20000503-1.f execution, -Os
FAIL: g77.f-torture/execute/short.f execution, -Os
=== g77 Summary for unix ===
# of expected passes 957
# of unexpected failures 1
# of unexpected successes 18
Running target unix/-march=i486
XPASS: g77.f-torture/compile/20000629-1.f, -O0
XPASS: g77.f-torture/compile/20000629-1.f, -O1
XPASS: g77.f-torture/compile/20000629-1.f, -O2
XPASS: g77.f-torture/compile/20000629-1.f, -O2 -fomit-frame-pointer -finline-functions
XPASS: g77.f-torture/compile/20000629-1.f, -O2 -fomit-frame-pointer -finline-functions -funroll-loops
XPASS: g77.f-torture/compile/20000629-1.f, -O2 -fomit-frame-pointer -finline-functions -funroll-all-loops
XPASS: g77.f-torture/compile/20000629-1.f, -O3 -g
XPASS: g77.f-torture/compile/20000629-1.f, -O3 -fssa
XPASS: g77.f-torture/compile/20000629-1.f, -Os
XPASS: g77.f-torture/execute/20000503-1.f execution, -O0
XPASS: g77.f-torture/execute/20000503-1.f execution, -O1
XPASS: g77.f-torture/execute/20000503-1.f execution, -O2
XPASS: g77.f-torture/execute/20000503-1.f execution, -O2 -fomit-frame-pointer -finline-functions
XPASS: g77.f-torture/execute/20000503-1.f execution, -O2 -fomit-frame-pointer -finline-functions -funroll-loops
XPASS: g77.f-torture/execute/20000503-1.f execution, -O2 -fomit-frame-pointer -finline-functions -funroll-all-loops
XPASS: g77.f-torture/execute/20000503-1.f execution, -O3 -g
XPASS: g77.f-torture/execute/20000503-1.f execution, -O3 -fssa
XPASS: g77.f-torture/execute/20000503-1.f execution, -Os
FAIL: g77.f-torture/execute/short.f execution, -Os
=== g77 Summary for unix/-march=i486 ===
# of expected passes 957
# of unexpected failures 1
# of unexpected successes 18
Running target unix/-march=i386
XPASS: g77.f-torture/compile/20000629-1.f, -O0
XPASS: g77.f-torture/compile/20000629-1.f, -O1
XPASS: g77.f-torture/compile/20000629-1.f, -O2
XPASS: g77.f-torture/compile/20000629-1.f, -O2 -fomit-frame-pointer -finline-functions
XPASS: g77.f-torture/compile/20000629-1.f, -O2 -fomit-frame-pointer -finline-functions -funroll-loops
XPASS: g77.f-torture/compile/20000629-1.f, -O2 -fomit-frame-pointer -finline-functions -funroll-all-loops
XPASS: g77.f-torture/compile/20000629-1.f, -O3 -g
XPASS: g77.f-torture/compile/20000629-1.f, -O3 -fssa
XPASS: g77.f-torture/compile/20000629-1.f, -Os
XPASS: g77.f-torture/execute/20000503-1.f execution, -O0
XPASS: g77.f-torture/execute/20000503-1.f execution, -O1
XPASS: g77.f-torture/execute/20000503-1.f execution, -O2
XPASS: g77.f-torture/execute/20000503-1.f execution, -O2 -fomit-frame-pointer -finline-functions
XPASS: g77.f-torture/execute/20000503-1.f execution, -O2 -fomit-frame-pointer -finline-functions -funroll-loops
XPASS: g77.f-torture/execute/20000503-1.f execution, -O2 -fomit-frame-pointer -finline-functions -funroll-all-loops
XPASS: g77.f-torture/execute/20000503-1.f execution, -O3 -g
XPASS: g77.f-torture/execute/20000503-1.f execution, -O3 -fssa
XPASS: g77.f-torture/execute/20000503-1.f execution, -Os
FAIL: g77.f-torture/execute/short.f execution, -Os
=== g77 Summary for unix/-march=i386 ===
# of expected passes 957
# of unexpected failures 1
# of unexpected successes 18
=== g77 Summary ===
# of expected passes 2871
# of unexpected failures 3
# of unexpected successes 54
=== objc tests ===
Running target unix
=== objc Summary for unix ===
# of expected passes 40
Running target unix/-march=i486
=== objc Summary for unix/-march=i486 ===
# of expected passes 40
Running target unix/-march=i386
=== objc Summary for unix/-march=i386 ===
# of expected passes 40
=== objc Summary ===
# of expected passes 120
/devel/src/egcs-20000710.obj/gcc/xgcc version 2.96 20000710 (experimental)
Compiler version: 2.96 20000710 (experimental)
Platform: i586-sco-sysv5uw7.1.0
configure flags: --host=i586-sco-sysv5uw7.1.0
Counting all warnings,
there are 1093 warnings in stage3 of this bootstrap.
Number of warnings per file:
138 ../../egcs-20000710/gcc/flow.c
116 ../../egcs-20000710/gcc/expr.c
79 ../../egcs-20000710/gcc/config/i386/i386.c
67 ../../egcs-20000710/gcc/haifa-sched.c
66 ../../egcs-20000710/gcc/stmt.c
50 ../../egcs-20000710/gcc/bb-reorder.c
38 ../../egcs-20000710/gcc/gcse.c
33 ../../egcs-20000710/gcc/basic-block.h
30 ../../egcs-20000710/gcc/combine.c
27 ../../egcs-20000710/gcc/except.c
24 ../../egcs-20000710/gcc/c-typeck.c
23 ../../egcs-20000710/gcc/varasm.c
21 ../../egcs-20000710/gcc/regrename.c
20 ../../egcs-20000710/gcc/stor-layout.c
20 ../../egcs-20000710/gcc/lcm.c
19 ../../egcs-20000710/gcc/ifcvt.c
19 ../../egcs-20000710/gcc/dwarfout.c
18 ../../../egcs-20000710/libobjc/objc/hash.h
14 ../../egcs-20000710/gcc/toplev.c
13 cc1plus
13 ../../egcs-20000710/gcc/reg-stack.c
12 ../../egcs-20000710/gcc/profile.c
12 ../../egcs-20000710/gcc/objc/objc-act.c
12 ../../egcs-20000710/gcc/genrecog.c
12 ../../egcs-20000710/gcc/cpplex.c
11 ../../egcs-20000710/gcc/ssa.c
11 ../../egcs-20000710/gcc/sbitmap.c
9 ../../egcs-20000710/gcc/genoutput.c
8 ../../egcs-20000710/gcc/tree.c
7 ../../egcs-20000710/gcc/predict.c
7 ../../egcs-20000710/gcc/genattrtab.c
7 ../../egcs-20000710/gcc/c-lex.c
6 ../../egcs-20000710/gcc/regclass.c
6 ../../egcs-20000710/gcc/jump.c
6 ../../egcs-20000710/gcc/cse.c
5 ../../egcs-20000710/gcc/hash.c
5 ../../../egcs-20000710/libiberty/pexecute.c
4 ../../egcs-20000710/gcc/optabs.c
4 ../../egcs-20000710/gcc/gcc.c
4 ../../egcs-20000710/gcc/dwarf2out.c
3 ../../egcs-20000710/gcc/libgcc2.c
3 ../../egcs-20000710/gcc/c-decl.c
3 ../../egcs-20000710/gcc/c-common.c
2 ../../egcs-20000710/gcc/regmove.c
2 ../../egcs-20000710/gcc/loop.c
2 ../../egcs-20000710/gcc/integrate.c
2 ../../egcs-20000710/gcc/function.c
2 ../../egcs-20000710/gcc/fold-const.c
2 ../../egcs-20000710/gcc/final.c
2 ../../egcs-20000710/gcc/expmed.c
2 ../../egcs-20000710/gcc/cppfiles.c
2 ../../egcs-20000710/gcc/c-parse.y
2 ../../egcs-20000710/gcc/alias.c
2 ../../../egcs-20000710/libobjc/selector.c
2 ../../../egcs-20000710/libobjc/archive.c
2 ../../../egcs-20000710/libiberty/getopt.c
2 ../../../egcs-20000710/gcc/intl/localealias.c
2 ../../../egcs-20000710/gcc/intl/dcgettext.c
2 ../../../../egcs-20000710/libio/dbz/byteflip.c
1 ../../egcs-20000710/gcc/tradcpp.c
1 ../../egcs-20000710/gcc/rtl.c
1 ../../egcs-20000710/gcc/reload1.c
1 ../../egcs-20000710/gcc/recog.c
1 ../../egcs-20000710/gcc/real.c
1 ../../egcs-20000710/gcc/print-rtl.c
1 ../../egcs-20000710/gcc/prefix.c
1 ../../egcs-20000710/gcc/mkdeps.c
1 ../../egcs-20000710/gcc/graph.c
1 ../../egcs-20000710/gcc/genextract.c
1 ../../egcs-20000710/gcc/genattr.c
1 ../../egcs-20000710/gcc/emit-rtl.c
1 ../../egcs-20000710/gcc/cpplib.c
1 ../../egcs-20000710/gcc/cppinit.c
1 ../../egcs-20000710/gcc/convert.c
1 ../../egcs-20000710/gcc/calls.c
1 ../../egcs-20000710/gcc/c-aux-info.c
1 ../../egcs-20000710/gcc/builtins.c
1 ../../../egcs-20000710/libobjc/sarray.c
1 ../../../egcs-20000710/libobjc/objects.c
1 ../../../egcs-20000710/libobjc/Object.m
1 ../../../egcs-20000710/libiberty/xexit.c
1 ../../../egcs-20000710/libiberty/vasprintf.c
1 ../../../egcs-20000710/libiberty/sigsetmask.c
1 ../../../egcs-20000710/libiberty/setenv.c
1 ../../../egcs-20000710/libiberty/cp-demangle.c
1 ../../../egcs-20000710/libchill/concatstr.c
1 ../../../egcs-20000710/gcc/java/jcf-write.c
1 ../../../egcs-20000710/gcc/java/jcf-path.c
1 ../../../egcs-20000710/gcc/java/jcf-io.c
1 ../../../egcs-20000710/gcc/java/class.c
1 ../../../egcs-20000710/gcc/java/check-init.c
1 ../../../egcs-20000710/gcc/f/expr.c
1 ../../../egcs-20000710/gcc/f/com.c
1 ../../../egcs-20000710/gcc/cp/typeck.c
1 ../../../egcs-20000710/gcc/cp/semantics.c
1 ../../../egcs-20000710/gcc/cp/rtti.c
1 ../../../egcs-20000710/gcc/cp/pt.c
1 ../../../egcs-20000710/gcc/cp/method.c
1 ../../../egcs-20000710/gcc/cp/lex.c
1 ../../../egcs-20000710/gcc/cp/error.c
1 ../../../egcs-20000710/gcc/cp/errfn.c
1 ../../../egcs-20000710/gcc/cp/decl.c
1 ../../../egcs-20000710/gcc/cp/class.c
1 ../../../egcs-20000710/gcc/cp/cfns.h
1 ../../../egcs-20000710/gcc/ch/typeck.c
1 ../../../egcs-20000710/gcc/ch/tree.c
1 ../../../egcs-20000710/gcc/ch/tasking.c
1 ../../../egcs-20000710/gcc/ch/satisfy.c
1 ../../../egcs-20000710/gcc/ch/parse.c
1 ../../../egcs-20000710/gcc/ch/lex.c
1 ../../../egcs-20000710/gcc/ch/grant.c
1 ../../../egcs-20000710/gcc/ch/expr.c
1 ../../../egcs-20000710/gcc/ch/decl.c
1 ../../../egcs-20000710/gcc/ch/actions.c
1 ../../../../egcs-20000710/libio/dbz/fake.c
Number of warning types:
844 function macro index must be used with arguments in traditional C
92 implicit declaration of function \`???'
85 comparison between signed and unsigned
15 signed and unsigned type in conditional expression
13 Ignoring command line option '-Wstrict-prototypes'
8 \`???' might be used uninitialized in this function
7 function declaration isn't a prototype
6 unused parameter \`???'
6 ??? format, ??? arg (arg ???)
4 variable \`???' might be clobbered by \`longjmp' or \`vfork'
3 unused variable \`???'
3 passing arg ??? of \`???' from incompatible pointer type
2 pointer targets in passing arg ??? of \`???' differ in signedness
1 return from incompatible pointer type
1 passing arg ??? of \`???' discards qualifiers from pointer target type
1 no previous prototype for \`???'
1 comparison between pointer and integer
1 \`???' defined but not used
More information about the Gcc-testresults
mailing list