Results for 2.96 20000710 (experimental) testsuite on i586-pc-linux-gnu
Alexandre Oliva
oliva@lsd.ic.unicamp.br
Tue Jul 11 14:42:00 GMT 2000
Native configuration is i586-pc-linux-gnu
=== binutils tests ===
Running target unix
=== binutils Summary ===
# of expected passes 20
# of untested testcases 6
=== g++ tests ===
Running target unix
FAIL: g++.ext/instantiate1.C not instantiated (test for errors, line 18)
FAIL: g++.ext/instantiate1.C not instantiated (test for errors, line 20)
FAIL: g++.mike/eh34.C Execution test
FAIL: g++.mike/eh55.C Execution test
=== g++ Summary ===
# of expected passes 5943
# of unexpected failures 4
# of expected failures 93
# of untested testcases 8
/l/tmp/egcs/gcc/testsuite/../g++ version 2.96 20000710 (experimental)
=== g77 tests ===
Running target unix
XPASS: g77.f-torture/compile/20000629-1.f, -O0
XPASS: g77.f-torture/compile/20000629-1.f, -O1
XPASS: g77.f-torture/compile/20000629-1.f, -O2
XPASS: g77.f-torture/compile/20000629-1.f, -O2 -fomit-frame-pointer -finline-functions
XPASS: g77.f-torture/compile/20000629-1.f, -O3 -g
XPASS: g77.f-torture/compile/20000629-1.f, -O3 -fssa
XPASS: g77.f-torture/compile/20000629-1.f, -Os
XPASS: g77.f-torture/execute/20000503-1.f execution, -O0
XPASS: g77.f-torture/execute/20000503-1.f execution, -O1
XPASS: g77.f-torture/execute/20000503-1.f execution, -O2
XPASS: g77.f-torture/execute/20000503-1.f execution, -O2 -fomit-frame-pointer -finline-functions
XPASS: g77.f-torture/execute/20000503-1.f execution, -O2 -fomit-frame-pointer -finline-functions -funroll-loops
XPASS: g77.f-torture/execute/20000503-1.f execution, -O2 -fomit-frame-pointer -finline-functions -funroll-all-loops
XPASS: g77.f-torture/execute/20000503-1.f execution, -O3 -g
XPASS: g77.f-torture/execute/20000503-1.f execution, -O3 -fssa
XPASS: g77.f-torture/execute/20000503-1.f execution, -Os
FAIL: g77.f-torture/execute/short.f execution, -Os
=== g77 Summary ===
# of expected passes 957
# of unexpected failures 1
# of unexpected successes 16
# of expected failures 2
=== gas tests ===
Running target unix
=== gas Summary ===
# of expected passes 78
=== gcc tests ===
Running target unix
FAIL: gcc.c-torture/compile/930529-1.c, -O3 -fssa
FAIL: gcc.c-torture/execute/20000225-1.c execution, -O2
FAIL: gcc.c-torture/execute/20000225-1.c execution, -O3 -fomit-frame-pointer
FAIL: gcc.c-torture/execute/20000225-1.c execution, -O3 -fomit-frame-pointer -funroll-loops
FAIL: gcc.c-torture/execute/20000225-1.c execution, -O3 -fomit-frame-pointer -funroll-all-loops -finline-functions
FAIL: gcc.c-torture/execute/20000225-1.c execution, -O3 -g
FAIL: gcc.c-torture/execute/20000225-1.c execution, -O3 -fssa
FAIL: gcc.c-torture/execute/20000225-1.c execution, -Os
FAIL: gcc.c-torture/execute/20000412-2.c execution, -O2
FAIL: gcc.c-torture/execute/20000412-2.c execution, -O3 -fomit-frame-pointer
FAIL: gcc.c-torture/execute/20000412-2.c execution, -O3 -g
FAIL: gcc.c-torture/execute/20000412-2.c execution, -O3 -fssa
FAIL: gcc.c-torture/execute/20000412-2.c execution, -Os
FAIL: gcc.c-torture/execute/20000419-1.c execution, -O2
FAIL: gcc.c-torture/execute/20000419-1.c execution, -Os
FAIL: gcc.dg/20000503-1.c (test for excess errors)
FAIL: gcc.dg/20000609-1.c execution test
FAIL: gcc.dg/20000614-1.c (test for excess errors)
FAIL: gcc.dg/20000614-2.c execution test
FAIL: gcc.dg/991214-1.c (test for excess errors)
FAIL: gcc.dg/compare2.c case 10 (test for bogus messages, line 29)
FAIL: gcc.dg/noreturn-1.c this function should not get any warnings (test for bogus messages, line 52)
FAIL: gcc.dg/noreturn-1.c detect return from tail call (test for warnings, line 59)
FAIL: gcc.dg/noreturn-2.c noreturn does return (test for bogus messages, line 12)
=== gcc Summary ===
# of expected passes 11622
# of unexpected failures 24
# of expected failures 29
# of unsupported tests 14
/l/tmp/egcs/gcc/xgcc version 2.96 20000710 (experimental)
=== ld tests ===
Running target unix
=== ld Summary ===
# of expected passes 98
# of expected failures 5
=== libg++ tests ===
Running target unix
FAIL: tBitString.cc execution
FAIL: tFile.cc execution
FAIL: tFix16.cc execution
FAIL: tFix24.cc output
FAIL: tInteger.cc execution
FAIL: tObstack.cc execution
FAIL: tRandom.cc execution
FAIL: tRational.cc execution
FAIL: tString.cc execution
=== libg++ Summary ===
# of expected passes 55
# of unexpected failures 9
# of expected failures 8
=== libio tests ===
Running target unix
FAIL: hounddog.cc execution
FAIL: hounddog.cc execution -b0
FAIL: hounddog.cc execution -b2
=== libio Summary ===
# of expected passes 34
# of unexpected failures 3
# of expected failures 3
=== libstdc++ tests ===
Running target unix
FAIL: tstring.cc execution
=== libstdc++ Summary ===
# of expected passes 28
# of unexpected failures 1
# of expected failures 1
=== objc tests ===
Running target unix
FAIL: objc/execute/bf-1.m compilation, -O
FAIL: objc/execute/bf-10.m compilation, -O
FAIL: objc/execute/bf-11.m compilation, -O
FAIL: objc/execute/bf-12.m compilation, -O
FAIL: objc/execute/bf-13.m compilation, -O
FAIL: objc/execute/bf-14.m compilation, -O
FAIL: objc/execute/bf-15.m compilation, -O
FAIL: objc/execute/bf-16.m compilation, -O
FAIL: objc/execute/bf-17.m compilation, -O
FAIL: objc/execute/bf-18.m compilation, -O
FAIL: objc/execute/bf-19.m compilation, -O
FAIL: objc/execute/bf-2.m compilation, -O
FAIL: objc/execute/bf-20.m compilation, -O
FAIL: objc/execute/bf-3.m compilation, -O
FAIL: objc/execute/bf-4.m compilation, -O
FAIL: objc/execute/bf-5.m compilation, -O
FAIL: objc/execute/bf-6.m compilation, -O
FAIL: objc/execute/bf-7.m compilation, -O
FAIL: objc/execute/bf-8.m compilation, -O
FAIL: objc/execute/bf-9.m compilation, -O
=== objc Summary ===
# of unexpected failures 20
# of untested testcases 20
/l/tmp/egcs/gcc/xgcc version 2.96 20000710 (experimental)
Compiler version: 2.96 20000710 (experimental)
Platform: i586-pc-linux-gnu
BOOT_CFLAGS: -g -O9 -W -Wall
Counting all warnings,
there are 498 warnings in stage3 of this bootstrap.
Number of warnings per file:
284 /home/lsd/oliva/src/egcs/gcc/f/intdoc.in
30 /home/lsd/oliva/src/egcs/gcc/combine.c
18 /home/lsd/oliva/src/egcs/libobjc/objc/hash.h
14 /home/lsd/oliva/src/egcs/gcc/expr.c
13 cc1plus
10 /home/lsd/oliva/src/egcs/libiberty/pexecute.c
10 /home/lsd/oliva/src/egcs/gcc/reg-stack.c
9 configure
8 /usr/include/ctype.h
7 /home/lsd/oliva/src/egcs/gcc/cpplex.c
5 /home/lsd/oliva/src/egcs/gcc/cse.c
4 cxxmain.c
4 Makefile
4 /home/lsd/oliva/src/egcs/libg++/src/AllocRing.cc
4 /home/lsd/oliva/src/egcs/gcc/gcc.c
4 /home/lsd/oliva/src/egcs/gcc/diagnostic.c
3 /home/lsd/oliva/src/egcs/gcc/tree.c
3 /home/lsd/oliva/src/egcs/gcc/c-decl.c
2 f/intdoc.h0
2 /home/lsd/oliva/src/egcs/libobjc/selector.c
2 /home/lsd/oliva/src/egcs/libobjc/objects.c
2 /home/lsd/oliva/src/egcs/libobjc/archive.c
2 /home/lsd/oliva/src/egcs/libiberty/xexit.c
2 /home/lsd/oliva/src/egcs/libiberty/cp-demangle.c
2 /home/lsd/oliva/src/egcs/gcc/regrename.c
2 /home/lsd/oliva/src/egcs/gcc/regmove.c
2 /home/lsd/oliva/src/egcs/gcc/libgcc2.c
2 /home/lsd/oliva/src/egcs/gcc/java/expr.c
2 /home/lsd/oliva/src/egcs/gcc/intl/dcgettext.c
2 /home/lsd/oliva/src/egcs/gcc/gengenrtl.c
2 /home/lsd/oliva/src/egcs/gcc/function.c
2 /home/lsd/oliva/src/egcs/gcc/fold-const.c
2 /home/lsd/oliva/src/egcs/gcc/cppfiles.c
2 /home/lsd/oliva/src/egcs/gcc/cp/decl.c
2 /home/lsd/oliva/src/egcs/gcc/c-parse.y
2 /home/lsd/oliva/src/egcs/gcc/c-common.c
2 /home/lsd/oliva/src/egcs/gcc/alias.c
1 /home/lsd/oliva/src/egcs/libobjc/sarray.c
1 /home/lsd/oliva/src/egcs/libobjc/Object.m
1 /home/lsd/oliva/src/egcs/libffi/src/java_raw_api.c
1 /home/lsd/oliva/src/egcs/gcc/varray.c
1 /home/lsd/oliva/src/egcs/gcc/tradcpp.c
1 /home/lsd/oliva/src/egcs/gcc/toplev.c
1 /home/lsd/oliva/src/egcs/gcc/loop.c
1 /home/lsd/oliva/src/egcs/gcc/java/jvgenmain.c
1 /home/lsd/oliva/src/egcs/gcc/java/jcf-write.c
1 /home/lsd/oliva/src/egcs/gcc/java/jcf-parse.c
1 /home/lsd/oliva/src/egcs/gcc/java/jcf-io.c
1 /home/lsd/oliva/src/egcs/gcc/java/class.c
1 /home/lsd/oliva/src/egcs/gcc/gcse.c
1 /home/lsd/oliva/src/egcs/gcc/f/expr.c
1 /home/lsd/oliva/src/egcs/gcc/f/com.c
1 /home/lsd/oliva/src/egcs/gcc/expmed.c
1 /home/lsd/oliva/src/egcs/gcc/emit-rtl.c
1 /home/lsd/oliva/src/egcs/gcc/dwarfout.c
1 /home/lsd/oliva/src/egcs/gcc/cp/semantics.c
1 /home/lsd/oliva/src/egcs/gcc/cp/error.c
1 /home/lsd/oliva/src/egcs/gcc/cp/errfn.c
1 /home/lsd/oliva/src/egcs/gcc/cp/cfns.h
1 /home/lsd/oliva/src/egcs/gcc/convert.c
1 /home/lsd/oliva/src/egcs/gcc/collect2.c
1 /home/lsd/oliva/src/egcs/gcc/ch/decl.c
1 /home/lsd/oliva/src/egcs/boehm-gc/mark_rts.c
Number of warning types:
284 Use of ANSI string concatenation
62 comparison between signed and unsigned
29 implicit declaration of function `???'
16 `noreturn' function does return
15 signed and unsigned type in conditional expression
13 Ignoring command line option '-Wstrict-prototypes'
10 control reaches end of non-void function
8 variable `???' might be clobbered by `longjmp' or `vfork'
8 `???' might be used uninitialized in this function
7 function declaration isn't a prototype
4 unused parameter `???'
4 function macro __toupper_l must be used with arguments in traditional C
4 function macro __tolower_l must be used with arguments in traditional C
4 deleting `???' is undefined
4 ***********************************************************
3 unused variable `???'
3 passing arg ??? of `???' from incompatible pointer type
3 `???' script is too old or missing
2 overriding commands for target `???'
2 ignoring old commands for target `???'
2 `???' defined but not used
2 # followed by integer
1 then use the most recent one - libffi-1.20.
1 return from incompatible pointer type
1 pointer targets in passing arg ??? of `???' differ in signedness
1 passing arg ??? of `???' discards qualifiers from pointer target type
1 no previous prototype for `???'
1 function returns address of local variable
1 function macro strcmp must be used with arguments in traditional C
1 comparison between pointer and integer
1 This is beta code. If you're looking for a stable release
More information about the Gcc-testresults
mailing list