Results for 2.96 20000709 (experimental) testsuite on i686-redhat6-linux-gnu
Manfred Hollstein
manfredh@redhat.com
Mon Jul 10 10:45:00 GMT 2000
Compiler version: 2.96 20000709 (experimental)
Platform: i686-redhat6-linux-gnu
Sources: - gcc mainline from CVS last updated at
2000/07/09 16:05:33 +0200
- libg++-2.8.1.3
- libg++-2.8.1.3-20000312.diff.gz
- libg++-2.8.1.3-20000419.diff.gz
Patches: None.
Environment: - autoconf-2.13-5
- automake-1.4-6
- binutils-20000709 via anonymous CVS from
anoncvs.cygnus.com
- dejagnu-19990614
- Red Hat Linux 6.2
+ recommended updates as of today
- Kernel 2.2.16-3 (compiled by "gcc version
egcs-2.91.66 19990314/Linux (egcs-1.1.2 release)")
- glibc-2.1.3-15
- glibc-devel-2.1.3-15
Remarks: None.
configure flags: --host=i686-redhat6-linux-gnu --target=i686-redhat6-linux-gnu --srcdir=../egcs-20000709 --prefix=/opt/gnu --exec-prefix=/opt/gnu/H-ia32-linux --with-gnu-as --with-gnu-ld --enable-checking=no --enable-shared --enable-version-specific-runtime-libs --enable-java-gc=boehm --enable-fast-character --enable-threads=yes --with-local-prefix=/opt/gnu --enable-nls --verbose
BOOT_CC: gcc version 2.95.3 19991030 (prerelease)
BOOT_CFLAGS: -O9 -march=pentiumpro -fomit-frame-pointer -funroll-loops
CFLAGS: -O9 -march=pentiumpro -fomit-frame-pointer
CXXFLAGS: -O9 -march=pentiumpro -g
Native configuration is i686-redhat6-linux-gnu
=== libio tests ===
Running target unix
FAIL: hounddog.cc execution
FAIL: hounddog.cc execution -b0
FAIL: hounddog.cc execution -b2
=== libio Summary ===
# of expected passes 34
# of unexpected failures 3
# of expected failures 3
=== libstdc++ tests ===
Running target unix
FAIL: tstring.cc execution
=== libstdc++ Summary ===
# of expected passes 28
# of unexpected failures 1
# of expected failures 1
=== libg++ tests ===
Running target unix
FAIL: tRational.cc execution
FAIL: tFix16.cc output
FAIL: tFix24.cc execution
FAIL: tInteger.cc execution
FAIL: tRandom.cc execution
FAIL: tString.cc execution
=== libg++ Summary ===
# of expected passes 61
# of unexpected failures 6
# of expected failures 5
=== gcc tests ===
Running target unix
FAIL: gcc.c-torture/compile/930529-1.c, -O3 -fssa
FAIL: gcc.c-torture/execute/20000225-1.c execution, -O2
FAIL: gcc.c-torture/execute/20000225-1.c execution, -O3 -fomit-frame-pointer
FAIL: gcc.c-torture/execute/20000225-1.c execution, -O3 -fomit-frame-pointer -funroll-loops
FAIL: gcc.c-torture/execute/20000225-1.c execution, -O3 -fomit-frame-pointer -funroll-all-loops -finline-functions
FAIL: gcc.c-torture/execute/20000225-1.c execution, -O3 -g
FAIL: gcc.c-torture/execute/20000225-1.c execution, -O3 -fssa
FAIL: gcc.c-torture/execute/20000225-1.c execution, -Os
FAIL: gcc.c-torture/execute/20000412-2.c execution, -O2
FAIL: gcc.c-torture/execute/20000412-2.c execution, -O3 -fomit-frame-pointer
FAIL: gcc.c-torture/execute/20000412-2.c execution, -O3 -g
FAIL: gcc.c-torture/execute/20000412-2.c execution, -O3 -fssa
FAIL: gcc.c-torture/execute/20000412-2.c execution, -Os
FAIL: gcc.c-torture/execute/20000419-1.c execution, -O2
FAIL: gcc.c-torture/execute/20000419-1.c execution, -Os
FAIL: gcc.dg/20000503-1.c (test for excess errors)
FAIL: gcc.dg/20000614-1.c (test for excess errors)
FAIL: gcc.dg/20000614-2.c execution test
FAIL: gcc.dg/991214-1.c (test for excess errors)
FAIL: gcc.dg/compare2.c case 10 (test for bogus messages, line 29)
FAIL: gcc.dg/noreturn-1.c this function should not get any warnings (test for bogus messages, line 52)
FAIL: gcc.dg/noreturn-1.c detect return from tail call (test for warnings, line 59)
FAIL: gcc.dg/noreturn-2.c noreturn does return (test for bogus messages, line 12)
=== gcc Summary ===
# of expected passes 11623
# of unexpected failures 23
# of expected failures 29
# of unsupported tests 14
/home/gnu/work/GNU/egcs-20000709-i686-redhat6-linux-gnu/gcc/xgcc version 2.96 20000709 (experimental)
=== g++ tests ===
Running target unix
FAIL: g++.eh/spec2.C Execution test
FAIL: g++.eh/spec3.C Execution test
FAIL: g++.eh/spec4.C Execution test
FAIL: g++.ext/instantiate1.C not instantiated (test for errors, line 18)
FAIL: g++.ext/instantiate1.C not instantiated (test for errors, line 20)
FAIL: g++.mike/dyncast1.C Execution test
FAIL: g++.mike/dyncast2.C Execution test
FAIL: g++.mike/eh33.C Execution test
FAIL: g++.mike/eh34.C Execution test
FAIL: g++.mike/eh50.C Execution test
FAIL: g++.mike/eh51.C Execution test
FAIL: g++.mike/eh55.C Execution test
FAIL: g++.other/initstring.C (test for excess errors)
=== g++ Summary ===
# of expected passes 5885
# of unexpected failures 13
# of expected failures 93
# of untested testcases 7
/home/gnu/work/GNU/egcs-20000709-i686-redhat6-linux-gnu/gcc/testsuite/../g++ version 2.96 20000709 (experimental)
=== g77 tests ===
Running target unix
XPASS: g77.f-torture/compile/20000629-1.f, -O0
XPASS: g77.f-torture/compile/20000629-1.f, -O1
XPASS: g77.f-torture/compile/20000629-1.f, -O2
XPASS: g77.f-torture/compile/20000629-1.f, -O2 -fomit-frame-pointer -finline-functions
XPASS: g77.f-torture/compile/20000629-1.f, -O3 -g
XPASS: g77.f-torture/compile/20000629-1.f, -O3 -fssa
XPASS: g77.f-torture/compile/20000629-1.f, -Os
XPASS: g77.f-torture/execute/20000503-1.f execution, -O0
XPASS: g77.f-torture/execute/20000503-1.f execution, -O1
XPASS: g77.f-torture/execute/20000503-1.f execution, -O2
XPASS: g77.f-torture/execute/20000503-1.f execution, -O2 -fomit-frame-pointer -finline-functions
XPASS: g77.f-torture/execute/20000503-1.f execution, -O2 -fomit-frame-pointer -finline-functions -funroll-loops
XPASS: g77.f-torture/execute/20000503-1.f execution, -O2 -fomit-frame-pointer -finline-functions -funroll-all-loops
XPASS: g77.f-torture/execute/20000503-1.f execution, -O3 -g
XPASS: g77.f-torture/execute/20000503-1.f execution, -O3 -fssa
XPASS: g77.f-torture/execute/20000503-1.f execution, -Os
FAIL: g77.f-torture/execute/short.f execution, -Os
=== g77 Summary ===
# of expected passes 957
# of unexpected failures 1
# of unexpected successes 16
# of expected failures 2
=== objc tests ===
Running target unix
FAIL: objc/execute/bf-1.m compilation, -O
FAIL: objc/execute/bf-10.m compilation, -O
FAIL: objc/execute/bf-11.m compilation, -O
FAIL: objc/execute/bf-12.m compilation, -O
FAIL: objc/execute/bf-13.m compilation, -O
FAIL: objc/execute/bf-14.m compilation, -O
FAIL: objc/execute/bf-15.m compilation, -O
FAIL: objc/execute/bf-16.m compilation, -O
FAIL: objc/execute/bf-17.m compilation, -O
FAIL: objc/execute/bf-18.m compilation, -O
FAIL: objc/execute/bf-19.m compilation, -O
FAIL: objc/execute/bf-2.m compilation, -O
FAIL: objc/execute/bf-20.m compilation, -O
FAIL: objc/execute/bf-3.m compilation, -O
FAIL: objc/execute/bf-4.m compilation, -O
FAIL: objc/execute/bf-5.m compilation, -O
FAIL: objc/execute/bf-6.m compilation, -O
FAIL: objc/execute/bf-7.m compilation, -O
FAIL: objc/execute/bf-8.m compilation, -O
FAIL: objc/execute/bf-9.m compilation, -O
=== objc Summary ===
# of unexpected failures 20
# of untested testcases 20
/home/gnu/work/GNU/egcs-20000709-i686-redhat6-linux-gnu/gcc/xgcc version 2.96 20000709 (experimental)
Counting all warnings,
there are 211 warnings in stage3 of this bootstrap.
Number of warnings per file:
30 ../../egcs-20000709/gcc/combine.c
18 ../../../egcs-20000709/libobjc/objc/hash.h
13 cc1plus
13 ../../egcs-20000709/gcc/expr.c
10 ../../egcs-20000709/gcc/reg-stack.c
10 ../../../egcs-20000709/gcc/cp/semantics.c
9 ../../../egcs-20000709/libiberty/pexecute.c
8 /usr/include/ctype.h
7 ../../egcs-20000709/gcc/cpplex.c
5 ../../egcs-20000709/gcc/gcc.c
5 ../../egcs-20000709/gcc/cse.c
5 ../../egcs-20000709/gcc/c-decl.c
4 cxxmain.c
4 ../../egcs-20000709/gcc/diagnostic.c
4 ../../../../egcs-20000709/libg++/src/AllocRing.cc
3 ../../egcs-20000709/gcc/libgcc2.c
3 ../../../egcs-20000709/libiberty/xexit.c
3 ../../../egcs-20000709/libiberty/cp-demangle.c
2 ../../egcs-20000709/gcc/regrename.c
2 ../../egcs-20000709/gcc/regmove.c
2 ../../egcs-20000709/gcc/gengenrtl.c
2 ../../egcs-20000709/gcc/function.c
2 ../../egcs-20000709/gcc/fold-const.c
2 ../../egcs-20000709/gcc/cppfiles.c
2 ../../egcs-20000709/gcc/c-common.c
2 ../../egcs-20000709/gcc/alias.c
2 ../../../egcs-20000709/libobjc/selector.c
2 ../../../egcs-20000709/libobjc/objects.c
2 ../../../egcs-20000709/libobjc/archive.c
2 ../../../egcs-20000709/libiberty/cplus-dem.c
2 ../../../egcs-20000709/gcc/java/jcf-parse.c
2 ../../../egcs-20000709/gcc/java/expr.c
2 ../../../egcs-20000709/gcc/intl/dcgettext.c
2 ../../../egcs-20000709/gcc/cp/decl.c
2 ../../../../egcs-20000709/libio/dbz/byteflip.c
1 ../../egcs-20000709/gcc/tree.c
1 ../../egcs-20000709/gcc/tradcpp.c
1 ../../egcs-20000709/gcc/toplev.c
1 ../../egcs-20000709/gcc/loop.c
1 ../../egcs-20000709/gcc/gcse.c
1 ../../egcs-20000709/gcc/expmed.c
1 ../../egcs-20000709/gcc/emit-rtl.c
1 ../../egcs-20000709/gcc/dwarfout.c
1 ../../egcs-20000709/gcc/convert.c
1 ../../egcs-20000709/gcc/collect2.c
1 ../../../egcs-20000709/libobjc/sarray.c
1 ../../../egcs-20000709/libobjc/Object.m
1 ../../../egcs-20000709/gcc/java/jvgenmain.c
1 ../../../egcs-20000709/gcc/java/jcf-write.c
1 ../../../egcs-20000709/gcc/java/jcf-io.c
1 ../../../egcs-20000709/gcc/java/class.c
1 ../../../egcs-20000709/gcc/f/expr.c
1 ../../../egcs-20000709/gcc/f/com.c
1 ../../../egcs-20000709/gcc/cp/error.c
1 ../../../egcs-20000709/gcc/cp/errfn.c
1 ../../../egcs-20000709/gcc/cp/cfns.h
1 ../../../egcs-20000709/gcc/ch/decl.c
1 ../../../../egcs-20000709/libio/dbz/fake.c
Number of warning types:
62 comparison between signed and unsigned
31 implicit declaration of function `???'
17 `???' might be used uninitialized in this function
15 signed and unsigned type in conditional expression
15 `noreturn' function does return
14 control reaches end of non-void function
13 Ignoring command line option '-Wstrict-prototypes'
7 variable `???' might be clobbered by `longjmp' or `vfork'
7 function declaration isn't a prototype
6 unused parameter `???'
4 function macro __toupper_l must be used with arguments in traditional C
4 function macro __tolower_l must be used with arguments in traditional C
4 deleting `???' is undefined
3 passing arg ??? of `???' from incompatible pointer type
2 `???' defined but not used
1 unused variable `???'
1 pointer targets in passing arg ??? of `???' differ in signedness
1 passing arg ??? of `???' discards qualifiers from pointer target type
1 no previous prototype for `???'
1 function macro strcmp must be used with arguments in traditional C
1 comparison between pointer and integer
1 assignment makes pointer from integer without a cast
More information about the Gcc-testresults
mailing list