Results for 2.96 20000703 (experimental) testsuite on alpha-dec-osf4.0e
Rodney Brown
rdb@localhost
Sun Jul 9 16:01:00 GMT 2000
Native configuration is alpha-dec-osf4.0e
=== libio tests ===
Running target unix
=== libio Summary ===
# of expected passes 40
=== libstdc++ tests ===
Running target unix
=== libstdc++ Summary ===
# of expected passes 30
=== gcc tests ===
Running target unix
FAIL: gcc.c-torture/compile/920501-18.c, -O3 -fssa
FAIL: gcc.c-torture/execute/990811-1.c execution, -O3 -fomit-frame-pointer
FAIL: gcc.c-torture/execute/990811-1.c execution, -O3 -fomit-frame-pointer -funroll-loops
FAIL: gcc.c-torture/execute/990811-1.c execution, -O3 -fomit-frame-pointer -funroll-all-loops -finline-functions
FAIL: gcc.c-torture/execute/990811-1.c execution, -O3 -g
FAIL: gcc.c-torture/execute/990811-1.c execution, -O3 -fssa
FAIL: gcc.c-torture/execute/ieee/20000320-1.c execution, -O0
FAIL: gcc.c-torture/execute/ieee/20000320-1.c execution, -O1
FAIL: gcc.c-torture/execute/ieee/20000320-1.c execution, -O2
FAIL: gcc.c-torture/execute/ieee/20000320-1.c execution, -O3 -fomit-frame-pointer
FAIL: gcc.c-torture/execute/ieee/20000320-1.c execution, -O3 -g
FAIL: gcc.c-torture/execute/ieee/20000320-1.c execution, -O3 -fssa
FAIL: gcc.c-torture/execute/ieee/20000320-1.c execution, -Os
FAIL: gcc.c-torture/execute/ieee/fp-cmp-2.c execution, -O0
FAIL: gcc.c-torture/execute/ieee/fp-cmp-2.c execution, -O1
FAIL: gcc.c-torture/execute/ieee/fp-cmp-2.c execution, -O2
FAIL: gcc.c-torture/execute/ieee/fp-cmp-2.c execution, -O3 -fomit-frame-pointer
FAIL: gcc.c-torture/execute/ieee/fp-cmp-2.c execution, -O3 -fomit-frame-pointer -funroll-loops
FAIL: gcc.c-torture/execute/ieee/fp-cmp-2.c execution, -O3 -fomit-frame-pointer -funroll-all-loops -finline-functions
FAIL: gcc.c-torture/execute/ieee/fp-cmp-2.c execution, -O3 -g
FAIL: gcc.c-torture/execute/ieee/fp-cmp-2.c execution, -O3 -fssa
FAIL: gcc.c-torture/execute/ieee/fp-cmp-2.c execution, -Os
FAIL: gcc.c-torture/execute/ieee/fp-cmp-4.c execution, -O0
FAIL: gcc.c-torture/execute/ieee/fp-cmp-4.c execution, -O1
FAIL: gcc.c-torture/execute/ieee/fp-cmp-4.c execution, -O2
FAIL: gcc.c-torture/execute/ieee/fp-cmp-4.c execution, -O3 -fomit-frame-pointer
FAIL: gcc.c-torture/execute/ieee/fp-cmp-4.c execution, -O3 -fomit-frame-pointer -funroll-loops
FAIL: gcc.c-torture/execute/ieee/fp-cmp-4.c execution, -O3 -fomit-frame-pointer -funroll-all-loops -finline-functions
FAIL: gcc.c-torture/execute/ieee/fp-cmp-4.c execution, -O3 -g
FAIL: gcc.c-torture/execute/ieee/fp-cmp-4.c execution, -O3 -fssa
FAIL: gcc.c-torture/execute/ieee/fp-cmp-4.c execution, -Os
FAIL: gcc.c-torture/execute/ieee/mzero2.c execution, -O0
FAIL: gcc.c-torture/execute/ieee/mzero2.c execution, -O1
FAIL: gcc.c-torture/execute/ieee/mzero2.c execution, -O2
FAIL: gcc.c-torture/execute/ieee/mzero2.c execution, -O3 -fomit-frame-pointer
FAIL: gcc.c-torture/execute/ieee/mzero2.c execution, -O3 -g
FAIL: gcc.c-torture/execute/ieee/mzero2.c execution, -O3 -fssa
FAIL: gcc.c-torture/execute/ieee/mzero2.c execution, -Os
XPASS: gcc.c-torture/execute/memcheck/blkarg.c execution, -O0
XPASS: gcc.c-torture/execute/memcheck/blkarg.c execution, -O1
XPASS: gcc.c-torture/execute/memcheck/blkarg.c execution, -O2
XPASS: gcc.c-torture/execute/memcheck/blkarg.c execution, -Os
FAIL: gcc.dg/20000419-2.c (test for excess errors)
FAIL: gcc.dg/compare2.c case 10 (test for bogus messages, line 29)
FAIL: gcc.dg/noreturn-1.c this function should not get any warnings (test for bogus messages, line 52)
FAIL: gcc.dg/noreturn-1.c detect return from tail call (test for warnings, line 59)
FAIL: gcc.dg/noncompile/920923-1.c (test for excess errors)
=== gcc Summary ===
# of expected passes 11414
# of unexpected failures 43
# of unexpected successes 4
# of expected failures 30
# of unresolved testcases 3
# of unsupported tests 38
/user/rand/rdb/src/egcs-20000703.chk/gcc/xgcc version 2.96 20000703 (experimental)
=== g++ tests ===
Running target unix
FAIL: g++.eh/badalloc1.C Execution test
FAIL: g++.ext/instantiate1.C not instantiated (test for errors, line 18)
FAIL: g++.ext/instantiate1.C not instantiated (test for errors, line 20)
FAIL: g++.ext/instantiate2.C not instantiated (test for errors, line 16)
FAIL: g++.ext/instantiate3.C not instantiated (test for errors, line 13)
FAIL: g++.other/crash18.C caused compiler crash
FAIL: g++.other/initstring.C (test for excess errors)
=== g++ Summary ===
# of expected passes 5917
# of unexpected failures 7
# of expected failures 97
# of untested testcases 18
/user/rand/rdb/src/egcs-20000703.chk/gcc/testsuite/../g++ version 2.96 20000703 (experimental)
=== g77 tests ===
Running target unix
=== g77 Summary ===
# of expected passes 967
# of expected failures 9
=== objc tests ===
Running target unix
=== objc Summary ===
# of expected passes 40
/user/rand/rdb/src/egcs-20000703.chk/gcc/xgcc version 2.96 20000703 (experimental)
Compiler version: 2.96 20000703 (experimental)
Platform: alpha-dec-osf4.0e
configure flags: --host=alpha-dec-osf4.0e --enable-checking
Counting all warnings,
there are 243 warnings in stage3 of this bootstrap.
Number of warnings per file:
86 ../../egcs-20000703/include/getopt.h
26 cc1plus
18 ../../../egcs-20000703/libobjc/objc/hash.h
18 ../../../../egcs-20000703/libobjc/objc/hash.h
10 ../../egcs-20000703/gcc/libgcc2.c
6 ../../egcs-20000703/gcc/mips-tfile.c
5 ../../egcs-20000703/gcc/scan-decls.c
5 ../../egcs-20000703/gcc/c-decl.c
4 ../../../egcs-20000703/libiberty/pexecute.c
4 ../../../../egcs-20000703/libiberty/pexecute.c
3 ../../egcs-20000703/gcc/gcc.c
3 ../../egcs-20000703/gcc/cpplex.c
3 ../../egcs-20000703/gcc/combine.c
2 ../../egcs-20000703/gcc/regrename.c
2 ../../egcs-20000703/gcc/config/alpha/alpha.c
2 ../../egcs-20000703/gcc/c-common.c
2 ../../../egcs-20000703/libobjc/selector.c
2 ../../../egcs-20000703/libobjc/objects.c
2 ../../../egcs-20000703/libobjc/archive.c
2 ../../../egcs-20000703/libiberty/getopt.c
2 ../../../../egcs-20000703/libobjc/selector.c
2 ../../../../egcs-20000703/libobjc/objects.c
2 ../../../../egcs-20000703/libobjc/archive.c
2 ../../../../egcs-20000703/libio/dbz/byteflip.c
2 ../../../../egcs-20000703/libiberty/getopt.c
1 /usr/local/lib/gcc-lib/alpha-dec-osf4.0e/2.95.2/include/va_list.h
1 /usr/local/lib/gcc-lib/alpha-dec-osf4.0e/2.95.2/include/va-alpha.h
1 ../../egcs-20000703/gcc/tree.c
1 ../../egcs-20000703/gcc/mips-tdump.c
1 ../../egcs-20000703/gcc/loop.c
1 ../../egcs-20000703/gcc/gcse.c
1 ../../egcs-20000703/gcc/fold-const.c
1 ../../egcs-20000703/gcc/convert.c
1 ../../egcs-20000703/gcc/collect2.c
1 ../../../egcs-20000703/libiberty/xexit.c
1 ../../../egcs-20000703/libiberty/vasprintf.c
1 ../../../egcs-20000703/libiberty/cp-demangle.c
1 ../../../egcs-20000703/libchill/concatstr.c
1 ../../../egcs-20000703/gcc/java/jcf-write.c
1 ../../../egcs-20000703/gcc/java/class.c
1 ../../../egcs-20000703/gcc/intl/localealias.c
1 ../../../egcs-20000703/gcc/intl/dcgettext.c
1 ../../../egcs-20000703/gcc/f/expr.c
1 ../../../egcs-20000703/gcc/f/com.c
1 ../../../egcs-20000703/gcc/cp/semantics.c
1 ../../../egcs-20000703/gcc/cp/error.c
1 ../../../egcs-20000703/gcc/cp/errfn.c
1 ../../../egcs-20000703/gcc/cp/cfns.h
1 ../../../../egcs-20000703/libio/dbz/fake.c
1 ../../../../egcs-20000703/libiberty/xexit.c
1 ../../../../egcs-20000703/libiberty/vasprintf.c
1 ../../../../egcs-20000703/libiberty/cp-demangle.c
1 ../../../../egcs-20000703/libchill/concatstr.c
Number of warning types:
97 function declaration isn't a prototype
61 implicit declaration of function \`???'
26 Ignoring command line option '-Wstrict-prototypes'
11 comparison between signed and unsigned
10 unused parameter \`???'
7 pointer targets in passing arg ??? of \`???' differ in signedness
6 variable \`???' might be clobbered by \`longjmp' or \`vfork'
6 \`???' might be used uninitialized in this function
3 passing arg ??? of \`???' from incompatible pointer type
2 trigraph ??/ ignored
2 signed and unsigned type in conditional expression
2 no previous prototype for \`???'
2 assignment makes pointer from integer without a cast
2 \`???' defined but not used
1 unused variable \`???'
1 trigraph ??= ignored
1 redefinition of \`???'
1 missing initializer
1 \`???' previously declared here
1 (near initialization for \`???')
More information about the Gcc-testresults
mailing list