Results for 2.96 20000704 (experimental) testsuite on i586-pc-linux-gnu
Andris Pavenis
andris@hal.astr.lu.lv
Tue Jul 4 21:22:00 GMT 2000
Source: gcc mainline from CVS (last updated 2000 Jul 05 01:01 +0200)
System: Linux kernel 2.4.0-test1-ac10
glibc-2.1.3
binutils-2.9.5.0.42
Addons: libg++-2.8.1.3-20000419
Native configuration is i586-pc-linux-gnu
=== libio tests ===
Running target unix
=== libio Summary ===
# of expected passes 40
=== libstdc++ tests ===
Running target unix
=== libstdc++ Summary ===
# of expected passes 30
=== libg++ tests ===
Running target unix
FAIL: tRandom.cc execution
=== libg++ Summary ===
# of expected passes 70
# of unexpected failures 1
# of expected failures 1
=== gcc tests ===
Running target unix
FAIL: gcc.c-torture/compile/930529-1.c, -O3 -fssa
FAIL: gcc.c-torture/execute/20000225-1.c execution, -O2
FAIL: gcc.c-torture/execute/20000225-1.c execution, -O3 -fomit-frame-pointer
FAIL: gcc.c-torture/execute/20000225-1.c execution, -O3 -fomit-frame-pointer -funroll-loops
FAIL: gcc.c-torture/execute/20000225-1.c execution, -O3 -fomit-frame-pointer -funroll-all-loops -finline-functions
FAIL: gcc.c-torture/execute/20000225-1.c execution, -O3 -g
FAIL: gcc.c-torture/execute/20000225-1.c execution, -O3 -fssa
FAIL: gcc.c-torture/execute/20000225-1.c execution, -Os
FAIL: gcc.c-torture/execute/20000412-2.c execution, -O2
FAIL: gcc.c-torture/execute/20000412-2.c execution, -O3 -fomit-frame-pointer
FAIL: gcc.c-torture/execute/20000412-2.c execution, -O3 -g
FAIL: gcc.c-torture/execute/20000412-2.c execution, -O3 -fssa
FAIL: gcc.c-torture/execute/20000412-2.c execution, -Os
FAIL: gcc.c-torture/execute/20000419-1.c execution, -O2
FAIL: gcc.c-torture/execute/20000419-1.c execution, -Os
FAIL: gcc.dg/20000503-1.c (test for excess errors)
FAIL: gcc.dg/20000609-1.c execution test
FAIL: gcc.dg/20000614-1.c (test for excess errors)
FAIL: gcc.dg/20000614-2.c execution test
FAIL: gcc.dg/991214-1.c (test for excess errors)
FAIL: gcc.dg/compare2.c case 10 (test for bogus messages, line 29)
FAIL: gcc.dg/noreturn-1.c this function should not get any warnings (test for bogus messages, line 52)
FAIL: gcc.dg/noreturn-1.c detect return from tail call (test for warnings, line 59)
FAIL: gcc.dg/noreturn-2.c noreturn does return (test for bogus messages, line 12)
FAIL: gcc.misc-tests/mg.c
=== gcc Summary ===
# of expected passes 11139
# of unexpected failures 25
# of expected failures 29
# of unsupported tests 14
/disk2/cvs/egcs-curr/build/build.lnx/gcc/xgcc version 2.96 20000704 (experimental)
=== g++ tests ===
Running target unix
FAIL: g++.eh/spec6.C (test for excess errors)
FAIL: g++.ext/instantiate1.C not instantiated (test for errors, line 18)
FAIL: g++.ext/instantiate1.C not instantiated (test for errors, line 20)
FAIL: g++.mike/thunk2.C (test for excess errors)
FAIL: g++.mike/thunk3.C (test for excess errors)
FAIL: g++.other/headers1.C (test for excess errors)
FAIL: g++.other/initstring.C (test for excess errors)
FAIL: g++.other/rtti3.C (test for excess errors)
FAIL: g++.other/rttid3.C (test for excess errors)
=== g++ Summary ===
# of expected passes 5937
# of unexpected failures 9
# of expected failures 93
# of untested testcases 8
/disk2/cvs/egcs-curr/build/build.lnx/gcc/testsuite/../g++ version 2.96 20000704 (experimental)
=== g77 tests ===
Running target unix
FAIL: g77.f-torture/compile/20000629-1.f, -O2 -fomit-frame-pointer -finline-functions -funroll-loops
FAIL: g77.f-torture/compile/20000629-1.f, -O2 -fomit-frame-pointer -finline-functions -funroll-all-loops
FAIL: g77.f-torture/execute/short.f execution, -Os
=== g77 Summary ===
# of expected passes 964
# of unexpected failures 3
# of expected failures 9
=== objc tests ===
Running target unix
=== objc Summary ===
# of expected passes 40
/disk2/cvs/egcs-curr/build/build.lnx/gcc/xgcc version 2.96 20000704 (experimental)
Compiler version: 2.96 20000704 (experimental)
Platform: i586-pc-linux-gnu
configure flags: --host=i586-pc-linux --prefix=/usr --enable-shared --with-gnu-ld --verbose
Counting all warnings,
there are 257 warnings in stage3 of this bootstrap.
Number of warnings per file:
90 ../../egcs/gcc/regclass.c
33 ../../egcs/gcc/reload1.c
30 ../../egcs/gcc/combine.c
13 cc1plus
13 ../../egcs/gcc/expr.c
10 ../../egcs/gcc/reg-stack.c
6 ../../egcs/gcc/reload.c
5 ../../egcs/gcc/cse.c
5 ../../egcs/gcc/collect2.c
4 ../../egcs/gcc/libgcc2.c
3 ../../egcs/include/demangle.h
3 ../../egcs/gcc/regrename.c
3 ../../egcs/gcc/cpplex.c
2 ../../egcs/gcc/regmove.c
2 ../../egcs/gcc/ifcvt.c
2 ../../egcs/gcc/gcc.c
2 ../../egcs/gcc/function.c
2 ../../egcs/gcc/fold-const.c
2 ../../egcs/gcc/config/i386/i386.c
2 ../../egcs/gcc/calls.c
2 ../../egcs/gcc/alias.c
2 ../../../egcs/gcc/java/jcf-write.c
2 ../../../egcs/gcc/intl/dcgettext.c
2 ../../../egcs/gcc/f/com.c
2 ../../../egcs/gcc/cp/class.c
2 ../../../egcs/gcc/ch/lang.c
1 ../../egcs/gcc/loop.c
1 ../../egcs/gcc/gcse.c
1 ../../egcs/gcc/expmed.c
1 ../../egcs/gcc/dwarfout.c
1 ../../egcs/gcc/c-common.c
1 ../../egcs/gcc/bb-reorder.c
1 ../../../egcs/gcc/java/lang.c
1 ../../../egcs/gcc/java/decl.c
1 ../../../egcs/gcc/java/class.c
1 ../../../egcs/gcc/f/expr.c
1 ../../../egcs/gcc/cp/error.c
1 ../../../egcs/gcc/cp/errfn.c
1 ../../../egcs/gcc/cp/cfns.h
Number of warning types:
136 signed and unsigned type in conditional expression
66 comparison between signed and unsigned
13 Ignoring command line option '-Wstrict-prototypes'
12 `???' might be used uninitialized in this function
6 function declaration isn't a prototype
5 `???' in identifier
4 unused parameter `???'
3 no previous prototype for `???'
3 comma at end of enumerator list
2 trigraph ??/ ignored
2 passing arg ??? of `???' from incompatible pointer type
2 empty body in an if-statement
1 trigraph ??= ignored
1 pointer targets in passing arg ??? of `???' differ in signedness
1 passing arg ??? of `???' discards qualifiers from pointer target type
More information about the Gcc-testresults
mailing list