Results for 2.96 20000703 (experimental) testsuite on alphaev6-dec-osf4.0f
Alexandre Oliva
oliva@ic.unicamp.br
Tue Jul 4 00:18:00 GMT 2000
Native configuration is alphaev6-dec-osf4.0f
=== binutils tests ===
Running target unix
=== binutils Summary ===
# of expected passes 17
# of expected failures 3
# of untested testcases 6
=== g++ tests ===
Running target unix
FAIL: g++.eh/badalloc1.C Execution test
FAIL: g++.ext/instantiate1.C not instantiated (test for errors, line 18)
FAIL: g++.ext/instantiate1.C not instantiated (test for errors, line 20)
FAIL: g++.ext/instantiate2.C not instantiated (test for errors, line 16)
FAIL: g++.ext/instantiate3.C not instantiated (test for errors, line 13)
FAIL: g++.other/crash18.C caused compiler crash
FAIL: g++.other/initstring.C (test for excess errors)
=== g++ Summary ===
# of expected passes 5917
# of unexpected failures 7
# of expected failures 97
# of untested testcases 18
/l/dsk8h/tmp/egcs/gcc/testsuite/../g++ version 2.96 20000703 (experimental)
=== g77 tests ===
Running target unix
=== g77 Summary ===
# of expected passes 967
# of expected failures 9
=== gcc tests ===
Running target unix
FAIL: gcc.c-torture/compile/920501-18.c, -O3 -fssa
FAIL: gcc.c-torture/execute/ieee/20000320-1.c execution, -O0
FAIL: gcc.c-torture/execute/ieee/20000320-1.c execution, -O1
FAIL: gcc.c-torture/execute/ieee/20000320-1.c execution, -O2
FAIL: gcc.c-torture/execute/ieee/20000320-1.c execution, -O3 -fomit-frame-pointer
FAIL: gcc.c-torture/execute/ieee/20000320-1.c execution, -O3 -g
FAIL: gcc.c-torture/execute/ieee/20000320-1.c execution, -O3 -fssa
FAIL: gcc.c-torture/execute/ieee/20000320-1.c execution, -Os
FAIL: gcc.c-torture/execute/ieee/fp-cmp-2.c execution, -O0
FAIL: gcc.c-torture/execute/ieee/fp-cmp-2.c execution, -O1
FAIL: gcc.c-torture/execute/ieee/fp-cmp-2.c execution, -O2
FAIL: gcc.c-torture/execute/ieee/fp-cmp-2.c execution, -O3 -fomit-frame-pointer
FAIL: gcc.c-torture/execute/ieee/fp-cmp-2.c execution, -O3 -fomit-frame-pointer -funroll-loops
FAIL: gcc.c-torture/execute/ieee/fp-cmp-2.c execution, -O3 -fomit-frame-pointer -funroll-all-loops -finline-functions
FAIL: gcc.c-torture/execute/ieee/fp-cmp-2.c execution, -O3 -g
FAIL: gcc.c-torture/execute/ieee/fp-cmp-2.c execution, -O3 -fssa
FAIL: gcc.c-torture/execute/ieee/fp-cmp-2.c execution, -Os
FAIL: gcc.c-torture/execute/ieee/fp-cmp-4.c execution, -O0
FAIL: gcc.c-torture/execute/ieee/fp-cmp-4.c execution, -O1
FAIL: gcc.c-torture/execute/ieee/fp-cmp-4.c execution, -O2
FAIL: gcc.c-torture/execute/ieee/fp-cmp-4.c execution, -O3 -fomit-frame-pointer
FAIL: gcc.c-torture/execute/ieee/fp-cmp-4.c execution, -O3 -fomit-frame-pointer -funroll-loops
FAIL: gcc.c-torture/execute/ieee/fp-cmp-4.c execution, -O3 -fomit-frame-pointer -funroll-all-loops -finline-functions
FAIL: gcc.c-torture/execute/ieee/fp-cmp-4.c execution, -O3 -g
FAIL: gcc.c-torture/execute/ieee/fp-cmp-4.c execution, -O3 -fssa
FAIL: gcc.c-torture/execute/ieee/fp-cmp-4.c execution, -Os
FAIL: gcc.c-torture/execute/ieee/mzero2.c execution, -O0
FAIL: gcc.c-torture/execute/ieee/mzero2.c execution, -O1
FAIL: gcc.c-torture/execute/ieee/mzero2.c execution, -O2
FAIL: gcc.c-torture/execute/ieee/mzero2.c execution, -O3 -fomit-frame-pointer
FAIL: gcc.c-torture/execute/ieee/mzero2.c execution, -O3 -g
FAIL: gcc.c-torture/execute/ieee/mzero2.c execution, -O3 -fssa
FAIL: gcc.c-torture/execute/ieee/mzero2.c execution, -Os
XPASS: gcc.c-torture/execute/memcheck/blkarg.c execution, -O0
XPASS: gcc.c-torture/execute/memcheck/blkarg.c execution, -O1
XPASS: gcc.c-torture/execute/memcheck/blkarg.c execution, -O2
XPASS: gcc.c-torture/execute/memcheck/blkarg.c execution, -Os
FAIL: gcc.dg/20000419-2.c (test for excess errors)
FAIL: gcc.dg/compare2.c case 10 (test for bogus messages, line 29)
FAIL: gcc.dg/noreturn-1.c this function should not get any warnings (test for bogus messages, line 52)
FAIL: gcc.dg/noreturn-1.c detect return from tail call (test for warnings, line 59)
FAIL: gcc.dg/noncompile/920923-1.c (test for excess errors)
FAIL: gcc.dg/special/weak-1.c (test for excess errors)
FAIL: gcc.dg/special/weak-2.c (test for excess errors)
FAIL: wkali-2a.o
=== gcc Summary ===
# of expected passes 11419
# of unexpected failures 41
# of unexpected successes 4
# of expected failures 30
# of unsupported tests 38
/l/dsk8h/tmp/egcs/gcc/xgcc version 2.96 20000703 (experimental)
=== libg++ tests ===
Running target unix
FAIL: tBag.cc compilation
FAIL: tDeque.cc compilation
FAIL: tMap.cc compilation
FAIL: tPQ.cc compilation
FAIL: tPlex.cc compilation
FAIL: tQueue.cc compilation
FAIL: tSet.cc compilation
FAIL: tStack.cc compilation
=== libg++ Summary ===
# of expected passes 48
# of unexpected failures 8
# of expected failures 16
=== libio tests ===
Running target unix
=== libio Summary ===
# of expected passes 40
=== libstdc++ tests ===
Running target unix
=== libstdc++ Summary ===
# of expected passes 30
=== objc tests ===
Running target unix
=== objc Summary ===
# of expected passes 40
/l/dsk8h/tmp/egcs/gcc/xgcc version 2.96 20000703 (experimental)
Compiler version: 2.96 20000703 (experimental)
Platform: alphaev6-dec-osf4.0f
BOOT_CFLAGS: -g -O9 -W -Wall
Counting all warnings,
there are 597 warnings in stage3 of this bootstrap.
Number of warnings per file:
284 /home/lsd/oliva/src/egcs/gcc/f/intdoc.in
86 /home/lsd/oliva/src/egcs/include/getopt.h
40 /home/lsd/oliva/src/egcs/librx/rx.c
36 /home/lsd/oliva/src/egcs/libobjc/objc/hash.h
26 cc1plus
12 configure
12 /home/lsd/oliva/src/egcs/gcc/libgcc2.c
8 /home/lsd/oliva/src/egcs/librx/rx.h
8 /home/lsd/oliva/src/egcs/gcc/mips-tfile.c
6 Makefile
5 /home/lsd/oliva/src/egcs/gcc/scan-decls.c
5 /home/lsd/oliva/src/egcs/gcc/c-decl.c
4 /home/lsd/oliva/src/egcs/libobjc/selector.c
4 /home/lsd/oliva/src/egcs/libobjc/objects.c
4 /home/lsd/oliva/src/egcs/libobjc/archive.c
4 /home/lsd/oliva/src/egcs/libiberty/getopt.c
4 /home/lsd/oliva/src/egcs/libg++/src/AllocRing.cc
3 /home/lsd/oliva/src/egcs/gcc/gcc.c
3 /home/lsd/oliva/src/egcs/gcc/cpplex.c
3 /home/lsd/oliva/src/egcs/gcc/combine.c
2 f/intdoc.h0
2 /home/lsd/oliva/src/egcs/libiberty/xexit.c
2 /home/lsd/oliva/src/egcs/libiberty/vasprintf.c
2 /home/lsd/oliva/src/egcs/libiberty/cp-demangle.c
2 /home/lsd/oliva/src/egcs/libffi/src/java_raw_api.c
2 /home/lsd/oliva/src/egcs/libchill/concatstr.c
2 /home/lsd/oliva/src/egcs/gcc/regrename.c
2 /home/lsd/oliva/src/egcs/gcc/config/alpha/alpha.c
2 /home/lsd/oliva/src/egcs/gcc/collect2.c
2 /home/lsd/oliva/src/egcs/gcc/c-common.c
2 /home/lsd/oliva/src/egcs/boehm-gc/mark_rts.c
1 cxxmain.c
1 /home/lsd/oliva/src/egcs/gcc/tree.c
1 /home/lsd/oliva/src/egcs/gcc/rtl.c
1 /home/lsd/oliva/src/egcs/gcc/mips-tdump.c
1 /home/lsd/oliva/src/egcs/gcc/loop.c
1 /home/lsd/oliva/src/egcs/gcc/java/jcf-write.c
1 /home/lsd/oliva/src/egcs/gcc/java/class.c
1 /home/lsd/oliva/src/egcs/gcc/intl/localealias.c
1 /home/lsd/oliva/src/egcs/gcc/intl/dcgettext.c
1 /home/lsd/oliva/src/egcs/gcc/gcse.c
1 /home/lsd/oliva/src/egcs/gcc/fold-const.c
1 /home/lsd/oliva/src/egcs/gcc/f/expr.c
1 /home/lsd/oliva/src/egcs/gcc/f/com.c
1 /home/lsd/oliva/src/egcs/gcc/cp/semantics.c
1 /home/lsd/oliva/src/egcs/gcc/cp/error.c
1 /home/lsd/oliva/src/egcs/gcc/cp/errfn.c
1 /home/lsd/oliva/src/egcs/gcc/cp/cfns.h
1 /home/lsd/oliva/src/egcs/gcc/convert.c
Number of warning types:
284 Use of ANSI string concatenation
97 function declaration isn't a prototype
60 implicit declaration of function `???'
36 cast to pointer from integer of different size
26 Ignoring command line option '-Wstrict-prototypes'
11 comparison between signed and unsigned
10 unused parameter `???'
8 comparison of distinct pointer types lacks a cast
8 ***********************************************************
7 pointer targets in passing arg ??? of `???' differ in signedness
7 `noreturn' function does return
4 deleting `???' is undefined
4 cast from pointer to integer of different size
4 `???' might be used uninitialized in this function
3 passing arg ??? of `???' from incompatible pointer type
3 overriding commands for target `???'
3 ignoring old commands for target `???'
2 trigraph ??/ ignored
2 then use the most recent one - libffi-1.20.
2 signed and unsigned type in conditional expression
2 no previous prototype for `???'
2 function returns address of local variable
2 assignment makes pointer from integer without a cast
2 `???' defined but not used
2 This is beta code. If you're looking for a stable release
2 # followed by integer
1 unused variable `???'
1 trigraph ??= ignored
1 missing initializer
1 (near initialization for `???')
More information about the Gcc-testresults
mailing list